{"id":8193,"date":"2025-06-11T10:58:23","date_gmt":"2025-06-11T08:58:23","guid":{"rendered":"https:\/\/www.drewnianamagia.pl\/?post_type=product&#038;p=8193"},"modified":"2025-06-23T16:03:15","modified_gmt":"2025-06-23T14:03:15","slug":"statuetka-na-dzien-ojca-z-grawerem-prezent-z-dedykacja","status":"publish","type":"product","link":"https:\/\/www.drewnianamagia.pl\/index.php\/produkt\/statuetka-na-dzien-ojca-z-grawerem-prezent-z-dedykacja\/","title":{"rendered":"Statuetka na Dzie\u0144 Ojca z grawerem \u2013 prezent z dedykacj\u0105"},"content":{"rendered":"<h1 style=\"text-align: center;\"><strong>Statuetka na Dzie\u0144 Ojca z grawerem \u2013 prezent z dedykacj\u0105<\/strong><\/h1>\n<h3 data-start=\"447\" data-end=\"518\">\ud83d\udc68\u200d\ud83d\udc67\u200d\ud83d\udc66 <strong data-start=\"460\" data-end=\"518\">Prezent na Dzie\u0144 Ojca, kt\u00f3ry wzrusza i zostaje na lata<\/strong><\/h3>\n<p data-start=\"520\" data-end=\"746\">Szukasz wyj\u0105tkowego prezentu, kt\u00f3ry powie wi\u0119cej ni\u017c tysi\u0105c s\u0142\u00f3w? Nasza <strong data-start=\"592\" data-end=\"635\">du\u017ca statuetka z grawerem na Dzie\u0144 Ojca<\/strong> to co\u015b wi\u0119cej ni\u017c ozdoba \u2013 to <strong data-start=\"666\" data-end=\"687\">osobista pami\u0105tka<\/strong>, kt\u00f3ra wywo\u0142a wzruszenie i u\u015bmiech na twarzy ka\u017cdego Taty.<\/p>\n<p data-start=\"748\" data-end=\"953\">Statuetka wykonana jest z <strong data-start=\"774\" data-end=\"822\">naturalnej sklejki o grubo\u015bci ok 3 mm<\/strong>, wycinana i grawerowana z najwy\u017csz\u0105 precyzj\u0105, r\u0119cznie szlifowana. Dzi\u0119ki eleganckiemu wygl\u0105dowi \u015bwietnie prezentuje si\u0119 na p\u00f3\u0142ce, komodzie lub biurku.<\/p>\n<h3 data-start=\"1429\" data-end=\"1455\">\ud83c\udf81 <strong data-start=\"1436\" data-end=\"1455\">Dlaczego warto?<\/strong><\/h3>\n<ul data-start=\"1456\" data-end=\"1671\">\n<li data-start=\"1456\" data-end=\"1491\">\n<p data-start=\"1458\" data-end=\"1491\">Du\u017cy rozmiar \u2013 a\u017c 37 cm wysoko\u015bci<\/p>\n<\/li>\n<li data-start=\"1492\" data-end=\"1546\">\n<p data-start=\"1494\" data-end=\"1546\">Idealny na Dzie\u0144 Ojca \u2013 emocjonalny i trwa\u0142y prezent<\/p>\n<\/li>\n<li data-start=\"1547\" data-end=\"1584\">\n<p data-start=\"1549\" data-end=\"1584\">Naturalne drewno i r\u0119czne wykonanie<\/p>\n<\/li>\n<li data-start=\"1585\" data-end=\"1620\">\n<p data-start=\"1587\" data-end=\"1620\">Pami\u0105tka, kt\u00f3ra zostaje na lata<\/p>\n<\/li>\n<li data-start=\"1621\" data-end=\"1671\">\n<p data-start=\"1623\" data-end=\"1671\">Personalizowany tekst \u2013 imi\u0119, dedykacja i podpis<\/p>\n<\/li>\n<\/ul>\n<h3 data-start=\"1678\" data-end=\"1729\">\ud83d\udcac <strong data-start=\"1685\" data-end=\"1727\">Poka\u017c Tacie, jak bardzo Ci\u0119 inspiruje.<\/strong><\/h3>\n<hr \/>\n<p><span style=\"color: #ff0000;\"><strong>PERSONALIZACJA:<\/strong><\/span><\/p>\n<p>W opisie personalizacji podaj dane jakie maj\u0105 zosta\u0107 wygrawerowane:<\/p>\n<ul>\n<li data-start=\"995\" data-end=\"1040\">\n<p data-start=\"997\" data-end=\"1040\"><strong data-start=\"997\" data-end=\"1010\">Imi\u0119 Taty<\/strong> (np. \u201eJUREK\u201d)<\/p>\n<\/li>\n<li data-start=\"995\" data-end=\"1040\">\n<p data-start=\"997\" data-end=\"1040\"><strong data-start=\"1043\" data-end=\"1056\">Dedykacj\u0119<\/strong> (np. \u201eWszystkiego co najlepsze z okazji dnia Ojca\u201d)<\/p>\n<\/li>\n<li data-start=\"1091\" data-end=\"1150\">\n<p data-start=\"1093\" data-end=\"1150\"><strong data-start=\"1093\" data-end=\"1121\">Podpis osoby wr\u0119czaj\u0105cej<\/strong> (np. \u201eAgusia\u201d)<\/p>\n<\/li>\n<\/ul>\n<p>&nbsp;<\/p>\n<p>&nbsp;<\/p>\n<hr \/>\n<p><span style=\"color: #ff0000;\"><strong>SPECYFIKACJA:<\/strong><\/span><\/p>\n<ul>\n<li data-start=\"1188\" data-end=\"1211\">\n<p data-start=\"1190\" data-end=\"1211\"><strong data-start=\"1190\" data-end=\"1203\">Wysoko\u015b\u0107:<\/strong> 37 cm<\/p>\n<\/li>\n<li data-start=\"1212\" data-end=\"1236\">\n<p data-start=\"1214\" data-end=\"1236\"><strong data-start=\"1214\" data-end=\"1228\">Szeroko\u015b\u0107:<\/strong> 17 cm<\/p>\n<\/li>\n<li data-start=\"1237\" data-end=\"1261\">\n<p data-start=\"1239\" data-end=\"1261\"><strong data-start=\"1239\" data-end=\"1253\">G\u0142\u0119boko\u015b\u0107:<\/strong> 16 cm<\/p>\n<\/li>\n<li data-start=\"1262\" data-end=\"1303\">\n<p data-start=\"1264\" data-end=\"1303\"><strong data-start=\"1264\" data-end=\"1277\">Materia\u0142:<\/strong> sklejka drewniana klasy pierwszej (3 mm)<\/p>\n<\/li>\n<li data-start=\"1304\" data-end=\"1346\">\n<p data-start=\"1306\" data-end=\"1346\"><strong data-start=\"1306\" data-end=\"1319\">Technika:<\/strong> ci\u0119cie i grawer laserowy, r\u0119cznie szlifowane<\/p>\n<\/li>\n<li data-start=\"1304\" data-end=\"1346\">Produkt do samodzielnego z\u0142o\u017cenia<\/li>\n<li data-start=\"1304\" data-end=\"1346\">Grawer jednostronny<\/li>\n<\/ul>\n<hr \/>\n<p><span style=\"color: #ff0000;\"><strong>POZOSTA\u0141E INFORMACJE:<\/strong><\/span><\/p>\n<p>Kolory mog\u0105 si\u0119 nieznacznie r\u00f3\u017cni\u0107 od tych widocznych na ekranie &#8211; wynika to z ustawie\u0144 konkretnego ekranu a tak\u017ce ze specyfikacji materia\u0142u z kt\u00f3rego produkt zostanie wykonany. Drewno to naturalny surowiec i r\u00f3\u017cni si\u0119 struktur\u0105, barw\u0105 oraz u\u0142o\u017ceniem s\u0142oj\u00f3w, co r\u00f3wnie\u017c ma wp\u0142yw na sam\u0105 barw\u0119 graweru.<\/p>\n","protected":false},"excerpt":{"rendered":"<p>Statuetka na Dzie\u0144 Ojca z grawerem \u2013 prezent z dedykacj\u0105 \ud83d\udc68\u200d\ud83d\udc67\u200d\ud83d\udc66 Prezent na Dzie\u0144 Ojca, kt\u00f3ry wzrusza i zostaje na lata Szukasz wyj\u0105tkowego prezentu, kt\u00f3ry powie wi\u0119cej ni\u017c tysi\u0105c s\u0142\u00f3w? Nasza du\u017ca statuetka z grawerem na Dzie\u0144 Ojca to co\u015b wi\u0119cej ni\u017c ozdoba \u2013 to osobista pami\u0105tka, kt\u00f3ra wywo\u0142a wzruszenie i u\u015bmiech na twarzy ka\u017cdego [&hellip;]<\/p>\n","protected":false},"featured_media":8187,"comment_status":"open","ping_status":"closed","template":"","meta":{"_acf_changed":false},"product_brand":[180],"product_cat":[49,100,92,148],"product_tag":[196,201,194,202,198,195,192,197,199,200,193],"class_list":{"0":"post-8193","1":"product","2":"type-product","3":"status-publish","4":"has-post-thumbnail","6":"product_brand-drewniana-magia","7":"product_cat-dekoracje","8":"product_cat-dzien-matki-dzien-ojca","9":"product_cat-gadzety","10":"product_cat-statuetki","11":"product_tag-drewniana-statuetka","12":"product_tag-dzien-ojca-2025","13":"product_tag-grawer-dla-taty","14":"product_tag-grawer-laserowy","15":"product_tag-pamiatka-dla-taty","16":"product_tag-personalizowany-prezent","17":"product_tag-prezent-na-dzien-ojca","18":"product_tag-prezent-z-dedykacja","19":"product_tag-prezent-z-imieniem","20":"product_tag-prezent-z-podpisem","21":"product_tag-statuetka-dla-taty","23":"first","24":"instock","25":"taxable","26":"shipping-taxable","27":"purchasable","28":"product-type-simple"},"acf":[],"yoast_head":"<!-- This site is optimized with the Yoast SEO plugin v27.5 - https:\/\/yoast.com\/product\/yoast-seo-wordpress\/ -->\n<title>Statuetka na Dzie\u0144 Ojca z grawerem \u2013 prezent z dedykacj\u0105 - Drewniana Magia<\/title>\n<meta name=\"description\" content=\"Personalizowana statuetka na Dzie\u0144 Ojca z imieniem, dedykacj\u0105 i podpisem. Du\u017cy format, naturalne drewno, pami\u0105tka na lata. Zam\u00f3w ju\u017c dzi\u015b!\" \/>\n<meta name=\"robots\" content=\"index, follow, max-snippet:-1, max-image-preview:large, max-video-preview:-1\" \/>\n<link rel=\"canonical\" href=\"https:\/\/www.drewnianamagia.pl\/index.php\/produkt\/statuetka-na-dzien-ojca-z-grawerem-prezent-z-dedykacja\/\" \/>\n<meta property=\"og:locale\" content=\"pl_PL\" \/>\n<meta property=\"og:type\" content=\"article\" \/>\n<meta property=\"og:title\" content=\"Statuetka na Dzie\u0144 Ojca z grawerem \u2013 prezent z dedykacj\u0105 - Drewniana Magia\" \/>\n<meta property=\"og:description\" content=\"Personalizowana statuetka na Dzie\u0144 Ojca z imieniem, dedykacj\u0105 i podpisem. Du\u017cy format, naturalne drewno, pami\u0105tka na lata. Zam\u00f3w ju\u017c dzi\u015b!\" \/>\n<meta property=\"og:url\" content=\"https:\/\/www.drewnianamagia.pl\/index.php\/produkt\/statuetka-na-dzien-ojca-z-grawerem-prezent-z-dedykacja\/\" \/>\n<meta property=\"og:site_name\" content=\"Drewniana Magia\" \/>\n<meta property=\"article:publisher\" content=\"https:\/\/facebook.com\/BelasDrewnianaMagia\" \/>\n<meta property=\"article:modified_time\" content=\"2025-06-23T14:03:15+00:00\" \/>\n<meta property=\"og:image\" content=\"https:\/\/www.drewnianamagia.pl\/wp-content\/uploads\/2025\/06\/Statuetka-Puchar-personalizowana-01.jpg\" \/>\n\t<meta property=\"og:image:width\" content=\"2000\" \/>\n\t<meta property=\"og:image:height\" content=\"2000\" \/>\n\t<meta property=\"og:image:type\" content=\"image\/jpeg\" \/>\n<meta name=\"twitter:card\" content=\"summary_large_image\" \/>\n<meta name=\"twitter:label1\" content=\"Szacowany czas czytania\" \/>\n\t<meta name=\"twitter:data1\" content=\"2 minuty\" \/>\n<script type=\"application\/ld+json\" class=\"yoast-schema-graph\">{\"@context\":\"https:\\\/\\\/schema.org\",\"@graph\":[{\"@type\":\"WebPage\",\"@id\":\"https:\\\/\\\/www.drewnianamagia.pl\\\/index.php\\\/produkt\\\/statuetka-na-dzien-ojca-z-grawerem-prezent-z-dedykacja\\\/\",\"url\":\"https:\\\/\\\/www.drewnianamagia.pl\\\/index.php\\\/produkt\\\/statuetka-na-dzien-ojca-z-grawerem-prezent-z-dedykacja\\\/\",\"name\":\"Statuetka na Dzie\u0144 Ojca z grawerem \u2013 prezent z dedykacj\u0105 - Drewniana Magia\",\"isPartOf\":{\"@id\":\"https:\\\/\\\/www.drewnianamagia.pl\\\/#website\"},\"primaryImageOfPage\":{\"@id\":\"https:\\\/\\\/www.drewnianamagia.pl\\\/index.php\\\/produkt\\\/statuetka-na-dzien-ojca-z-grawerem-prezent-z-dedykacja\\\/#primaryimage\"},\"image\":{\"@id\":\"https:\\\/\\\/www.drewnianamagia.pl\\\/index.php\\\/produkt\\\/statuetka-na-dzien-ojca-z-grawerem-prezent-z-dedykacja\\\/#primaryimage\"},\"thumbnailUrl\":\"https:\\\/\\\/www.drewnianamagia.pl\\\/wp-content\\\/uploads\\\/2025\\\/06\\\/Statuetka-Puchar-personalizowana-01.jpg\",\"datePublished\":\"2025-06-11T08:58:23+00:00\",\"dateModified\":\"2025-06-23T14:03:15+00:00\",\"description\":\"Personalizowana statuetka na Dzie\u0144 Ojca z imieniem, dedykacj\u0105 i podpisem. Du\u017cy format, naturalne drewno, pami\u0105tka na lata. Zam\u00f3w ju\u017c dzi\u015b!\",\"breadcrumb\":{\"@id\":\"https:\\\/\\\/www.drewnianamagia.pl\\\/index.php\\\/produkt\\\/statuetka-na-dzien-ojca-z-grawerem-prezent-z-dedykacja\\\/#breadcrumb\"},\"inLanguage\":\"pl-PL\",\"potentialAction\":[{\"@type\":\"ReadAction\",\"target\":[\"https:\\\/\\\/www.drewnianamagia.pl\\\/index.php\\\/produkt\\\/statuetka-na-dzien-ojca-z-grawerem-prezent-z-dedykacja\\\/\"]}]},{\"@type\":\"ImageObject\",\"inLanguage\":\"pl-PL\",\"@id\":\"https:\\\/\\\/www.drewnianamagia.pl\\\/index.php\\\/produkt\\\/statuetka-na-dzien-ojca-z-grawerem-prezent-z-dedykacja\\\/#primaryimage\",\"url\":\"https:\\\/\\\/www.drewnianamagia.pl\\\/wp-content\\\/uploads\\\/2025\\\/06\\\/Statuetka-Puchar-personalizowana-01.jpg\",\"contentUrl\":\"https:\\\/\\\/www.drewnianamagia.pl\\\/wp-content\\\/uploads\\\/2025\\\/06\\\/Statuetka-Puchar-personalizowana-01.jpg\",\"width\":2000,\"height\":2000,\"caption\":\"Personalizowana statuetka na Dzie\u0144 Ojca z imieniem i dedykacj\u0105, wykonana z naturalnej sklejki\"},{\"@type\":\"BreadcrumbList\",\"@id\":\"https:\\\/\\\/www.drewnianamagia.pl\\\/index.php\\\/produkt\\\/statuetka-na-dzien-ojca-z-grawerem-prezent-z-dedykacja\\\/#breadcrumb\",\"itemListElement\":[{\"@type\":\"ListItem\",\"position\":1,\"name\":\"Strona g\u0142\u00f3wna\",\"item\":\"https:\\\/\\\/www.drewnianamagia.pl\\\/\"},{\"@type\":\"ListItem\",\"position\":2,\"name\":\"Sklep\",\"item\":\"https:\\\/\\\/www.drewnianamagia.pl\\\/index.php\\\/sklep-internetowy-drewnianamagia\\\/\"},{\"@type\":\"ListItem\",\"position\":3,\"name\":\"Statuetka na Dzie\u0144 Ojca z grawerem \u2013 prezent z dedykacj\u0105\"}]},{\"@type\":\"WebSite\",\"@id\":\"https:\\\/\\\/www.drewnianamagia.pl\\\/#website\",\"url\":\"https:\\\/\\\/www.drewnianamagia.pl\\\/\",\"name\":\"Drewniana Magia\",\"description\":\"Personalizowane prezenty i dekoracje z drewna i druku 3D, na ka\u017cd\u0105 okazj\u0119 i okoliczno\u015b\u0107. Urodziny, Chrzest, Przyj\u0119cie, \u015awi\u0119ta, \u015alub\",\"publisher\":{\"@id\":\"https:\\\/\\\/www.drewnianamagia.pl\\\/#organization\"},\"potentialAction\":[{\"@type\":\"SearchAction\",\"target\":{\"@type\":\"EntryPoint\",\"urlTemplate\":\"https:\\\/\\\/www.drewnianamagia.pl\\\/?s={search_term_string}\"},\"query-input\":{\"@type\":\"PropertyValueSpecification\",\"valueRequired\":true,\"valueName\":\"search_term_string\"}}],\"inLanguage\":\"pl-PL\"},{\"@type\":\"Organization\",\"@id\":\"https:\\\/\\\/www.drewnianamagia.pl\\\/#organization\",\"name\":\"Drewniana Magia\",\"url\":\"https:\\\/\\\/www.drewnianamagia.pl\\\/\",\"logo\":{\"@type\":\"ImageObject\",\"inLanguage\":\"pl-PL\",\"@id\":\"https:\\\/\\\/www.drewnianamagia.pl\\\/#\\\/schema\\\/logo\\\/image\\\/\",\"url\":\"https:\\\/\\\/www.drewnianamagia.pl\\\/wp-content\\\/uploads\\\/2024\\\/02\\\/cropped-LOGO-DrewnianaMagia-375x188-1.png\",\"contentUrl\":\"https:\\\/\\\/www.drewnianamagia.pl\\\/wp-content\\\/uploads\\\/2024\\\/02\\\/cropped-LOGO-DrewnianaMagia-375x188-1.png\",\"width\":374,\"height\":188,\"caption\":\"Drewniana Magia\"},\"image\":{\"@id\":\"https:\\\/\\\/www.drewnianamagia.pl\\\/#\\\/schema\\\/logo\\\/image\\\/\"},\"sameAs\":[\"https:\\\/\\\/facebook.com\\\/BelasDrewnianaMagia\"]}]}<\/script>\n<!-- \/ Yoast SEO plugin. -->","yoast_head_json":{"title":"Statuetka na Dzie\u0144 Ojca z grawerem \u2013 prezent z dedykacj\u0105 - Drewniana Magia","description":"Personalizowana statuetka na Dzie\u0144 Ojca z imieniem, dedykacj\u0105 i podpisem. Du\u017cy format, naturalne drewno, pami\u0105tka na lata. Zam\u00f3w ju\u017c dzi\u015b!","robots":{"index":"index","follow":"follow","max-snippet":"max-snippet:-1","max-image-preview":"max-image-preview:large","max-video-preview":"max-video-preview:-1"},"canonical":"https:\/\/www.drewnianamagia.pl\/index.php\/produkt\/statuetka-na-dzien-ojca-z-grawerem-prezent-z-dedykacja\/","og_locale":"pl_PL","og_type":"article","og_title":"Statuetka na Dzie\u0144 Ojca z grawerem \u2013 prezent z dedykacj\u0105 - Drewniana Magia","og_description":"Personalizowana statuetka na Dzie\u0144 Ojca z imieniem, dedykacj\u0105 i podpisem. Du\u017cy format, naturalne drewno, pami\u0105tka na lata. Zam\u00f3w ju\u017c dzi\u015b!","og_url":"https:\/\/www.drewnianamagia.pl\/index.php\/produkt\/statuetka-na-dzien-ojca-z-grawerem-prezent-z-dedykacja\/","og_site_name":"Drewniana Magia","article_publisher":"https:\/\/facebook.com\/BelasDrewnianaMagia","article_modified_time":"2025-06-23T14:03:15+00:00","og_image":[{"width":2000,"height":2000,"url":"https:\/\/www.drewnianamagia.pl\/wp-content\/uploads\/2025\/06\/Statuetka-Puchar-personalizowana-01.jpg","type":"image\/jpeg"}],"twitter_card":"summary_large_image","twitter_misc":{"Szacowany czas czytania":"2 minuty"},"schema":{"@context":"https:\/\/schema.org","@graph":[{"@type":"WebPage","@id":"https:\/\/www.drewnianamagia.pl\/index.php\/produkt\/statuetka-na-dzien-ojca-z-grawerem-prezent-z-dedykacja\/","url":"https:\/\/www.drewnianamagia.pl\/index.php\/produkt\/statuetka-na-dzien-ojca-z-grawerem-prezent-z-dedykacja\/","name":"Statuetka na Dzie\u0144 Ojca z grawerem \u2013 prezent z dedykacj\u0105 - Drewniana Magia","isPartOf":{"@id":"https:\/\/www.drewnianamagia.pl\/#website"},"primaryImageOfPage":{"@id":"https:\/\/www.drewnianamagia.pl\/index.php\/produkt\/statuetka-na-dzien-ojca-z-grawerem-prezent-z-dedykacja\/#primaryimage"},"image":{"@id":"https:\/\/www.drewnianamagia.pl\/index.php\/produkt\/statuetka-na-dzien-ojca-z-grawerem-prezent-z-dedykacja\/#primaryimage"},"thumbnailUrl":"https:\/\/www.drewnianamagia.pl\/wp-content\/uploads\/2025\/06\/Statuetka-Puchar-personalizowana-01.jpg","datePublished":"2025-06-11T08:58:23+00:00","dateModified":"2025-06-23T14:03:15+00:00","description":"Personalizowana statuetka na Dzie\u0144 Ojca z imieniem, dedykacj\u0105 i podpisem. Du\u017cy format, naturalne drewno, pami\u0105tka na lata. Zam\u00f3w ju\u017c dzi\u015b!","breadcrumb":{"@id":"https:\/\/www.drewnianamagia.pl\/index.php\/produkt\/statuetka-na-dzien-ojca-z-grawerem-prezent-z-dedykacja\/#breadcrumb"},"inLanguage":"pl-PL","potentialAction":[{"@type":"ReadAction","target":["https:\/\/www.drewnianamagia.pl\/index.php\/produkt\/statuetka-na-dzien-ojca-z-grawerem-prezent-z-dedykacja\/"]}]},{"@type":"ImageObject","inLanguage":"pl-PL","@id":"https:\/\/www.drewnianamagia.pl\/index.php\/produkt\/statuetka-na-dzien-ojca-z-grawerem-prezent-z-dedykacja\/#primaryimage","url":"https:\/\/www.drewnianamagia.pl\/wp-content\/uploads\/2025\/06\/Statuetka-Puchar-personalizowana-01.jpg","contentUrl":"https:\/\/www.drewnianamagia.pl\/wp-content\/uploads\/2025\/06\/Statuetka-Puchar-personalizowana-01.jpg","width":2000,"height":2000,"caption":"Personalizowana statuetka na Dzie\u0144 Ojca z imieniem i dedykacj\u0105, wykonana z naturalnej sklejki"},{"@type":"BreadcrumbList","@id":"https:\/\/www.drewnianamagia.pl\/index.php\/produkt\/statuetka-na-dzien-ojca-z-grawerem-prezent-z-dedykacja\/#breadcrumb","itemListElement":[{"@type":"ListItem","position":1,"name":"Strona g\u0142\u00f3wna","item":"https:\/\/www.drewnianamagia.pl\/"},{"@type":"ListItem","position":2,"name":"Sklep","item":"https:\/\/www.drewnianamagia.pl\/index.php\/sklep-internetowy-drewnianamagia\/"},{"@type":"ListItem","position":3,"name":"Statuetka na Dzie\u0144 Ojca z grawerem \u2013 prezent z dedykacj\u0105"}]},{"@type":"WebSite","@id":"https:\/\/www.drewnianamagia.pl\/#website","url":"https:\/\/www.drewnianamagia.pl\/","name":"Drewniana Magia","description":"Personalizowane prezenty i dekoracje z drewna i druku 3D, na ka\u017cd\u0105 okazj\u0119 i okoliczno\u015b\u0107. Urodziny, Chrzest, Przyj\u0119cie, \u015awi\u0119ta, \u015alub","publisher":{"@id":"https:\/\/www.drewnianamagia.pl\/#organization"},"potentialAction":[{"@type":"SearchAction","target":{"@type":"EntryPoint","urlTemplate":"https:\/\/www.drewnianamagia.pl\/?s={search_term_string}"},"query-input":{"@type":"PropertyValueSpecification","valueRequired":true,"valueName":"search_term_string"}}],"inLanguage":"pl-PL"},{"@type":"Organization","@id":"https:\/\/www.drewnianamagia.pl\/#organization","name":"Drewniana Magia","url":"https:\/\/www.drewnianamagia.pl\/","logo":{"@type":"ImageObject","inLanguage":"pl-PL","@id":"https:\/\/www.drewnianamagia.pl\/#\/schema\/logo\/image\/","url":"https:\/\/www.drewnianamagia.pl\/wp-content\/uploads\/2024\/02\/cropped-LOGO-DrewnianaMagia-375x188-1.png","contentUrl":"https:\/\/www.drewnianamagia.pl\/wp-content\/uploads\/2024\/02\/cropped-LOGO-DrewnianaMagia-375x188-1.png","width":374,"height":188,"caption":"Drewniana Magia"},"image":{"@id":"https:\/\/www.drewnianamagia.pl\/#\/schema\/logo\/image\/"},"sameAs":["https:\/\/facebook.com\/BelasDrewnianaMagia"]}]}},"_links":{"self":[{"href":"https:\/\/www.drewnianamagia.pl\/index.php\/wp-json\/wp\/v2\/product\/8193","targetHints":{"allow":["GET"]}}],"collection":[{"href":"https:\/\/www.drewnianamagia.pl\/index.php\/wp-json\/wp\/v2\/product"}],"about":[{"href":"https:\/\/www.drewnianamagia.pl\/index.php\/wp-json\/wp\/v2\/types\/product"}],"replies":[{"embeddable":true,"href":"https:\/\/www.drewnianamagia.pl\/index.php\/wp-json\/wp\/v2\/comments?post=8193"}],"wp:featuredmedia":[{"embeddable":true,"href":"https:\/\/www.drewnianamagia.pl\/index.php\/wp-json\/wp\/v2\/media\/8187"}],"wp:attachment":[{"href":"https:\/\/www.drewnianamagia.pl\/index.php\/wp-json\/wp\/v2\/media?parent=8193"}],"wp:term":[{"taxonomy":"product_brand","embeddable":true,"href":"https:\/\/www.drewnianamagia.pl\/index.php\/wp-json\/wp\/v2\/product_brand?post=8193"},{"taxonomy":"product_cat","embeddable":true,"href":"https:\/\/www.drewnianamagia.pl\/index.php\/wp-json\/wp\/v2\/product_cat?post=8193"},{"taxonomy":"product_tag","embeddable":true,"href":"https:\/\/www.drewnianamagia.pl\/index.php\/wp-json\/wp\/v2\/product_tag?post=8193"}],"curies":[{"name":"wp","href":"https:\/\/api.w.org\/{rel}","templated":true}]}}