{"id":8126,"date":"2025-06-09T13:07:58","date_gmt":"2025-06-09T11:07:58","guid":{"rendered":"https:\/\/www.drewnianamagia.pl\/?post_type=product&#038;p=8126"},"modified":"2025-06-09T13:26:54","modified_gmt":"2025-06-09T11:26:54","slug":"metryczka-serce-na-odcisk-sladu-stopek-lub-raczek-dziecka","status":"publish","type":"product","link":"https:\/\/www.drewnianamagia.pl\/index.php\/produkt\/metryczka-serce-na-odcisk-sladu-stopek-lub-raczek-dziecka\/","title":{"rendered":"Metryczka &#8211; serce na odcisk \u015bladu st\u00f3pek lub r\u0105czek dziecka"},"content":{"rendered":"<h1 style=\"text-align: center;\"><strong>Metryczka &#8211; serce<\/strong><\/h1>\n<p>Drewniane serce z wygrawerowanymi danymi dziecka (imi\u0119, data urodzenia, waga, wzrost) z przestrzeni\u0105 na odci\u015bni\u0119cie \u015bladu st\u00f3pek lub r\u0105czek dziecka. Produkt posiada dziurk\u0119 do zamocowania sznurka.<\/p>\n<p>Serce o szeroko\u015bci 17,5 cm<\/p>\n<hr \/>\n<p><span style=\"color: #ff0000;\"><strong>PERSONALIZACJA:<\/strong><\/span><\/p>\n<p>W opisie personalizacji podaj dane jakie mamy wygrawerowa\u0107 na sercu:<\/p>\n<ul>\n<li>Imi\u0119 dziecka<\/li>\n<li>Wzrost (w cm)<\/li>\n<li>Waga (w gramach)<\/li>\n<li>Data i godzina urodzenia<\/li>\n<\/ul>\n<p>Produkt mo\u017cemy wykona\u0107 bez dziurki &#8211; dodaj tak\u0105 informacj\u0119 je\u015bli jej nie chcesz.<\/p>\n<p>&nbsp;<\/p>\n<hr \/>\n<p><span style=\"color: #ff0000;\"><strong>SPECYFIKACJA:<\/strong><\/span><\/p>\n<ul>\n<li>Materia\u0142: wysokiej jako\u015bci sklejka drewniana o grubo\u015bci ok. 3mm<\/li>\n<li>Produkt r\u0119cznie szlifowany<\/li>\n<li>Szeroko\u015b\u0107: 175 mm<\/li>\n<li>Wysoko\u015b\u0107: 153 mm<\/li>\n<\/ul>\n<hr \/>\n<p><span style=\"color: #ff0000;\"><strong>POZOSTA\u0141E INFORMACJE:<\/strong><\/span><\/p>\n<p>Zdj\u0119cie g\u0142\u00f3wne produktu jest komputerow\u0105 wizualizacj\u0105 gotowego produktu. Kolory mog\u0105 si\u0119 nieznacznie r\u00f3\u017cni\u0107 od tych widocznych na ekranie &#8211; wynika to z ustawie\u0144 konkretnego ekranu a tak\u017ce ze specyfikacji materia\u0142u z kt\u00f3rego produkt zostanie wykonany. Drewno to naturalny surowiec i r\u00f3\u017cni si\u0119 struktur\u0105, barw\u0105 oraz u\u0142o\u017ceniem s\u0142oj\u00f3w, co r\u00f3wnie\u017c ma wp\u0142yw na sam\u0105 barw\u0119 graweru.<\/p>\n","protected":false},"excerpt":{"rendered":"<p>Metryczka &#8211; serce Drewniane serce z wygrawerowanymi danymi dziecka (imi\u0119, data urodzenia, waga, wzrost) z przestrzeni\u0105 na odci\u015bni\u0119cie \u015bladu st\u00f3pek lub r\u0105czek dziecka. Produkt posiada dziurk\u0119 do zamocowania sznurka. Serce o szeroko\u015bci 17,5 cm PERSONALIZACJA: W opisie personalizacji podaj dane jakie mamy wygrawerowa\u0107 na sercu: Imi\u0119 dziecka Wzrost (w cm) Waga (w gramach) Data i [&hellip;]<\/p>\n","protected":false},"featured_media":8120,"comment_status":"open","ping_status":"closed","template":"","meta":{"_acf_changed":false},"product_brand":[180],"product_cat":[106],"product_tag":[54],"class_list":{"0":"post-8126","1":"product","2":"type-product","3":"status-publish","4":"has-post-thumbnail","6":"product_brand-drewniana-magia","7":"product_cat-narodziny-dziecka","8":"product_tag-personalizacja","10":"first","11":"instock","12":"taxable","13":"shipping-taxable","14":"purchasable","15":"product-type-simple"},"acf":[],"yoast_head":"<!-- This site is optimized with the Yoast SEO plugin v27.5 - https:\/\/yoast.com\/product\/yoast-seo-wordpress\/ -->\n<title>Metryczka - serce na odcisk \u015bladu st\u00f3pek lub r\u0105czek dziecka - Drewniana Magia<\/title>\n<meta name=\"description\" content=\"Drewniana metryczka w kszta\u0142cie serca z przestrzeni\u0105 na odci\u015bni\u0119cie \u015bladu r\u0105czek lub st\u00f3pek dziecka. Personalizowana, r\u0119cznie szlifowana.\" \/>\n<meta name=\"robots\" content=\"index, follow, max-snippet:-1, max-image-preview:large, max-video-preview:-1\" \/>\n<link rel=\"canonical\" href=\"https:\/\/www.drewnianamagia.pl\/index.php\/produkt\/metryczka-serce-na-odcisk-sladu-stopek-lub-raczek-dziecka\/\" \/>\n<meta property=\"og:locale\" content=\"pl_PL\" \/>\n<meta property=\"og:type\" content=\"article\" \/>\n<meta property=\"og:title\" content=\"Metryczka - serce na odcisk \u015bladu st\u00f3pek lub r\u0105czek dziecka - Drewniana Magia\" \/>\n<meta property=\"og:description\" content=\"Drewniana metryczka w kszta\u0142cie serca z przestrzeni\u0105 na odci\u015bni\u0119cie \u015bladu r\u0105czek lub st\u00f3pek dziecka. Personalizowana, r\u0119cznie szlifowana.\" \/>\n<meta property=\"og:url\" content=\"https:\/\/www.drewnianamagia.pl\/index.php\/produkt\/metryczka-serce-na-odcisk-sladu-stopek-lub-raczek-dziecka\/\" \/>\n<meta property=\"og:site_name\" content=\"Drewniana Magia\" \/>\n<meta property=\"article:publisher\" content=\"https:\/\/facebook.com\/BelasDrewnianaMagia\" \/>\n<meta property=\"article:modified_time\" content=\"2025-06-09T11:26:54+00:00\" \/>\n<meta property=\"og:image\" content=\"https:\/\/www.drewnianamagia.pl\/wp-content\/uploads\/2025\/06\/metryczka-serce-.jpg\" \/>\n\t<meta property=\"og:image:width\" content=\"2067\" \/>\n\t<meta property=\"og:image:height\" content=\"2067\" \/>\n\t<meta property=\"og:image:type\" content=\"image\/jpeg\" \/>\n<meta name=\"twitter:card\" content=\"summary_large_image\" \/>\n<meta name=\"twitter:label1\" content=\"Szacowany czas czytania\" \/>\n\t<meta name=\"twitter:data1\" content=\"2 minuty\" \/>\n<script type=\"application\/ld+json\" class=\"yoast-schema-graph\">{\"@context\":\"https:\\\/\\\/schema.org\",\"@graph\":[{\"@type\":\"WebPage\",\"@id\":\"https:\\\/\\\/www.drewnianamagia.pl\\\/index.php\\\/produkt\\\/metryczka-serce-na-odcisk-sladu-stopek-lub-raczek-dziecka\\\/\",\"url\":\"https:\\\/\\\/www.drewnianamagia.pl\\\/index.php\\\/produkt\\\/metryczka-serce-na-odcisk-sladu-stopek-lub-raczek-dziecka\\\/\",\"name\":\"Metryczka - serce na odcisk \u015bladu st\u00f3pek lub r\u0105czek dziecka - Drewniana Magia\",\"isPartOf\":{\"@id\":\"https:\\\/\\\/www.drewnianamagia.pl\\\/#website\"},\"primaryImageOfPage\":{\"@id\":\"https:\\\/\\\/www.drewnianamagia.pl\\\/index.php\\\/produkt\\\/metryczka-serce-na-odcisk-sladu-stopek-lub-raczek-dziecka\\\/#primaryimage\"},\"image\":{\"@id\":\"https:\\\/\\\/www.drewnianamagia.pl\\\/index.php\\\/produkt\\\/metryczka-serce-na-odcisk-sladu-stopek-lub-raczek-dziecka\\\/#primaryimage\"},\"thumbnailUrl\":\"https:\\\/\\\/www.drewnianamagia.pl\\\/wp-content\\\/uploads\\\/2025\\\/06\\\/metryczka-serce-.jpg\",\"datePublished\":\"2025-06-09T11:07:58+00:00\",\"dateModified\":\"2025-06-09T11:26:54+00:00\",\"description\":\"Drewniana metryczka w kszta\u0142cie serca z przestrzeni\u0105 na odci\u015bni\u0119cie \u015bladu r\u0105czek lub st\u00f3pek dziecka. Personalizowana, r\u0119cznie szlifowana.\",\"breadcrumb\":{\"@id\":\"https:\\\/\\\/www.drewnianamagia.pl\\\/index.php\\\/produkt\\\/metryczka-serce-na-odcisk-sladu-stopek-lub-raczek-dziecka\\\/#breadcrumb\"},\"inLanguage\":\"pl-PL\",\"potentialAction\":[{\"@type\":\"ReadAction\",\"target\":[\"https:\\\/\\\/www.drewnianamagia.pl\\\/index.php\\\/produkt\\\/metryczka-serce-na-odcisk-sladu-stopek-lub-raczek-dziecka\\\/\"]}]},{\"@type\":\"ImageObject\",\"inLanguage\":\"pl-PL\",\"@id\":\"https:\\\/\\\/www.drewnianamagia.pl\\\/index.php\\\/produkt\\\/metryczka-serce-na-odcisk-sladu-stopek-lub-raczek-dziecka\\\/#primaryimage\",\"url\":\"https:\\\/\\\/www.drewnianamagia.pl\\\/wp-content\\\/uploads\\\/2025\\\/06\\\/metryczka-serce-.jpg\",\"contentUrl\":\"https:\\\/\\\/www.drewnianamagia.pl\\\/wp-content\\\/uploads\\\/2025\\\/06\\\/metryczka-serce-.jpg\",\"width\":2067,\"height\":2067,\"caption\":\"Tabliczka - metryczka z danymi dziecka z miejscem na odcisk r\u0105czek lub st\u00f3pek\"},{\"@type\":\"BreadcrumbList\",\"@id\":\"https:\\\/\\\/www.drewnianamagia.pl\\\/index.php\\\/produkt\\\/metryczka-serce-na-odcisk-sladu-stopek-lub-raczek-dziecka\\\/#breadcrumb\",\"itemListElement\":[{\"@type\":\"ListItem\",\"position\":1,\"name\":\"Strona g\u0142\u00f3wna\",\"item\":\"https:\\\/\\\/www.drewnianamagia.pl\\\/\"},{\"@type\":\"ListItem\",\"position\":2,\"name\":\"Sklep\",\"item\":\"https:\\\/\\\/www.drewnianamagia.pl\\\/index.php\\\/sklep-internetowy-drewnianamagia\\\/\"},{\"@type\":\"ListItem\",\"position\":3,\"name\":\"Metryczka &#8211; serce na odcisk \u015bladu st\u00f3pek lub r\u0105czek dziecka\"}]},{\"@type\":\"WebSite\",\"@id\":\"https:\\\/\\\/www.drewnianamagia.pl\\\/#website\",\"url\":\"https:\\\/\\\/www.drewnianamagia.pl\\\/\",\"name\":\"Drewniana Magia\",\"description\":\"Personalizowane prezenty i dekoracje z drewna i druku 3D, na ka\u017cd\u0105 okazj\u0119 i okoliczno\u015b\u0107. Urodziny, Chrzest, Przyj\u0119cie, \u015awi\u0119ta, \u015alub\",\"publisher\":{\"@id\":\"https:\\\/\\\/www.drewnianamagia.pl\\\/#organization\"},\"potentialAction\":[{\"@type\":\"SearchAction\",\"target\":{\"@type\":\"EntryPoint\",\"urlTemplate\":\"https:\\\/\\\/www.drewnianamagia.pl\\\/?s={search_term_string}\"},\"query-input\":{\"@type\":\"PropertyValueSpecification\",\"valueRequired\":true,\"valueName\":\"search_term_string\"}}],\"inLanguage\":\"pl-PL\"},{\"@type\":\"Organization\",\"@id\":\"https:\\\/\\\/www.drewnianamagia.pl\\\/#organization\",\"name\":\"Drewniana Magia\",\"url\":\"https:\\\/\\\/www.drewnianamagia.pl\\\/\",\"logo\":{\"@type\":\"ImageObject\",\"inLanguage\":\"pl-PL\",\"@id\":\"https:\\\/\\\/www.drewnianamagia.pl\\\/#\\\/schema\\\/logo\\\/image\\\/\",\"url\":\"https:\\\/\\\/www.drewnianamagia.pl\\\/wp-content\\\/uploads\\\/2024\\\/02\\\/cropped-LOGO-DrewnianaMagia-375x188-1.png\",\"contentUrl\":\"https:\\\/\\\/www.drewnianamagia.pl\\\/wp-content\\\/uploads\\\/2024\\\/02\\\/cropped-LOGO-DrewnianaMagia-375x188-1.png\",\"width\":374,\"height\":188,\"caption\":\"Drewniana Magia\"},\"image\":{\"@id\":\"https:\\\/\\\/www.drewnianamagia.pl\\\/#\\\/schema\\\/logo\\\/image\\\/\"},\"sameAs\":[\"https:\\\/\\\/facebook.com\\\/BelasDrewnianaMagia\"]}]}<\/script>\n<!-- \/ Yoast SEO plugin. -->","yoast_head_json":{"title":"Metryczka - serce na odcisk \u015bladu st\u00f3pek lub r\u0105czek dziecka - Drewniana Magia","description":"Drewniana metryczka w kszta\u0142cie serca z przestrzeni\u0105 na odci\u015bni\u0119cie \u015bladu r\u0105czek lub st\u00f3pek dziecka. Personalizowana, r\u0119cznie szlifowana.","robots":{"index":"index","follow":"follow","max-snippet":"max-snippet:-1","max-image-preview":"max-image-preview:large","max-video-preview":"max-video-preview:-1"},"canonical":"https:\/\/www.drewnianamagia.pl\/index.php\/produkt\/metryczka-serce-na-odcisk-sladu-stopek-lub-raczek-dziecka\/","og_locale":"pl_PL","og_type":"article","og_title":"Metryczka - serce na odcisk \u015bladu st\u00f3pek lub r\u0105czek dziecka - Drewniana Magia","og_description":"Drewniana metryczka w kszta\u0142cie serca z przestrzeni\u0105 na odci\u015bni\u0119cie \u015bladu r\u0105czek lub st\u00f3pek dziecka. Personalizowana, r\u0119cznie szlifowana.","og_url":"https:\/\/www.drewnianamagia.pl\/index.php\/produkt\/metryczka-serce-na-odcisk-sladu-stopek-lub-raczek-dziecka\/","og_site_name":"Drewniana Magia","article_publisher":"https:\/\/facebook.com\/BelasDrewnianaMagia","article_modified_time":"2025-06-09T11:26:54+00:00","og_image":[{"width":2067,"height":2067,"url":"https:\/\/www.drewnianamagia.pl\/wp-content\/uploads\/2025\/06\/metryczka-serce-.jpg","type":"image\/jpeg"}],"twitter_card":"summary_large_image","twitter_misc":{"Szacowany czas czytania":"2 minuty"},"schema":{"@context":"https:\/\/schema.org","@graph":[{"@type":"WebPage","@id":"https:\/\/www.drewnianamagia.pl\/index.php\/produkt\/metryczka-serce-na-odcisk-sladu-stopek-lub-raczek-dziecka\/","url":"https:\/\/www.drewnianamagia.pl\/index.php\/produkt\/metryczka-serce-na-odcisk-sladu-stopek-lub-raczek-dziecka\/","name":"Metryczka - serce na odcisk \u015bladu st\u00f3pek lub r\u0105czek dziecka - Drewniana Magia","isPartOf":{"@id":"https:\/\/www.drewnianamagia.pl\/#website"},"primaryImageOfPage":{"@id":"https:\/\/www.drewnianamagia.pl\/index.php\/produkt\/metryczka-serce-na-odcisk-sladu-stopek-lub-raczek-dziecka\/#primaryimage"},"image":{"@id":"https:\/\/www.drewnianamagia.pl\/index.php\/produkt\/metryczka-serce-na-odcisk-sladu-stopek-lub-raczek-dziecka\/#primaryimage"},"thumbnailUrl":"https:\/\/www.drewnianamagia.pl\/wp-content\/uploads\/2025\/06\/metryczka-serce-.jpg","datePublished":"2025-06-09T11:07:58+00:00","dateModified":"2025-06-09T11:26:54+00:00","description":"Drewniana metryczka w kszta\u0142cie serca z przestrzeni\u0105 na odci\u015bni\u0119cie \u015bladu r\u0105czek lub st\u00f3pek dziecka. Personalizowana, r\u0119cznie szlifowana.","breadcrumb":{"@id":"https:\/\/www.drewnianamagia.pl\/index.php\/produkt\/metryczka-serce-na-odcisk-sladu-stopek-lub-raczek-dziecka\/#breadcrumb"},"inLanguage":"pl-PL","potentialAction":[{"@type":"ReadAction","target":["https:\/\/www.drewnianamagia.pl\/index.php\/produkt\/metryczka-serce-na-odcisk-sladu-stopek-lub-raczek-dziecka\/"]}]},{"@type":"ImageObject","inLanguage":"pl-PL","@id":"https:\/\/www.drewnianamagia.pl\/index.php\/produkt\/metryczka-serce-na-odcisk-sladu-stopek-lub-raczek-dziecka\/#primaryimage","url":"https:\/\/www.drewnianamagia.pl\/wp-content\/uploads\/2025\/06\/metryczka-serce-.jpg","contentUrl":"https:\/\/www.drewnianamagia.pl\/wp-content\/uploads\/2025\/06\/metryczka-serce-.jpg","width":2067,"height":2067,"caption":"Tabliczka - metryczka z danymi dziecka z miejscem na odcisk r\u0105czek lub st\u00f3pek"},{"@type":"BreadcrumbList","@id":"https:\/\/www.drewnianamagia.pl\/index.php\/produkt\/metryczka-serce-na-odcisk-sladu-stopek-lub-raczek-dziecka\/#breadcrumb","itemListElement":[{"@type":"ListItem","position":1,"name":"Strona g\u0142\u00f3wna","item":"https:\/\/www.drewnianamagia.pl\/"},{"@type":"ListItem","position":2,"name":"Sklep","item":"https:\/\/www.drewnianamagia.pl\/index.php\/sklep-internetowy-drewnianamagia\/"},{"@type":"ListItem","position":3,"name":"Metryczka &#8211; serce na odcisk \u015bladu st\u00f3pek lub r\u0105czek dziecka"}]},{"@type":"WebSite","@id":"https:\/\/www.drewnianamagia.pl\/#website","url":"https:\/\/www.drewnianamagia.pl\/","name":"Drewniana Magia","description":"Personalizowane prezenty i dekoracje z drewna i druku 3D, na ka\u017cd\u0105 okazj\u0119 i okoliczno\u015b\u0107. Urodziny, Chrzest, Przyj\u0119cie, \u015awi\u0119ta, \u015alub","publisher":{"@id":"https:\/\/www.drewnianamagia.pl\/#organization"},"potentialAction":[{"@type":"SearchAction","target":{"@type":"EntryPoint","urlTemplate":"https:\/\/www.drewnianamagia.pl\/?s={search_term_string}"},"query-input":{"@type":"PropertyValueSpecification","valueRequired":true,"valueName":"search_term_string"}}],"inLanguage":"pl-PL"},{"@type":"Organization","@id":"https:\/\/www.drewnianamagia.pl\/#organization","name":"Drewniana Magia","url":"https:\/\/www.drewnianamagia.pl\/","logo":{"@type":"ImageObject","inLanguage":"pl-PL","@id":"https:\/\/www.drewnianamagia.pl\/#\/schema\/logo\/image\/","url":"https:\/\/www.drewnianamagia.pl\/wp-content\/uploads\/2024\/02\/cropped-LOGO-DrewnianaMagia-375x188-1.png","contentUrl":"https:\/\/www.drewnianamagia.pl\/wp-content\/uploads\/2024\/02\/cropped-LOGO-DrewnianaMagia-375x188-1.png","width":374,"height":188,"caption":"Drewniana Magia"},"image":{"@id":"https:\/\/www.drewnianamagia.pl\/#\/schema\/logo\/image\/"},"sameAs":["https:\/\/facebook.com\/BelasDrewnianaMagia"]}]}},"_links":{"self":[{"href":"https:\/\/www.drewnianamagia.pl\/index.php\/wp-json\/wp\/v2\/product\/8126","targetHints":{"allow":["GET"]}}],"collection":[{"href":"https:\/\/www.drewnianamagia.pl\/index.php\/wp-json\/wp\/v2\/product"}],"about":[{"href":"https:\/\/www.drewnianamagia.pl\/index.php\/wp-json\/wp\/v2\/types\/product"}],"replies":[{"embeddable":true,"href":"https:\/\/www.drewnianamagia.pl\/index.php\/wp-json\/wp\/v2\/comments?post=8126"}],"wp:featuredmedia":[{"embeddable":true,"href":"https:\/\/www.drewnianamagia.pl\/index.php\/wp-json\/wp\/v2\/media\/8120"}],"wp:attachment":[{"href":"https:\/\/www.drewnianamagia.pl\/index.php\/wp-json\/wp\/v2\/media?parent=8126"}],"wp:term":[{"taxonomy":"product_brand","embeddable":true,"href":"https:\/\/www.drewnianamagia.pl\/index.php\/wp-json\/wp\/v2\/product_brand?post=8126"},{"taxonomy":"product_cat","embeddable":true,"href":"https:\/\/www.drewnianamagia.pl\/index.php\/wp-json\/wp\/v2\/product_cat?post=8126"},{"taxonomy":"product_tag","embeddable":true,"href":"https:\/\/www.drewnianamagia.pl\/index.php\/wp-json\/wp\/v2\/product_tag?post=8126"}],"curies":[{"name":"wp","href":"https:\/\/api.w.org\/{rel}","templated":true}]}}