{"id":6582,"date":"2025-04-16T13:48:17","date_gmt":"2025-04-16T11:48:17","guid":{"rendered":"https:\/\/www.drewnianamagia.pl\/?post_type=product&#038;p=6582"},"modified":"2025-06-13T12:26:03","modified_gmt":"2025-06-13T10:26:03","slug":"karta-seniorki-prezent-na-urodziny","status":"publish","type":"product","link":"https:\/\/www.drewnianamagia.pl\/index.php\/produkt\/karta-seniorki-prezent-na-urodziny\/","title":{"rendered":"Karta seniorki &#8211; prezent na urodziny"},"content":{"rendered":"<h1 style=\"text-align: center;\"><strong>Karta Seniorki<\/strong><\/h1>\n<p>\ud83c\udf89 <strong data-start=\"108\" data-end=\"160\">Karta Seniorki \u2013 idealny prezent na okr\u0105g\u0142e urodziny!<\/strong> \ud83c\udf89<br data-start=\"163\" data-end=\"166\" \/>Z humorem i czu\u0142o\u015bci\u0105 \u2013 ta grawerowana na sklejce <strong data-start=\"216\" data-end=\"233\">Karta Seniorki<\/strong>\u00a0to wyj\u0105tkowy upominek dla ka\u017cdego, kto w\u0142a\u015bnie awansowa\u0142 do grona senior\u00f3w!<br data-start=\"309\" data-end=\"312\" \/>Upami\u0119tnia jubileusz z przymru\u017ceniem oka i zapewnia\u2026 oficjalne prawo do narzekania, odpoczynku i wspominek \ud83d\ude04<br data-start=\"421\" data-end=\"424\" \/>Idealna jako dodatek do prezentu lub samodzielny gad\u017cet, kt\u00f3ry rozbawi i wzruszy.<\/p>\n<p>Je\u015bli interesuje Ci\u0119 wersja dla Seniora &#8211; znajdziesz j\u0105 w naszych pozosta\u0142ych ofertach.<\/p>\n<hr \/>\n<p><span style=\"color: #ff0000;\"><strong>PERSONALIZACJA:<\/strong><\/span><\/p>\n<p>W opisie personalizacji podaj:<\/p>\n<ul>\n<li>Imi\u0119 (odmienione &#8211; tak jak ma zosta\u0107 wygrawerowane)<\/li>\n<li>Wiek (kt\u00f3re urodziny)<\/li>\n<li>W\u0142asny tekst (kt\u00f3ry wygrawerujemy w dolnej cz\u0119\u015bci produktu)<\/li>\n<\/ul>\n<p><img loading=\"lazy\" decoding=\"async\" class=\"aligncenter wp-image-6579 size-medium\" src=\"https:\/\/www.drewnianamagia.pl\/wp-content\/uploads\/2025\/04\/karta-seniorki-personalizacja-300x300.jpg\" alt=\"karta seniorki - prezent na urodziny\" width=\"300\" height=\"300\" srcset=\"https:\/\/www.drewnianamagia.pl\/wp-content\/uploads\/2025\/04\/karta-seniorki-personalizacja-300x300.jpg 300w, https:\/\/www.drewnianamagia.pl\/wp-content\/uploads\/2025\/04\/karta-seniorki-personalizacja-324x324.jpg 324w, https:\/\/www.drewnianamagia.pl\/wp-content\/uploads\/2025\/04\/karta-seniorki-personalizacja-100x100.jpg 100w, https:\/\/www.drewnianamagia.pl\/wp-content\/uploads\/2025\/04\/karta-seniorki-personalizacja-416x416.jpg 416w, https:\/\/www.drewnianamagia.pl\/wp-content\/uploads\/2025\/04\/karta-seniorki-personalizacja-1024x1024.jpg 1024w, https:\/\/www.drewnianamagia.pl\/wp-content\/uploads\/2025\/04\/karta-seniorki-personalizacja-150x150.jpg 150w, https:\/\/www.drewnianamagia.pl\/wp-content\/uploads\/2025\/04\/karta-seniorki-personalizacja-768x768.jpg 768w, https:\/\/www.drewnianamagia.pl\/wp-content\/uploads\/2025\/04\/karta-seniorki-personalizacja-1536x1536.jpg 1536w, https:\/\/www.drewnianamagia.pl\/wp-content\/uploads\/2025\/04\/karta-seniorki-personalizacja.jpg 2000w\" sizes=\"auto, (max-width: 300px) 100vw, 300px\" \/><\/p>\n<hr \/>\n<p><span style=\"color: #ff0000;\"><strong>SPECYFIKACJA:<\/strong><\/span><\/p>\n<ul>\n<li>Materia\u0142: wysokiej jako\u015bci sklejka drewniana o grubo\u015bci ok. 3mm<\/li>\n<li>Produkt r\u0119cznie szlifowany<\/li>\n<li>Grawer laserowy<\/li>\n<li>Szeroko\u015b\u0107: 24 cm<\/li>\n<li>Wysoko\u015b\u0107: 18 cm<\/li>\n<\/ul>\n<hr \/>\n<p><span style=\"color: #ff0000;\"><strong>POZOSTA\u0141E INFORMACJE:<\/strong><\/span><\/p>\n<p>Zdj\u0119cie g\u0142\u00f3wne produktu jest komputerow\u0105 wizualizacj\u0105 gotowego produktu. Kolory mog\u0105 si\u0119 nieznacznie r\u00f3\u017cni\u0107 od tych widocznych na ekranie &#8211; wynika to z ustawie\u0144 konkretnego ekranu a tak\u017ce ze specyfikacji materia\u0142u z kt\u00f3rego produkt zostanie wykonany. Drewno to naturalny surowiec i r\u00f3\u017cni si\u0119 struktur\u0105, barw\u0105 czy u\u0142o\u017ceniem s\u0142oj\u00f3w.<\/p>\n","protected":false},"excerpt":{"rendered":"<p>Karta Seniorki \ud83c\udf89 Karta Seniorki \u2013 idealny prezent na okr\u0105g\u0142e urodziny! \ud83c\udf89Z humorem i czu\u0142o\u015bci\u0105 \u2013 ta grawerowana na sklejce Karta Seniorki\u00a0to wyj\u0105tkowy upominek dla ka\u017cdego, kto w\u0142a\u015bnie awansowa\u0142 do grona senior\u00f3w!Upami\u0119tnia jubileusz z przymru\u017ceniem oka i zapewnia\u2026 oficjalne prawo do narzekania, odpoczynku i wspominek \ud83d\ude04Idealna jako dodatek do prezentu lub samodzielny gad\u017cet, kt\u00f3ry rozbawi [&hellip;]<\/p>\n","protected":false},"featured_media":6577,"comment_status":"open","ping_status":"closed","template":"","meta":{"_acf_changed":false},"product_brand":[180],"product_cat":[92,147,96],"product_tag":[54,55,207],"class_list":{"0":"post-6582","1":"product","2":"type-product","3":"status-publish","4":"has-post-thumbnail","6":"product_brand-drewniana-magia","7":"product_cat-gadzety","8":"product_cat-kartki-okolicznosciowe","9":"product_cat-urodziny-imieniny","10":"product_tag-personalizacja","11":"product_tag-prezent","12":"product_tag-stj","14":"first","15":"instock","16":"taxable","17":"shipping-taxable","18":"purchasable","19":"product-type-simple"},"acf":[],"yoast_head":"<!-- This site is optimized with the Yoast SEO plugin v27.5 - https:\/\/yoast.com\/product\/yoast-seo-wordpress\/ -->\n<title>Karta seniorki - prezent na urodziny - Drewniana Magia<\/title>\n<meta name=\"description\" content=\"Grawerowana karta seniorki - zabawny gad\u017cet na urodziny dla osoby, kt\u00f3ra wkracza w seniorski wiek. Podaruj zamiast standardowych \u017cycze\u0144 i wywo\u0142aj u\u015bmiech.\" \/>\n<meta name=\"robots\" content=\"index, follow, max-snippet:-1, max-image-preview:large, max-video-preview:-1\" \/>\n<link rel=\"canonical\" href=\"https:\/\/www.drewnianamagia.pl\/index.php\/produkt\/karta-seniorki-prezent-na-urodziny\/\" \/>\n<meta property=\"og:locale\" content=\"pl_PL\" \/>\n<meta property=\"og:type\" content=\"article\" \/>\n<meta property=\"og:title\" content=\"Karta seniorki - prezent na urodziny - Drewniana Magia\" \/>\n<meta property=\"og:description\" content=\"Grawerowana karta seniorki - zabawny gad\u017cet na urodziny dla osoby, kt\u00f3ra wkracza w seniorski wiek. Podaruj zamiast standardowych \u017cycze\u0144 i wywo\u0142aj u\u015bmiech.\" \/>\n<meta property=\"og:url\" content=\"https:\/\/www.drewnianamagia.pl\/index.php\/produkt\/karta-seniorki-prezent-na-urodziny\/\" \/>\n<meta property=\"og:site_name\" content=\"Drewniana Magia\" \/>\n<meta property=\"article:publisher\" content=\"https:\/\/facebook.com\/BelasDrewnianaMagia\" \/>\n<meta property=\"article:modified_time\" content=\"2025-06-13T10:26:03+00:00\" \/>\n<meta property=\"og:image\" content=\"https:\/\/www.drewnianamagia.pl\/wp-content\/uploads\/2025\/04\/karta-seniorki-wizualizacja.jpg\" \/>\n\t<meta property=\"og:image:width\" content=\"2067\" \/>\n\t<meta property=\"og:image:height\" content=\"2067\" \/>\n\t<meta property=\"og:image:type\" content=\"image\/jpeg\" \/>\n<meta name=\"twitter:card\" content=\"summary_large_image\" \/>\n<meta name=\"twitter:label1\" content=\"Szacowany czas czytania\" \/>\n\t<meta name=\"twitter:data1\" content=\"2 minuty\" \/>\n<script type=\"application\/ld+json\" class=\"yoast-schema-graph\">{\"@context\":\"https:\\\/\\\/schema.org\",\"@graph\":[{\"@type\":\"WebPage\",\"@id\":\"https:\\\/\\\/www.drewnianamagia.pl\\\/index.php\\\/produkt\\\/karta-seniorki-prezent-na-urodziny\\\/\",\"url\":\"https:\\\/\\\/www.drewnianamagia.pl\\\/index.php\\\/produkt\\\/karta-seniorki-prezent-na-urodziny\\\/\",\"name\":\"Karta seniorki - prezent na urodziny - Drewniana Magia\",\"isPartOf\":{\"@id\":\"https:\\\/\\\/www.drewnianamagia.pl\\\/#website\"},\"primaryImageOfPage\":{\"@id\":\"https:\\\/\\\/www.drewnianamagia.pl\\\/index.php\\\/produkt\\\/karta-seniorki-prezent-na-urodziny\\\/#primaryimage\"},\"image\":{\"@id\":\"https:\\\/\\\/www.drewnianamagia.pl\\\/index.php\\\/produkt\\\/karta-seniorki-prezent-na-urodziny\\\/#primaryimage\"},\"thumbnailUrl\":\"https:\\\/\\\/www.drewnianamagia.pl\\\/wp-content\\\/uploads\\\/2025\\\/04\\\/karta-seniorki-wizualizacja.jpg\",\"datePublished\":\"2025-04-16T11:48:17+00:00\",\"dateModified\":\"2025-06-13T10:26:03+00:00\",\"description\":\"Grawerowana karta seniorki - zabawny gad\u017cet na urodziny dla osoby, kt\u00f3ra wkracza w seniorski wiek. Podaruj zamiast standardowych \u017cycze\u0144 i wywo\u0142aj u\u015bmiech.\",\"breadcrumb\":{\"@id\":\"https:\\\/\\\/www.drewnianamagia.pl\\\/index.php\\\/produkt\\\/karta-seniorki-prezent-na-urodziny\\\/#breadcrumb\"},\"inLanguage\":\"pl-PL\",\"potentialAction\":[{\"@type\":\"ReadAction\",\"target\":[\"https:\\\/\\\/www.drewnianamagia.pl\\\/index.php\\\/produkt\\\/karta-seniorki-prezent-na-urodziny\\\/\"]}]},{\"@type\":\"ImageObject\",\"inLanguage\":\"pl-PL\",\"@id\":\"https:\\\/\\\/www.drewnianamagia.pl\\\/index.php\\\/produkt\\\/karta-seniorki-prezent-na-urodziny\\\/#primaryimage\",\"url\":\"https:\\\/\\\/www.drewnianamagia.pl\\\/wp-content\\\/uploads\\\/2025\\\/04\\\/karta-seniorki-wizualizacja.jpg\",\"contentUrl\":\"https:\\\/\\\/www.drewnianamagia.pl\\\/wp-content\\\/uploads\\\/2025\\\/04\\\/karta-seniorki-wizualizacja.jpg\",\"width\":2067,\"height\":2067,\"caption\":\"karta seniorki - prezent na urodziny\"},{\"@type\":\"BreadcrumbList\",\"@id\":\"https:\\\/\\\/www.drewnianamagia.pl\\\/index.php\\\/produkt\\\/karta-seniorki-prezent-na-urodziny\\\/#breadcrumb\",\"itemListElement\":[{\"@type\":\"ListItem\",\"position\":1,\"name\":\"Strona g\u0142\u00f3wna\",\"item\":\"https:\\\/\\\/www.drewnianamagia.pl\\\/\"},{\"@type\":\"ListItem\",\"position\":2,\"name\":\"Sklep\",\"item\":\"https:\\\/\\\/www.drewnianamagia.pl\\\/index.php\\\/sklep-internetowy-drewnianamagia\\\/\"},{\"@type\":\"ListItem\",\"position\":3,\"name\":\"Karta seniorki &#8211; prezent na urodziny\"}]},{\"@type\":\"WebSite\",\"@id\":\"https:\\\/\\\/www.drewnianamagia.pl\\\/#website\",\"url\":\"https:\\\/\\\/www.drewnianamagia.pl\\\/\",\"name\":\"Drewniana Magia\",\"description\":\"Personalizowane prezenty i dekoracje z drewna i druku 3D, na ka\u017cd\u0105 okazj\u0119 i okoliczno\u015b\u0107. Urodziny, Chrzest, Przyj\u0119cie, \u015awi\u0119ta, \u015alub\",\"publisher\":{\"@id\":\"https:\\\/\\\/www.drewnianamagia.pl\\\/#organization\"},\"potentialAction\":[{\"@type\":\"SearchAction\",\"target\":{\"@type\":\"EntryPoint\",\"urlTemplate\":\"https:\\\/\\\/www.drewnianamagia.pl\\\/?s={search_term_string}\"},\"query-input\":{\"@type\":\"PropertyValueSpecification\",\"valueRequired\":true,\"valueName\":\"search_term_string\"}}],\"inLanguage\":\"pl-PL\"},{\"@type\":\"Organization\",\"@id\":\"https:\\\/\\\/www.drewnianamagia.pl\\\/#organization\",\"name\":\"Drewniana Magia\",\"url\":\"https:\\\/\\\/www.drewnianamagia.pl\\\/\",\"logo\":{\"@type\":\"ImageObject\",\"inLanguage\":\"pl-PL\",\"@id\":\"https:\\\/\\\/www.drewnianamagia.pl\\\/#\\\/schema\\\/logo\\\/image\\\/\",\"url\":\"https:\\\/\\\/www.drewnianamagia.pl\\\/wp-content\\\/uploads\\\/2024\\\/02\\\/cropped-LOGO-DrewnianaMagia-375x188-1.png\",\"contentUrl\":\"https:\\\/\\\/www.drewnianamagia.pl\\\/wp-content\\\/uploads\\\/2024\\\/02\\\/cropped-LOGO-DrewnianaMagia-375x188-1.png\",\"width\":374,\"height\":188,\"caption\":\"Drewniana Magia\"},\"image\":{\"@id\":\"https:\\\/\\\/www.drewnianamagia.pl\\\/#\\\/schema\\\/logo\\\/image\\\/\"},\"sameAs\":[\"https:\\\/\\\/facebook.com\\\/BelasDrewnianaMagia\"]}]}<\/script>\n<!-- \/ Yoast SEO plugin. -->","yoast_head_json":{"title":"Karta seniorki - prezent na urodziny - Drewniana Magia","description":"Grawerowana karta seniorki - zabawny gad\u017cet na urodziny dla osoby, kt\u00f3ra wkracza w seniorski wiek. Podaruj zamiast standardowych \u017cycze\u0144 i wywo\u0142aj u\u015bmiech.","robots":{"index":"index","follow":"follow","max-snippet":"max-snippet:-1","max-image-preview":"max-image-preview:large","max-video-preview":"max-video-preview:-1"},"canonical":"https:\/\/www.drewnianamagia.pl\/index.php\/produkt\/karta-seniorki-prezent-na-urodziny\/","og_locale":"pl_PL","og_type":"article","og_title":"Karta seniorki - prezent na urodziny - Drewniana Magia","og_description":"Grawerowana karta seniorki - zabawny gad\u017cet na urodziny dla osoby, kt\u00f3ra wkracza w seniorski wiek. Podaruj zamiast standardowych \u017cycze\u0144 i wywo\u0142aj u\u015bmiech.","og_url":"https:\/\/www.drewnianamagia.pl\/index.php\/produkt\/karta-seniorki-prezent-na-urodziny\/","og_site_name":"Drewniana Magia","article_publisher":"https:\/\/facebook.com\/BelasDrewnianaMagia","article_modified_time":"2025-06-13T10:26:03+00:00","og_image":[{"width":2067,"height":2067,"url":"https:\/\/www.drewnianamagia.pl\/wp-content\/uploads\/2025\/04\/karta-seniorki-wizualizacja.jpg","type":"image\/jpeg"}],"twitter_card":"summary_large_image","twitter_misc":{"Szacowany czas czytania":"2 minuty"},"schema":{"@context":"https:\/\/schema.org","@graph":[{"@type":"WebPage","@id":"https:\/\/www.drewnianamagia.pl\/index.php\/produkt\/karta-seniorki-prezent-na-urodziny\/","url":"https:\/\/www.drewnianamagia.pl\/index.php\/produkt\/karta-seniorki-prezent-na-urodziny\/","name":"Karta seniorki - prezent na urodziny - Drewniana Magia","isPartOf":{"@id":"https:\/\/www.drewnianamagia.pl\/#website"},"primaryImageOfPage":{"@id":"https:\/\/www.drewnianamagia.pl\/index.php\/produkt\/karta-seniorki-prezent-na-urodziny\/#primaryimage"},"image":{"@id":"https:\/\/www.drewnianamagia.pl\/index.php\/produkt\/karta-seniorki-prezent-na-urodziny\/#primaryimage"},"thumbnailUrl":"https:\/\/www.drewnianamagia.pl\/wp-content\/uploads\/2025\/04\/karta-seniorki-wizualizacja.jpg","datePublished":"2025-04-16T11:48:17+00:00","dateModified":"2025-06-13T10:26:03+00:00","description":"Grawerowana karta seniorki - zabawny gad\u017cet na urodziny dla osoby, kt\u00f3ra wkracza w seniorski wiek. Podaruj zamiast standardowych \u017cycze\u0144 i wywo\u0142aj u\u015bmiech.","breadcrumb":{"@id":"https:\/\/www.drewnianamagia.pl\/index.php\/produkt\/karta-seniorki-prezent-na-urodziny\/#breadcrumb"},"inLanguage":"pl-PL","potentialAction":[{"@type":"ReadAction","target":["https:\/\/www.drewnianamagia.pl\/index.php\/produkt\/karta-seniorki-prezent-na-urodziny\/"]}]},{"@type":"ImageObject","inLanguage":"pl-PL","@id":"https:\/\/www.drewnianamagia.pl\/index.php\/produkt\/karta-seniorki-prezent-na-urodziny\/#primaryimage","url":"https:\/\/www.drewnianamagia.pl\/wp-content\/uploads\/2025\/04\/karta-seniorki-wizualizacja.jpg","contentUrl":"https:\/\/www.drewnianamagia.pl\/wp-content\/uploads\/2025\/04\/karta-seniorki-wizualizacja.jpg","width":2067,"height":2067,"caption":"karta seniorki - prezent na urodziny"},{"@type":"BreadcrumbList","@id":"https:\/\/www.drewnianamagia.pl\/index.php\/produkt\/karta-seniorki-prezent-na-urodziny\/#breadcrumb","itemListElement":[{"@type":"ListItem","position":1,"name":"Strona g\u0142\u00f3wna","item":"https:\/\/www.drewnianamagia.pl\/"},{"@type":"ListItem","position":2,"name":"Sklep","item":"https:\/\/www.drewnianamagia.pl\/index.php\/sklep-internetowy-drewnianamagia\/"},{"@type":"ListItem","position":3,"name":"Karta seniorki &#8211; prezent na urodziny"}]},{"@type":"WebSite","@id":"https:\/\/www.drewnianamagia.pl\/#website","url":"https:\/\/www.drewnianamagia.pl\/","name":"Drewniana Magia","description":"Personalizowane prezenty i dekoracje z drewna i druku 3D, na ka\u017cd\u0105 okazj\u0119 i okoliczno\u015b\u0107. Urodziny, Chrzest, Przyj\u0119cie, \u015awi\u0119ta, \u015alub","publisher":{"@id":"https:\/\/www.drewnianamagia.pl\/#organization"},"potentialAction":[{"@type":"SearchAction","target":{"@type":"EntryPoint","urlTemplate":"https:\/\/www.drewnianamagia.pl\/?s={search_term_string}"},"query-input":{"@type":"PropertyValueSpecification","valueRequired":true,"valueName":"search_term_string"}}],"inLanguage":"pl-PL"},{"@type":"Organization","@id":"https:\/\/www.drewnianamagia.pl\/#organization","name":"Drewniana Magia","url":"https:\/\/www.drewnianamagia.pl\/","logo":{"@type":"ImageObject","inLanguage":"pl-PL","@id":"https:\/\/www.drewnianamagia.pl\/#\/schema\/logo\/image\/","url":"https:\/\/www.drewnianamagia.pl\/wp-content\/uploads\/2024\/02\/cropped-LOGO-DrewnianaMagia-375x188-1.png","contentUrl":"https:\/\/www.drewnianamagia.pl\/wp-content\/uploads\/2024\/02\/cropped-LOGO-DrewnianaMagia-375x188-1.png","width":374,"height":188,"caption":"Drewniana Magia"},"image":{"@id":"https:\/\/www.drewnianamagia.pl\/#\/schema\/logo\/image\/"},"sameAs":["https:\/\/facebook.com\/BelasDrewnianaMagia"]}]}},"_links":{"self":[{"href":"https:\/\/www.drewnianamagia.pl\/index.php\/wp-json\/wp\/v2\/product\/6582","targetHints":{"allow":["GET"]}}],"collection":[{"href":"https:\/\/www.drewnianamagia.pl\/index.php\/wp-json\/wp\/v2\/product"}],"about":[{"href":"https:\/\/www.drewnianamagia.pl\/index.php\/wp-json\/wp\/v2\/types\/product"}],"replies":[{"embeddable":true,"href":"https:\/\/www.drewnianamagia.pl\/index.php\/wp-json\/wp\/v2\/comments?post=6582"}],"wp:featuredmedia":[{"embeddable":true,"href":"https:\/\/www.drewnianamagia.pl\/index.php\/wp-json\/wp\/v2\/media\/6577"}],"wp:attachment":[{"href":"https:\/\/www.drewnianamagia.pl\/index.php\/wp-json\/wp\/v2\/media?parent=6582"}],"wp:term":[{"taxonomy":"product_brand","embeddable":true,"href":"https:\/\/www.drewnianamagia.pl\/index.php\/wp-json\/wp\/v2\/product_brand?post=6582"},{"taxonomy":"product_cat","embeddable":true,"href":"https:\/\/www.drewnianamagia.pl\/index.php\/wp-json\/wp\/v2\/product_cat?post=6582"},{"taxonomy":"product_tag","embeddable":true,"href":"https:\/\/www.drewnianamagia.pl\/index.php\/wp-json\/wp\/v2\/product_tag?post=6582"}],"curies":[{"name":"wp","href":"https:\/\/api.w.org\/{rel}","templated":true}]}}