{"id":6310,"date":"2025-04-09T11:15:53","date_gmt":"2025-04-09T09:15:53","guid":{"rendered":"https:\/\/www.drewnianamagia.pl\/?post_type=product&#038;p=6310"},"modified":"2025-04-09T11:33:02","modified_gmt":"2025-04-09T09:33:02","slug":"zawieszki-motyle-i-kwiaty-18-elementow","status":"publish","type":"product","link":"https:\/\/www.drewnianamagia.pl\/index.php\/produkt\/zawieszki-motyle-i-kwiaty-18-elementow\/","title":{"rendered":"Zawieszki &#8211; motyle i kwiaty 18 element\u00f3w"},"content":{"rendered":"<h1 style=\"text-align: center;\"><strong>Wiosenne zawieszki &#8211; motyle i kwiaty &#8211; zestaw 18 element\u00f3w<\/strong><\/h1>\n<p>Zawieszki w kszta\u0142cie motyli i kwiat\u00f3w o r\u00f3\u017cnych rozmiarach. Idealne do wykonania dekoracji wiosennej. Produkt mo\u017cna dowolnie pokolorowa\u0107 (kredkami lub pisakami)<\/p>\n<hr \/>\n<p><span style=\"color: #ff0000;\"><strong>PERSONALIZACJA:<\/strong><\/span><\/p>\n<p>Istnieje mo\u017cliwo\u015b\u0107 wykonania produktu bez dziurki do powieszenia. Prosimy o podanie takiej informacji w komentarzu do zam\u00f3wienia.<\/p>\n<hr \/>\n<p><span style=\"color: #ff0000;\"><strong>SPECYFIKACJA:<\/strong><\/span><\/p>\n<ul>\n<li>Materia\u0142: wysokiej jako\u015bci sklejka drewniana o grubo\u015bci ok. 3mm<\/li>\n<li>Produkt r\u0119cznie szlifowany<\/li>\n<li>Zestaw 18 element\u00f3w:\n<ul>\n<li>2x kwiat &#8211; \u015brednica ok 10 cm<\/li>\n<li>2x kwiat &#8211; \u015brednica ok 8 cm<\/li>\n<li>6x kwiat &#8211; \u015brednica ok 5 cm<\/li>\n<li>1x motyl &#8211; wysoko\u015b\u0107: 8 cm, szeroko\u015b\u0107: 10 cm<\/li>\n<li>2 x motyl &#8211; wysoko\u015b\u0107: 6 cm, szeroko\u015b\u0107: 7 cm<\/li>\n<li>5 x motyl &#8211; wysoko\u015b\u0107: 4 cm, szeroko\u015b\u0107: 5 cm<\/li>\n<\/ul>\n<\/li>\n<\/ul>\n<hr \/>\n<p><span style=\"color: #ff0000;\"><strong>POZOSTA\u0141E INFORMACJE:<\/strong><\/span><\/p>\n<p>Kolory mog\u0105 si\u0119 nieznacznie r\u00f3\u017cni\u0107 od tych widocznych na ekranie &#8211; wynika to z ustawie\u0144 konkretnego ekranu a tak\u017ce ze specyfikacji materia\u0142u z kt\u00f3rego produkt zostanie wykonany. Drewno to naturalny surowiec i r\u00f3\u017cni si\u0119 struktur\u0105, barw\u0105 czy u\u0142o\u017ceniem s\u0142oj\u00f3w.<\/p>\n","protected":false},"excerpt":{"rendered":"<p>Wiosenne zawieszki &#8211; motyle i kwiaty &#8211; zestaw 18 element\u00f3w Zawieszki w kszta\u0142cie motyli i kwiat\u00f3w o r\u00f3\u017cnych rozmiarach. Idealne do wykonania dekoracji wiosennej. Produkt mo\u017cna dowolnie pokolorowa\u0107 (kredkami lub pisakami) PERSONALIZACJA: Istnieje mo\u017cliwo\u015b\u0107 wykonania produktu bez dziurki do powieszenia. Prosimy o podanie takiej informacji w komentarzu do zam\u00f3wienia. SPECYFIKACJA: Materia\u0142: wysokiej jako\u015bci sklejka drewniana [&hellip;]<\/p>\n","protected":false},"featured_media":6303,"comment_status":"open","ping_status":"closed","template":"","meta":{"_acf_changed":false},"product_brand":[180],"product_cat":[49,43,102,144],"product_tag":[182,183,178,184],"class_list":{"0":"post-6310","1":"product","2":"type-product","3":"status-publish","4":"has-post-thumbnail","6":"product_brand-drewniana-magia","7":"product_cat-dekoracje","8":"product_cat-scrapki","9":"product_cat-wielkanoc","10":"product_cat-zawieszki","11":"product_tag-ozdoby-wielkanocne","12":"product_tag-ozdoby-wiosenne","13":"product_tag-wielkanoc","14":"product_tag-wiosna","16":"first","17":"instock","18":"taxable","19":"shipping-taxable","20":"purchasable","21":"product-type-simple"},"acf":[],"yoast_head":"<!-- This site is optimized with the Yoast SEO plugin v27.5 - https:\/\/yoast.com\/product\/yoast-seo-wordpress\/ -->\n<title>Zawieszki - motyle i kwiaty 18 element\u00f3w - Drewniana Magia<\/title>\n<meta name=\"description\" content=\"Wiosenne zawieszki - zestaw 18 element\u00f3w. Kwiaty i motyle w 3 rozmiarach. Idealne do malowania i wykonania ozd\u00f3b wiosennych.\" \/>\n<meta name=\"robots\" content=\"index, follow, max-snippet:-1, max-image-preview:large, max-video-preview:-1\" \/>\n<link rel=\"canonical\" href=\"https:\/\/www.drewnianamagia.pl\/index.php\/produkt\/zawieszki-motyle-i-kwiaty-18-elementow\/\" \/>\n<meta property=\"og:locale\" content=\"pl_PL\" \/>\n<meta property=\"og:type\" content=\"article\" \/>\n<meta property=\"og:title\" content=\"Zawieszki - motyle i kwiaty 18 element\u00f3w - Drewniana Magia\" \/>\n<meta property=\"og:description\" content=\"Wiosenne zawieszki - zestaw 18 element\u00f3w. Kwiaty i motyle w 3 rozmiarach. Idealne do malowania i wykonania ozd\u00f3b wiosennych.\" \/>\n<meta property=\"og:url\" content=\"https:\/\/www.drewnianamagia.pl\/index.php\/produkt\/zawieszki-motyle-i-kwiaty-18-elementow\/\" \/>\n<meta property=\"og:site_name\" content=\"Drewniana Magia\" \/>\n<meta property=\"article:publisher\" content=\"https:\/\/facebook.com\/BelasDrewnianaMagia\" \/>\n<meta property=\"article:modified_time\" content=\"2025-04-09T09:33:02+00:00\" \/>\n<meta property=\"og:image\" content=\"https:\/\/www.drewnianamagia.pl\/wp-content\/uploads\/2025\/04\/zawieszki-wiosenne-2.jpg\" \/>\n\t<meta property=\"og:image:width\" content=\"2000\" \/>\n\t<meta property=\"og:image:height\" content=\"2000\" \/>\n\t<meta property=\"og:image:type\" content=\"image\/jpeg\" \/>\n<meta name=\"twitter:card\" content=\"summary_large_image\" \/>\n<meta name=\"twitter:label1\" content=\"Szacowany czas czytania\" \/>\n\t<meta name=\"twitter:data1\" content=\"2 minuty\" \/>\n<script type=\"application\/ld+json\" class=\"yoast-schema-graph\">{\"@context\":\"https:\\\/\\\/schema.org\",\"@graph\":[{\"@type\":\"WebPage\",\"@id\":\"https:\\\/\\\/www.drewnianamagia.pl\\\/index.php\\\/produkt\\\/zawieszki-motyle-i-kwiaty-18-elementow\\\/\",\"url\":\"https:\\\/\\\/www.drewnianamagia.pl\\\/index.php\\\/produkt\\\/zawieszki-motyle-i-kwiaty-18-elementow\\\/\",\"name\":\"Zawieszki - motyle i kwiaty 18 element\u00f3w - Drewniana Magia\",\"isPartOf\":{\"@id\":\"https:\\\/\\\/www.drewnianamagia.pl\\\/#website\"},\"primaryImageOfPage\":{\"@id\":\"https:\\\/\\\/www.drewnianamagia.pl\\\/index.php\\\/produkt\\\/zawieszki-motyle-i-kwiaty-18-elementow\\\/#primaryimage\"},\"image\":{\"@id\":\"https:\\\/\\\/www.drewnianamagia.pl\\\/index.php\\\/produkt\\\/zawieszki-motyle-i-kwiaty-18-elementow\\\/#primaryimage\"},\"thumbnailUrl\":\"https:\\\/\\\/www.drewnianamagia.pl\\\/wp-content\\\/uploads\\\/2025\\\/04\\\/zawieszki-wiosenne-2.jpg\",\"datePublished\":\"2025-04-09T09:15:53+00:00\",\"dateModified\":\"2025-04-09T09:33:02+00:00\",\"description\":\"Wiosenne zawieszki - zestaw 18 element\u00f3w. Kwiaty i motyle w 3 rozmiarach. Idealne do malowania i wykonania ozd\u00f3b wiosennych.\",\"breadcrumb\":{\"@id\":\"https:\\\/\\\/www.drewnianamagia.pl\\\/index.php\\\/produkt\\\/zawieszki-motyle-i-kwiaty-18-elementow\\\/#breadcrumb\"},\"inLanguage\":\"pl-PL\",\"potentialAction\":[{\"@type\":\"ReadAction\",\"target\":[\"https:\\\/\\\/www.drewnianamagia.pl\\\/index.php\\\/produkt\\\/zawieszki-motyle-i-kwiaty-18-elementow\\\/\"]}]},{\"@type\":\"ImageObject\",\"inLanguage\":\"pl-PL\",\"@id\":\"https:\\\/\\\/www.drewnianamagia.pl\\\/index.php\\\/produkt\\\/zawieszki-motyle-i-kwiaty-18-elementow\\\/#primaryimage\",\"url\":\"https:\\\/\\\/www.drewnianamagia.pl\\\/wp-content\\\/uploads\\\/2025\\\/04\\\/zawieszki-wiosenne-2.jpg\",\"contentUrl\":\"https:\\\/\\\/www.drewnianamagia.pl\\\/wp-content\\\/uploads\\\/2025\\\/04\\\/zawieszki-wiosenne-2.jpg\",\"width\":2000,\"height\":2000,\"caption\":\"Wiosenne zawieszki motyle i kwiatki\"},{\"@type\":\"BreadcrumbList\",\"@id\":\"https:\\\/\\\/www.drewnianamagia.pl\\\/index.php\\\/produkt\\\/zawieszki-motyle-i-kwiaty-18-elementow\\\/#breadcrumb\",\"itemListElement\":[{\"@type\":\"ListItem\",\"position\":1,\"name\":\"Strona g\u0142\u00f3wna\",\"item\":\"https:\\\/\\\/www.drewnianamagia.pl\\\/\"},{\"@type\":\"ListItem\",\"position\":2,\"name\":\"Sklep\",\"item\":\"https:\\\/\\\/www.drewnianamagia.pl\\\/index.php\\\/sklep-internetowy-drewnianamagia\\\/\"},{\"@type\":\"ListItem\",\"position\":3,\"name\":\"Zawieszki &#8211; motyle i kwiaty 18 element\u00f3w\"}]},{\"@type\":\"WebSite\",\"@id\":\"https:\\\/\\\/www.drewnianamagia.pl\\\/#website\",\"url\":\"https:\\\/\\\/www.drewnianamagia.pl\\\/\",\"name\":\"Drewniana Magia\",\"description\":\"Personalizowane prezenty i dekoracje z drewna i druku 3D, na ka\u017cd\u0105 okazj\u0119 i okoliczno\u015b\u0107. Urodziny, Chrzest, Przyj\u0119cie, \u015awi\u0119ta, \u015alub\",\"publisher\":{\"@id\":\"https:\\\/\\\/www.drewnianamagia.pl\\\/#organization\"},\"potentialAction\":[{\"@type\":\"SearchAction\",\"target\":{\"@type\":\"EntryPoint\",\"urlTemplate\":\"https:\\\/\\\/www.drewnianamagia.pl\\\/?s={search_term_string}\"},\"query-input\":{\"@type\":\"PropertyValueSpecification\",\"valueRequired\":true,\"valueName\":\"search_term_string\"}}],\"inLanguage\":\"pl-PL\"},{\"@type\":\"Organization\",\"@id\":\"https:\\\/\\\/www.drewnianamagia.pl\\\/#organization\",\"name\":\"Drewniana Magia\",\"url\":\"https:\\\/\\\/www.drewnianamagia.pl\\\/\",\"logo\":{\"@type\":\"ImageObject\",\"inLanguage\":\"pl-PL\",\"@id\":\"https:\\\/\\\/www.drewnianamagia.pl\\\/#\\\/schema\\\/logo\\\/image\\\/\",\"url\":\"https:\\\/\\\/www.drewnianamagia.pl\\\/wp-content\\\/uploads\\\/2024\\\/02\\\/cropped-LOGO-DrewnianaMagia-375x188-1.png\",\"contentUrl\":\"https:\\\/\\\/www.drewnianamagia.pl\\\/wp-content\\\/uploads\\\/2024\\\/02\\\/cropped-LOGO-DrewnianaMagia-375x188-1.png\",\"width\":374,\"height\":188,\"caption\":\"Drewniana Magia\"},\"image\":{\"@id\":\"https:\\\/\\\/www.drewnianamagia.pl\\\/#\\\/schema\\\/logo\\\/image\\\/\"},\"sameAs\":[\"https:\\\/\\\/facebook.com\\\/BelasDrewnianaMagia\"]}]}<\/script>\n<!-- \/ Yoast SEO plugin. -->","yoast_head_json":{"title":"Zawieszki - motyle i kwiaty 18 element\u00f3w - Drewniana Magia","description":"Wiosenne zawieszki - zestaw 18 element\u00f3w. Kwiaty i motyle w 3 rozmiarach. Idealne do malowania i wykonania ozd\u00f3b wiosennych.","robots":{"index":"index","follow":"follow","max-snippet":"max-snippet:-1","max-image-preview":"max-image-preview:large","max-video-preview":"max-video-preview:-1"},"canonical":"https:\/\/www.drewnianamagia.pl\/index.php\/produkt\/zawieszki-motyle-i-kwiaty-18-elementow\/","og_locale":"pl_PL","og_type":"article","og_title":"Zawieszki - motyle i kwiaty 18 element\u00f3w - Drewniana Magia","og_description":"Wiosenne zawieszki - zestaw 18 element\u00f3w. Kwiaty i motyle w 3 rozmiarach. Idealne do malowania i wykonania ozd\u00f3b wiosennych.","og_url":"https:\/\/www.drewnianamagia.pl\/index.php\/produkt\/zawieszki-motyle-i-kwiaty-18-elementow\/","og_site_name":"Drewniana Magia","article_publisher":"https:\/\/facebook.com\/BelasDrewnianaMagia","article_modified_time":"2025-04-09T09:33:02+00:00","og_image":[{"width":2000,"height":2000,"url":"https:\/\/www.drewnianamagia.pl\/wp-content\/uploads\/2025\/04\/zawieszki-wiosenne-2.jpg","type":"image\/jpeg"}],"twitter_card":"summary_large_image","twitter_misc":{"Szacowany czas czytania":"2 minuty"},"schema":{"@context":"https:\/\/schema.org","@graph":[{"@type":"WebPage","@id":"https:\/\/www.drewnianamagia.pl\/index.php\/produkt\/zawieszki-motyle-i-kwiaty-18-elementow\/","url":"https:\/\/www.drewnianamagia.pl\/index.php\/produkt\/zawieszki-motyle-i-kwiaty-18-elementow\/","name":"Zawieszki - motyle i kwiaty 18 element\u00f3w - Drewniana Magia","isPartOf":{"@id":"https:\/\/www.drewnianamagia.pl\/#website"},"primaryImageOfPage":{"@id":"https:\/\/www.drewnianamagia.pl\/index.php\/produkt\/zawieszki-motyle-i-kwiaty-18-elementow\/#primaryimage"},"image":{"@id":"https:\/\/www.drewnianamagia.pl\/index.php\/produkt\/zawieszki-motyle-i-kwiaty-18-elementow\/#primaryimage"},"thumbnailUrl":"https:\/\/www.drewnianamagia.pl\/wp-content\/uploads\/2025\/04\/zawieszki-wiosenne-2.jpg","datePublished":"2025-04-09T09:15:53+00:00","dateModified":"2025-04-09T09:33:02+00:00","description":"Wiosenne zawieszki - zestaw 18 element\u00f3w. Kwiaty i motyle w 3 rozmiarach. Idealne do malowania i wykonania ozd\u00f3b wiosennych.","breadcrumb":{"@id":"https:\/\/www.drewnianamagia.pl\/index.php\/produkt\/zawieszki-motyle-i-kwiaty-18-elementow\/#breadcrumb"},"inLanguage":"pl-PL","potentialAction":[{"@type":"ReadAction","target":["https:\/\/www.drewnianamagia.pl\/index.php\/produkt\/zawieszki-motyle-i-kwiaty-18-elementow\/"]}]},{"@type":"ImageObject","inLanguage":"pl-PL","@id":"https:\/\/www.drewnianamagia.pl\/index.php\/produkt\/zawieszki-motyle-i-kwiaty-18-elementow\/#primaryimage","url":"https:\/\/www.drewnianamagia.pl\/wp-content\/uploads\/2025\/04\/zawieszki-wiosenne-2.jpg","contentUrl":"https:\/\/www.drewnianamagia.pl\/wp-content\/uploads\/2025\/04\/zawieszki-wiosenne-2.jpg","width":2000,"height":2000,"caption":"Wiosenne zawieszki motyle i kwiatki"},{"@type":"BreadcrumbList","@id":"https:\/\/www.drewnianamagia.pl\/index.php\/produkt\/zawieszki-motyle-i-kwiaty-18-elementow\/#breadcrumb","itemListElement":[{"@type":"ListItem","position":1,"name":"Strona g\u0142\u00f3wna","item":"https:\/\/www.drewnianamagia.pl\/"},{"@type":"ListItem","position":2,"name":"Sklep","item":"https:\/\/www.drewnianamagia.pl\/index.php\/sklep-internetowy-drewnianamagia\/"},{"@type":"ListItem","position":3,"name":"Zawieszki &#8211; motyle i kwiaty 18 element\u00f3w"}]},{"@type":"WebSite","@id":"https:\/\/www.drewnianamagia.pl\/#website","url":"https:\/\/www.drewnianamagia.pl\/","name":"Drewniana Magia","description":"Personalizowane prezenty i dekoracje z drewna i druku 3D, na ka\u017cd\u0105 okazj\u0119 i okoliczno\u015b\u0107. Urodziny, Chrzest, Przyj\u0119cie, \u015awi\u0119ta, \u015alub","publisher":{"@id":"https:\/\/www.drewnianamagia.pl\/#organization"},"potentialAction":[{"@type":"SearchAction","target":{"@type":"EntryPoint","urlTemplate":"https:\/\/www.drewnianamagia.pl\/?s={search_term_string}"},"query-input":{"@type":"PropertyValueSpecification","valueRequired":true,"valueName":"search_term_string"}}],"inLanguage":"pl-PL"},{"@type":"Organization","@id":"https:\/\/www.drewnianamagia.pl\/#organization","name":"Drewniana Magia","url":"https:\/\/www.drewnianamagia.pl\/","logo":{"@type":"ImageObject","inLanguage":"pl-PL","@id":"https:\/\/www.drewnianamagia.pl\/#\/schema\/logo\/image\/","url":"https:\/\/www.drewnianamagia.pl\/wp-content\/uploads\/2024\/02\/cropped-LOGO-DrewnianaMagia-375x188-1.png","contentUrl":"https:\/\/www.drewnianamagia.pl\/wp-content\/uploads\/2024\/02\/cropped-LOGO-DrewnianaMagia-375x188-1.png","width":374,"height":188,"caption":"Drewniana Magia"},"image":{"@id":"https:\/\/www.drewnianamagia.pl\/#\/schema\/logo\/image\/"},"sameAs":["https:\/\/facebook.com\/BelasDrewnianaMagia"]}]}},"_links":{"self":[{"href":"https:\/\/www.drewnianamagia.pl\/index.php\/wp-json\/wp\/v2\/product\/6310","targetHints":{"allow":["GET"]}}],"collection":[{"href":"https:\/\/www.drewnianamagia.pl\/index.php\/wp-json\/wp\/v2\/product"}],"about":[{"href":"https:\/\/www.drewnianamagia.pl\/index.php\/wp-json\/wp\/v2\/types\/product"}],"replies":[{"embeddable":true,"href":"https:\/\/www.drewnianamagia.pl\/index.php\/wp-json\/wp\/v2\/comments?post=6310"}],"wp:featuredmedia":[{"embeddable":true,"href":"https:\/\/www.drewnianamagia.pl\/index.php\/wp-json\/wp\/v2\/media\/6303"}],"wp:attachment":[{"href":"https:\/\/www.drewnianamagia.pl\/index.php\/wp-json\/wp\/v2\/media?parent=6310"}],"wp:term":[{"taxonomy":"product_brand","embeddable":true,"href":"https:\/\/www.drewnianamagia.pl\/index.php\/wp-json\/wp\/v2\/product_brand?post=6310"},{"taxonomy":"product_cat","embeddable":true,"href":"https:\/\/www.drewnianamagia.pl\/index.php\/wp-json\/wp\/v2\/product_cat?post=6310"},{"taxonomy":"product_tag","embeddable":true,"href":"https:\/\/www.drewnianamagia.pl\/index.php\/wp-json\/wp\/v2\/product_tag?post=6310"}],"curies":[{"name":"wp","href":"https:\/\/api.w.org\/{rel}","templated":true}]}}