{"id":6239,"date":"2025-04-05T10:18:13","date_gmt":"2025-04-05T08:18:13","guid":{"rendered":"https:\/\/www.drewnianamagia.pl\/?post_type=product&#038;p=6239"},"modified":"2025-04-05T10:18:14","modified_gmt":"2025-04-05T08:18:14","slug":"wielkanocny-bilecik-prezentowy-z-imieniem","status":"publish","type":"product","link":"https:\/\/www.drewnianamagia.pl\/index.php\/produkt\/wielkanocny-bilecik-prezentowy-z-imieniem\/","title":{"rendered":"Wielkanocny bilecik prezentowy z imieniem"},"content":{"rendered":"<h1 style=\"text-align: center;\"><strong>Wielkanocny bilecik prezentowy z imieniem<\/strong><\/h1>\n<p>Oryginalny i trwa\u0142y bilecik z wygrawerowanym imieniem i wyci\u0119tym uroczym zaj\u0105czkiem. W zestawie z bilecikiem otrzymasz ok. 20 cm sznurka jutowego do zamocowania.<\/p>\n<hr \/>\n<p><span style=\"color: #ff0000;\"><strong>PERSONALIZACJA:<\/strong><\/span><\/p>\n<p>Podaj imi\u0119 jakie mamy wygrawerowa\u0107 na bileciku.<\/p>\n<p>W przypadku wi\u0119kszej ilo\u015bci mo\u017cesz oddzieli\u0107 w opisie personalizacji imiona przecinkami.<\/p>\n<hr \/>\n<p><span style=\"color: #ff0000;\"><strong>SPECYFIKACJA:<\/strong><\/span><\/p>\n<ul>\n<li>Materia\u0142: wysokiej jako\u015bci sklejka drewniana o grubo\u015bci ok. 3mm<\/li>\n<li>Produkt r\u0119cznie szlifowany<\/li>\n<li>Grawer laserowy<\/li>\n<li>Wysoko\u015b\u0107: 6 cm<\/li>\n<li>Szeroko\u015b\u0107: 4cm<\/li>\n<li>\u015arednica dziurki: 3mm<\/li>\n<li>Dodatkowe uwagi: do\u0142\u0105czony sznurek jutowy do przywi\u0105zania zawieszki<\/li>\n<\/ul>\n<hr \/>\n<p><span style=\"color: #ff0000;\"><strong>POZOSTA\u0141E INFORMACJE:<\/strong><\/span><\/p>\n<p>Zdj\u0119cie g\u0142\u00f3wne produktu jest wizualizacj\u0105. Kolory mog\u0105 si\u0119 nieznacznie r\u00f3\u017cni\u0107 od tych widocznych na ekranie &#8211; wynika to z ustawie\u0144 konkretnego ekranu a tak\u017ce ze specyfikacji materia\u0142u z kt\u00f3rego produkt zostanie wykonany. Drewno to naturalny surowiec i r\u00f3\u017cni si\u0119 struktur\u0105, barw\u0105 czy u\u0142o\u017ceniem s\u0142oj\u00f3w.<\/p>\n","protected":false},"excerpt":{"rendered":"<p>Wielkanocny bilecik prezentowy z imieniem Oryginalny i trwa\u0142y bilecik z wygrawerowanym imieniem i wyci\u0119tym uroczym zaj\u0105czkiem. W zestawie z bilecikiem otrzymasz ok. 20 cm sznurka jutowego do zamocowania. PERSONALIZACJA: Podaj imi\u0119 jakie mamy wygrawerowa\u0107 na bileciku. W przypadku wi\u0119kszej ilo\u015bci mo\u017cesz oddzieli\u0107 w opisie personalizacji imiona przecinkami. SPECYFIKACJA: Materia\u0142: wysokiej jako\u015bci sklejka drewniana o grubo\u015bci [&hellip;]<\/p>\n","protected":false},"featured_media":6201,"comment_status":"open","ping_status":"closed","template":"","meta":{"_acf_changed":false},"product_brand":[180],"product_cat":[49,102,144],"product_tag":[54,178],"class_list":{"0":"post-6239","1":"product","2":"type-product","3":"status-publish","4":"has-post-thumbnail","6":"product_brand-drewniana-magia","7":"product_cat-dekoracje","8":"product_cat-wielkanoc","9":"product_cat-zawieszki","10":"product_tag-personalizacja","11":"product_tag-wielkanoc","13":"first","14":"instock","15":"taxable","16":"shipping-taxable","17":"purchasable","18":"product-type-simple"},"acf":[],"yoast_head":"<!-- This site is optimized with the Yoast SEO plugin v27.5 - https:\/\/yoast.com\/product\/yoast-seo-wordpress\/ -->\n<title>Wielkanocny bilecik prezentowy z imieniem - Drewniana Magia<\/title>\n<meta name=\"description\" content=\"Wielkanocny bilecik z imieniem - zawieszka do prezentu. Drewniany - personalizowany. Grawer laserowy. W zestawie do\u0142\u0105czony sznurek jutowy\" \/>\n<meta name=\"robots\" content=\"index, follow, max-snippet:-1, max-image-preview:large, max-video-preview:-1\" \/>\n<link rel=\"canonical\" href=\"https:\/\/www.drewnianamagia.pl\/index.php\/produkt\/wielkanocny-bilecik-prezentowy-z-imieniem\/\" \/>\n<meta property=\"og:locale\" content=\"pl_PL\" \/>\n<meta property=\"og:type\" content=\"article\" \/>\n<meta property=\"og:title\" content=\"Wielkanocny bilecik prezentowy z imieniem - Drewniana Magia\" \/>\n<meta property=\"og:description\" content=\"Wielkanocny bilecik z imieniem - zawieszka do prezentu. Drewniany - personalizowany. Grawer laserowy. W zestawie do\u0142\u0105czony sznurek jutowy\" \/>\n<meta property=\"og:url\" content=\"https:\/\/www.drewnianamagia.pl\/index.php\/produkt\/wielkanocny-bilecik-prezentowy-z-imieniem\/\" \/>\n<meta property=\"og:site_name\" content=\"Drewniana Magia\" \/>\n<meta property=\"article:publisher\" content=\"https:\/\/facebook.com\/BelasDrewnianaMagia\" \/>\n<meta property=\"article:modified_time\" content=\"2025-04-05T08:18:14+00:00\" \/>\n<meta property=\"og:image\" content=\"https:\/\/www.drewnianamagia.pl\/wp-content\/uploads\/2025\/04\/bilecik-wielkanocny-personalizowany-z-imieniem.jpg\" \/>\n\t<meta property=\"og:image:width\" content=\"2067\" \/>\n\t<meta property=\"og:image:height\" content=\"2067\" \/>\n\t<meta property=\"og:image:type\" content=\"image\/jpeg\" \/>\n<meta name=\"twitter:card\" content=\"summary_large_image\" \/>\n<meta name=\"twitter:label1\" content=\"Szacowany czas czytania\" \/>\n\t<meta name=\"twitter:data1\" content=\"1 minuta\" \/>\n<script type=\"application\/ld+json\" class=\"yoast-schema-graph\">{\"@context\":\"https:\\\/\\\/schema.org\",\"@graph\":[{\"@type\":\"WebPage\",\"@id\":\"https:\\\/\\\/www.drewnianamagia.pl\\\/index.php\\\/produkt\\\/wielkanocny-bilecik-prezentowy-z-imieniem\\\/\",\"url\":\"https:\\\/\\\/www.drewnianamagia.pl\\\/index.php\\\/produkt\\\/wielkanocny-bilecik-prezentowy-z-imieniem\\\/\",\"name\":\"Wielkanocny bilecik prezentowy z imieniem - Drewniana Magia\",\"isPartOf\":{\"@id\":\"https:\\\/\\\/www.drewnianamagia.pl\\\/#website\"},\"primaryImageOfPage\":{\"@id\":\"https:\\\/\\\/www.drewnianamagia.pl\\\/index.php\\\/produkt\\\/wielkanocny-bilecik-prezentowy-z-imieniem\\\/#primaryimage\"},\"image\":{\"@id\":\"https:\\\/\\\/www.drewnianamagia.pl\\\/index.php\\\/produkt\\\/wielkanocny-bilecik-prezentowy-z-imieniem\\\/#primaryimage\"},\"thumbnailUrl\":\"https:\\\/\\\/www.drewnianamagia.pl\\\/wp-content\\\/uploads\\\/2025\\\/04\\\/bilecik-wielkanocny-personalizowany-z-imieniem.jpg\",\"datePublished\":\"2025-04-05T08:18:13+00:00\",\"dateModified\":\"2025-04-05T08:18:14+00:00\",\"description\":\"Wielkanocny bilecik z imieniem - zawieszka do prezentu. Drewniany - personalizowany. Grawer laserowy. W zestawie do\u0142\u0105czony sznurek jutowy\",\"breadcrumb\":{\"@id\":\"https:\\\/\\\/www.drewnianamagia.pl\\\/index.php\\\/produkt\\\/wielkanocny-bilecik-prezentowy-z-imieniem\\\/#breadcrumb\"},\"inLanguage\":\"pl-PL\",\"potentialAction\":[{\"@type\":\"ReadAction\",\"target\":[\"https:\\\/\\\/www.drewnianamagia.pl\\\/index.php\\\/produkt\\\/wielkanocny-bilecik-prezentowy-z-imieniem\\\/\"]}]},{\"@type\":\"ImageObject\",\"inLanguage\":\"pl-PL\",\"@id\":\"https:\\\/\\\/www.drewnianamagia.pl\\\/index.php\\\/produkt\\\/wielkanocny-bilecik-prezentowy-z-imieniem\\\/#primaryimage\",\"url\":\"https:\\\/\\\/www.drewnianamagia.pl\\\/wp-content\\\/uploads\\\/2025\\\/04\\\/bilecik-wielkanocny-personalizowany-z-imieniem.jpg\",\"contentUrl\":\"https:\\\/\\\/www.drewnianamagia.pl\\\/wp-content\\\/uploads\\\/2025\\\/04\\\/bilecik-wielkanocny-personalizowany-z-imieniem.jpg\",\"width\":2067,\"height\":2067},{\"@type\":\"BreadcrumbList\",\"@id\":\"https:\\\/\\\/www.drewnianamagia.pl\\\/index.php\\\/produkt\\\/wielkanocny-bilecik-prezentowy-z-imieniem\\\/#breadcrumb\",\"itemListElement\":[{\"@type\":\"ListItem\",\"position\":1,\"name\":\"Strona g\u0142\u00f3wna\",\"item\":\"https:\\\/\\\/www.drewnianamagia.pl\\\/\"},{\"@type\":\"ListItem\",\"position\":2,\"name\":\"Sklep\",\"item\":\"https:\\\/\\\/www.drewnianamagia.pl\\\/index.php\\\/sklep-internetowy-drewnianamagia\\\/\"},{\"@type\":\"ListItem\",\"position\":3,\"name\":\"Wielkanocny bilecik prezentowy z imieniem\"}]},{\"@type\":\"WebSite\",\"@id\":\"https:\\\/\\\/www.drewnianamagia.pl\\\/#website\",\"url\":\"https:\\\/\\\/www.drewnianamagia.pl\\\/\",\"name\":\"Drewniana Magia\",\"description\":\"Personalizowane prezenty i dekoracje z drewna i druku 3D, na ka\u017cd\u0105 okazj\u0119 i okoliczno\u015b\u0107. Urodziny, Chrzest, Przyj\u0119cie, \u015awi\u0119ta, \u015alub\",\"publisher\":{\"@id\":\"https:\\\/\\\/www.drewnianamagia.pl\\\/#organization\"},\"potentialAction\":[{\"@type\":\"SearchAction\",\"target\":{\"@type\":\"EntryPoint\",\"urlTemplate\":\"https:\\\/\\\/www.drewnianamagia.pl\\\/?s={search_term_string}\"},\"query-input\":{\"@type\":\"PropertyValueSpecification\",\"valueRequired\":true,\"valueName\":\"search_term_string\"}}],\"inLanguage\":\"pl-PL\"},{\"@type\":\"Organization\",\"@id\":\"https:\\\/\\\/www.drewnianamagia.pl\\\/#organization\",\"name\":\"Drewniana Magia\",\"url\":\"https:\\\/\\\/www.drewnianamagia.pl\\\/\",\"logo\":{\"@type\":\"ImageObject\",\"inLanguage\":\"pl-PL\",\"@id\":\"https:\\\/\\\/www.drewnianamagia.pl\\\/#\\\/schema\\\/logo\\\/image\\\/\",\"url\":\"https:\\\/\\\/www.drewnianamagia.pl\\\/wp-content\\\/uploads\\\/2024\\\/02\\\/cropped-LOGO-DrewnianaMagia-375x188-1.png\",\"contentUrl\":\"https:\\\/\\\/www.drewnianamagia.pl\\\/wp-content\\\/uploads\\\/2024\\\/02\\\/cropped-LOGO-DrewnianaMagia-375x188-1.png\",\"width\":374,\"height\":188,\"caption\":\"Drewniana Magia\"},\"image\":{\"@id\":\"https:\\\/\\\/www.drewnianamagia.pl\\\/#\\\/schema\\\/logo\\\/image\\\/\"},\"sameAs\":[\"https:\\\/\\\/facebook.com\\\/BelasDrewnianaMagia\"]}]}<\/script>\n<!-- \/ Yoast SEO plugin. -->","yoast_head_json":{"title":"Wielkanocny bilecik prezentowy z imieniem - Drewniana Magia","description":"Wielkanocny bilecik z imieniem - zawieszka do prezentu. Drewniany - personalizowany. Grawer laserowy. W zestawie do\u0142\u0105czony sznurek jutowy","robots":{"index":"index","follow":"follow","max-snippet":"max-snippet:-1","max-image-preview":"max-image-preview:large","max-video-preview":"max-video-preview:-1"},"canonical":"https:\/\/www.drewnianamagia.pl\/index.php\/produkt\/wielkanocny-bilecik-prezentowy-z-imieniem\/","og_locale":"pl_PL","og_type":"article","og_title":"Wielkanocny bilecik prezentowy z imieniem - Drewniana Magia","og_description":"Wielkanocny bilecik z imieniem - zawieszka do prezentu. Drewniany - personalizowany. Grawer laserowy. W zestawie do\u0142\u0105czony sznurek jutowy","og_url":"https:\/\/www.drewnianamagia.pl\/index.php\/produkt\/wielkanocny-bilecik-prezentowy-z-imieniem\/","og_site_name":"Drewniana Magia","article_publisher":"https:\/\/facebook.com\/BelasDrewnianaMagia","article_modified_time":"2025-04-05T08:18:14+00:00","og_image":[{"width":2067,"height":2067,"url":"https:\/\/www.drewnianamagia.pl\/wp-content\/uploads\/2025\/04\/bilecik-wielkanocny-personalizowany-z-imieniem.jpg","type":"image\/jpeg"}],"twitter_card":"summary_large_image","twitter_misc":{"Szacowany czas czytania":"1 minuta"},"schema":{"@context":"https:\/\/schema.org","@graph":[{"@type":"WebPage","@id":"https:\/\/www.drewnianamagia.pl\/index.php\/produkt\/wielkanocny-bilecik-prezentowy-z-imieniem\/","url":"https:\/\/www.drewnianamagia.pl\/index.php\/produkt\/wielkanocny-bilecik-prezentowy-z-imieniem\/","name":"Wielkanocny bilecik prezentowy z imieniem - Drewniana Magia","isPartOf":{"@id":"https:\/\/www.drewnianamagia.pl\/#website"},"primaryImageOfPage":{"@id":"https:\/\/www.drewnianamagia.pl\/index.php\/produkt\/wielkanocny-bilecik-prezentowy-z-imieniem\/#primaryimage"},"image":{"@id":"https:\/\/www.drewnianamagia.pl\/index.php\/produkt\/wielkanocny-bilecik-prezentowy-z-imieniem\/#primaryimage"},"thumbnailUrl":"https:\/\/www.drewnianamagia.pl\/wp-content\/uploads\/2025\/04\/bilecik-wielkanocny-personalizowany-z-imieniem.jpg","datePublished":"2025-04-05T08:18:13+00:00","dateModified":"2025-04-05T08:18:14+00:00","description":"Wielkanocny bilecik z imieniem - zawieszka do prezentu. Drewniany - personalizowany. Grawer laserowy. W zestawie do\u0142\u0105czony sznurek jutowy","breadcrumb":{"@id":"https:\/\/www.drewnianamagia.pl\/index.php\/produkt\/wielkanocny-bilecik-prezentowy-z-imieniem\/#breadcrumb"},"inLanguage":"pl-PL","potentialAction":[{"@type":"ReadAction","target":["https:\/\/www.drewnianamagia.pl\/index.php\/produkt\/wielkanocny-bilecik-prezentowy-z-imieniem\/"]}]},{"@type":"ImageObject","inLanguage":"pl-PL","@id":"https:\/\/www.drewnianamagia.pl\/index.php\/produkt\/wielkanocny-bilecik-prezentowy-z-imieniem\/#primaryimage","url":"https:\/\/www.drewnianamagia.pl\/wp-content\/uploads\/2025\/04\/bilecik-wielkanocny-personalizowany-z-imieniem.jpg","contentUrl":"https:\/\/www.drewnianamagia.pl\/wp-content\/uploads\/2025\/04\/bilecik-wielkanocny-personalizowany-z-imieniem.jpg","width":2067,"height":2067},{"@type":"BreadcrumbList","@id":"https:\/\/www.drewnianamagia.pl\/index.php\/produkt\/wielkanocny-bilecik-prezentowy-z-imieniem\/#breadcrumb","itemListElement":[{"@type":"ListItem","position":1,"name":"Strona g\u0142\u00f3wna","item":"https:\/\/www.drewnianamagia.pl\/"},{"@type":"ListItem","position":2,"name":"Sklep","item":"https:\/\/www.drewnianamagia.pl\/index.php\/sklep-internetowy-drewnianamagia\/"},{"@type":"ListItem","position":3,"name":"Wielkanocny bilecik prezentowy z imieniem"}]},{"@type":"WebSite","@id":"https:\/\/www.drewnianamagia.pl\/#website","url":"https:\/\/www.drewnianamagia.pl\/","name":"Drewniana Magia","description":"Personalizowane prezenty i dekoracje z drewna i druku 3D, na ka\u017cd\u0105 okazj\u0119 i okoliczno\u015b\u0107. Urodziny, Chrzest, Przyj\u0119cie, \u015awi\u0119ta, \u015alub","publisher":{"@id":"https:\/\/www.drewnianamagia.pl\/#organization"},"potentialAction":[{"@type":"SearchAction","target":{"@type":"EntryPoint","urlTemplate":"https:\/\/www.drewnianamagia.pl\/?s={search_term_string}"},"query-input":{"@type":"PropertyValueSpecification","valueRequired":true,"valueName":"search_term_string"}}],"inLanguage":"pl-PL"},{"@type":"Organization","@id":"https:\/\/www.drewnianamagia.pl\/#organization","name":"Drewniana Magia","url":"https:\/\/www.drewnianamagia.pl\/","logo":{"@type":"ImageObject","inLanguage":"pl-PL","@id":"https:\/\/www.drewnianamagia.pl\/#\/schema\/logo\/image\/","url":"https:\/\/www.drewnianamagia.pl\/wp-content\/uploads\/2024\/02\/cropped-LOGO-DrewnianaMagia-375x188-1.png","contentUrl":"https:\/\/www.drewnianamagia.pl\/wp-content\/uploads\/2024\/02\/cropped-LOGO-DrewnianaMagia-375x188-1.png","width":374,"height":188,"caption":"Drewniana Magia"},"image":{"@id":"https:\/\/www.drewnianamagia.pl\/#\/schema\/logo\/image\/"},"sameAs":["https:\/\/facebook.com\/BelasDrewnianaMagia"]}]}},"_links":{"self":[{"href":"https:\/\/www.drewnianamagia.pl\/index.php\/wp-json\/wp\/v2\/product\/6239","targetHints":{"allow":["GET"]}}],"collection":[{"href":"https:\/\/www.drewnianamagia.pl\/index.php\/wp-json\/wp\/v2\/product"}],"about":[{"href":"https:\/\/www.drewnianamagia.pl\/index.php\/wp-json\/wp\/v2\/types\/product"}],"replies":[{"embeddable":true,"href":"https:\/\/www.drewnianamagia.pl\/index.php\/wp-json\/wp\/v2\/comments?post=6239"}],"wp:featuredmedia":[{"embeddable":true,"href":"https:\/\/www.drewnianamagia.pl\/index.php\/wp-json\/wp\/v2\/media\/6201"}],"wp:attachment":[{"href":"https:\/\/www.drewnianamagia.pl\/index.php\/wp-json\/wp\/v2\/media?parent=6239"}],"wp:term":[{"taxonomy":"product_brand","embeddable":true,"href":"https:\/\/www.drewnianamagia.pl\/index.php\/wp-json\/wp\/v2\/product_brand?post=6239"},{"taxonomy":"product_cat","embeddable":true,"href":"https:\/\/www.drewnianamagia.pl\/index.php\/wp-json\/wp\/v2\/product_cat?post=6239"},{"taxonomy":"product_tag","embeddable":true,"href":"https:\/\/www.drewnianamagia.pl\/index.php\/wp-json\/wp\/v2\/product_tag?post=6239"}],"curies":[{"name":"wp","href":"https:\/\/api.w.org\/{rel}","templated":true}]}}