{"id":5896,"date":"2025-02-01T13:03:26","date_gmt":"2025-02-01T12:03:26","guid":{"rendered":"https:\/\/www.drewnianamagia.pl\/?post_type=product&#038;p=5896"},"modified":"2026-01-03T09:39:56","modified_gmt":"2026-01-03T08:39:56","slug":"prosba-o-bycie-swiadkowa-na-slubie-pytanie-do-swiadkowej","status":"publish","type":"product","link":"https:\/\/www.drewnianamagia.pl\/index.php\/produkt\/prosba-o-bycie-swiadkowa-na-slubie-pytanie-do-swiadkowej\/","title":{"rendered":"Pro\u015bba o bycie \u015awiadkow\u0105 na \u015alubie &#8211; pytanie do \u015awiadkowej"},"content":{"rendered":"<h1 style=\"text-align: center;\"><strong>Pro\u015bba o bycie \u015awiadkow\u0105 na \u015alubie &#8211; pytanie do \u015awiadkowej<\/strong><\/h1>\n<p>Wyj\u0105tkowe zaproszenie do bycia \u015awiadkow\u0105 na \u015blubie z wymownym tekstem &#8222;Bez Ciebie nie id\u0119!&#8221;. Stw\u00f3rz niezapomniane chwile i popro\u015b o t\u0119 wyj\u0105tkow\u0105 rol\u0119 z niezwyk\u0142ym stylem!<\/p>\n<p>Oferujemy wyj\u0105tkowy spos\u00f3b na zapytanie przysz\u0142ej \u015awiadkowej o t\u0119 wa\u017cn\u0105 rol\u0119 &#8211; ukryte pytanie o tre\u015bci &#8222;CZY ZOSTANIESZ MOJ\u0104 \u015aWIADKOW\u0104?&#8221; umieszczone jest pod wygrawerowanym symbolem kobiet i przyklejonym r\u00f3\u017cowym, r\u0119cznie malowanym serduszkiem.<\/p>\n<p>Personalizacja tego wyj\u0105tkowego prezentu polega na umieszczeniu imienia osoby, kt\u00f3r\u0105 pytamy o bycie \u015awiadkiem oraz opcjonalnie umieszczenia na dole imienia przysz\u0142ej Panny M\u0142odej<\/p>\n<p>Produkt ten wykonujemy z najwi\u0119ksz\u0105 staranno\u015bci\u0105.<\/p>\n<p>Ka\u017cdy detal wykonany z pasj\u0105, by nada\u0107 wyj\u0105tkowy kszta\u0142t Twoim emocjom i chwilom.<\/p>\n<p><strong><span style=\"color: #ff0000;\">PERSONALIZACJA:<\/span><\/strong><\/p>\n<ul>\n<li>Podaj imi\u0119 \u015awiadkowej w odmienionej formie (tak jak ma zosta\u0107 wygrawerowane) np: &#8222;Moniko&#8221;<\/li>\n<li>Opcjonalnie mo\u017cesz poda\u0107 imi\u0119 Panny M\u0142odej, kt\u00f3re wygrawerujemy na dole np: &#8222;Anastazja&#8221;<\/li>\n<\/ul>\n<p><strong>SPECYFIKACJA:<\/strong><\/p>\n<ul>\n<li>wysoko\u015b\u0107: 10cm<\/li>\n<li>szeroko\u015b\u0107: 10cm<\/li>\n<li>materia\u0142: wysokiej jako\u015bci sklejka<\/li>\n<li>grawer laserowy<\/li>\n<li>zawiera r\u0119cznie malowane elementy<\/li>\n<li>produkt r\u0119cznie szlifowany<\/li>\n<\/ul>\n<p>Pro\u015bba do \u015awiadka dost\u0119pna jest w naszych pozosta\u0142ych ofertach.<\/p>\n","protected":false},"excerpt":{"rendered":"<p>Pro\u015bba o bycie \u015awiadkow\u0105 na \u015alubie &#8211; pytanie do \u015awiadkowej Wyj\u0105tkowe zaproszenie do bycia \u015awiadkow\u0105 na \u015blubie z wymownym tekstem &#8222;Bez Ciebie nie id\u0119!&#8221;. Stw\u00f3rz niezapomniane chwile i popro\u015b o t\u0119 wyj\u0105tkow\u0105 rol\u0119 z niezwyk\u0142ym stylem! Oferujemy wyj\u0105tkowy spos\u00f3b na zapytanie przysz\u0142ej \u015awiadkowej o t\u0119 wa\u017cn\u0105 rol\u0119 &#8211; ukryte pytanie o tre\u015bci &#8222;CZY ZOSTANIESZ MOJ\u0104 [&hellip;]<\/p>\n","protected":false},"featured_media":5850,"comment_status":"open","ping_status":"closed","template":"","meta":{"_acf_changed":false},"product_brand":[],"product_cat":[92,147,98],"product_tag":[54,63,116],"class_list":{"0":"post-5896","1":"product","2":"type-product","3":"status-publish","4":"has-post-thumbnail","6":"product_cat-gadzety","7":"product_cat-kartki-okolicznosciowe","8":"product_cat-slub-wesele","9":"product_tag-personalizacja","10":"product_tag-slub","11":"product_tag-zaproszenie","13":"first","14":"instock","15":"featured","16":"taxable","17":"shipping-taxable","18":"purchasable","19":"product-type-simple"},"acf":[],"yoast_head":"<!-- This site is optimized with the Yoast SEO plugin v27.5 - https:\/\/yoast.com\/product\/yoast-seo-wordpress\/ -->\n<title>Pro\u015bba o bycie \u015awiadkow\u0105 na \u015alubie - pytanie do \u015awiadkowej - Drewniana Magia<\/title>\n<meta name=\"description\" content=\"Wyj\u0105tkowe, personalizowane zaproszenie - Pytanie o bycie \u015awiadkow\u0105 na \u015alubie. Produkt wykonany z wysokiej jako\u015bci materia\u0142u, r\u0119cznie szlifowany.\" \/>\n<meta name=\"robots\" content=\"index, follow, max-snippet:-1, max-image-preview:large, max-video-preview:-1\" \/>\n<link rel=\"canonical\" href=\"https:\/\/www.drewnianamagia.pl\/index.php\/produkt\/prosba-o-bycie-swiadkowa-na-slubie-pytanie-do-swiadkowej\/\" \/>\n<meta property=\"og:locale\" content=\"pl_PL\" \/>\n<meta property=\"og:type\" content=\"article\" \/>\n<meta property=\"og:title\" content=\"Pro\u015bba o bycie \u015awiadkow\u0105 na \u015alubie - pytanie do \u015awiadkowej - Drewniana Magia\" \/>\n<meta property=\"og:description\" content=\"Wyj\u0105tkowe, personalizowane zaproszenie - Pytanie o bycie \u015awiadkow\u0105 na \u015alubie. Produkt wykonany z wysokiej jako\u015bci materia\u0142u, r\u0119cznie szlifowany.\" \/>\n<meta property=\"og:url\" content=\"https:\/\/www.drewnianamagia.pl\/index.php\/produkt\/prosba-o-bycie-swiadkowa-na-slubie-pytanie-do-swiadkowej\/\" \/>\n<meta property=\"og:site_name\" content=\"Drewniana Magia\" \/>\n<meta property=\"article:publisher\" content=\"https:\/\/facebook.com\/BelasDrewnianaMagia\" \/>\n<meta property=\"article:modified_time\" content=\"2026-01-03T08:39:56+00:00\" \/>\n<meta property=\"og:image\" content=\"https:\/\/www.drewnianamagia.pl\/wp-content\/uploads\/2025\/02\/pytanie-do-swiadkowej-rozowe-serce-1.jpg\" \/>\n\t<meta property=\"og:image:width\" content=\"1300\" \/>\n\t<meta property=\"og:image:height\" content=\"1300\" \/>\n\t<meta property=\"og:image:type\" content=\"image\/jpeg\" \/>\n<meta name=\"twitter:card\" content=\"summary_large_image\" \/>\n<meta name=\"twitter:label1\" content=\"Szacowany czas czytania\" \/>\n\t<meta name=\"twitter:data1\" content=\"2 minuty\" \/>\n<script type=\"application\/ld+json\" class=\"yoast-schema-graph\">{\"@context\":\"https:\\\/\\\/schema.org\",\"@graph\":[{\"@type\":\"WebPage\",\"@id\":\"https:\\\/\\\/www.drewnianamagia.pl\\\/index.php\\\/produkt\\\/prosba-o-bycie-swiadkowa-na-slubie-pytanie-do-swiadkowej\\\/\",\"url\":\"https:\\\/\\\/www.drewnianamagia.pl\\\/index.php\\\/produkt\\\/prosba-o-bycie-swiadkowa-na-slubie-pytanie-do-swiadkowej\\\/\",\"name\":\"Pro\u015bba o bycie \u015awiadkow\u0105 na \u015alubie - pytanie do \u015awiadkowej - Drewniana Magia\",\"isPartOf\":{\"@id\":\"https:\\\/\\\/www.drewnianamagia.pl\\\/#website\"},\"primaryImageOfPage\":{\"@id\":\"https:\\\/\\\/www.drewnianamagia.pl\\\/index.php\\\/produkt\\\/prosba-o-bycie-swiadkowa-na-slubie-pytanie-do-swiadkowej\\\/#primaryimage\"},\"image\":{\"@id\":\"https:\\\/\\\/www.drewnianamagia.pl\\\/index.php\\\/produkt\\\/prosba-o-bycie-swiadkowa-na-slubie-pytanie-do-swiadkowej\\\/#primaryimage\"},\"thumbnailUrl\":\"https:\\\/\\\/www.drewnianamagia.pl\\\/wp-content\\\/uploads\\\/2025\\\/02\\\/pytanie-do-swiadkowej-rozowe-serce-1.jpg\",\"datePublished\":\"2025-02-01T12:03:26+00:00\",\"dateModified\":\"2026-01-03T08:39:56+00:00\",\"description\":\"Wyj\u0105tkowe, personalizowane zaproszenie - Pytanie o bycie \u015awiadkow\u0105 na \u015alubie. Produkt wykonany z wysokiej jako\u015bci materia\u0142u, r\u0119cznie szlifowany.\",\"breadcrumb\":{\"@id\":\"https:\\\/\\\/www.drewnianamagia.pl\\\/index.php\\\/produkt\\\/prosba-o-bycie-swiadkowa-na-slubie-pytanie-do-swiadkowej\\\/#breadcrumb\"},\"inLanguage\":\"pl-PL\",\"potentialAction\":[{\"@type\":\"ReadAction\",\"target\":[\"https:\\\/\\\/www.drewnianamagia.pl\\\/index.php\\\/produkt\\\/prosba-o-bycie-swiadkowa-na-slubie-pytanie-do-swiadkowej\\\/\"]}]},{\"@type\":\"ImageObject\",\"inLanguage\":\"pl-PL\",\"@id\":\"https:\\\/\\\/www.drewnianamagia.pl\\\/index.php\\\/produkt\\\/prosba-o-bycie-swiadkowa-na-slubie-pytanie-do-swiadkowej\\\/#primaryimage\",\"url\":\"https:\\\/\\\/www.drewnianamagia.pl\\\/wp-content\\\/uploads\\\/2025\\\/02\\\/pytanie-do-swiadkowej-rozowe-serce-1.jpg\",\"contentUrl\":\"https:\\\/\\\/www.drewnianamagia.pl\\\/wp-content\\\/uploads\\\/2025\\\/02\\\/pytanie-do-swiadkowej-rozowe-serce-1.jpg\",\"width\":1300,\"height\":1300,\"caption\":\"Pytanie do \u015bwiadkowej ukryte pod tabliczk\u0105 z r\u00f3\u017cowym serduszkiem\"},{\"@type\":\"BreadcrumbList\",\"@id\":\"https:\\\/\\\/www.drewnianamagia.pl\\\/index.php\\\/produkt\\\/prosba-o-bycie-swiadkowa-na-slubie-pytanie-do-swiadkowej\\\/#breadcrumb\",\"itemListElement\":[{\"@type\":\"ListItem\",\"position\":1,\"name\":\"Strona g\u0142\u00f3wna\",\"item\":\"https:\\\/\\\/www.drewnianamagia.pl\\\/\"},{\"@type\":\"ListItem\",\"position\":2,\"name\":\"Sklep\",\"item\":\"https:\\\/\\\/www.drewnianamagia.pl\\\/index.php\\\/sklep-internetowy-drewnianamagia\\\/\"},{\"@type\":\"ListItem\",\"position\":3,\"name\":\"Pro\u015bba o bycie \u015awiadkow\u0105 na \u015alubie &#8211; pytanie do \u015awiadkowej\"}]},{\"@type\":\"WebSite\",\"@id\":\"https:\\\/\\\/www.drewnianamagia.pl\\\/#website\",\"url\":\"https:\\\/\\\/www.drewnianamagia.pl\\\/\",\"name\":\"Drewniana Magia\",\"description\":\"Personalizowane prezenty i dekoracje z drewna i druku 3D, na ka\u017cd\u0105 okazj\u0119 i okoliczno\u015b\u0107. Urodziny, Chrzest, Przyj\u0119cie, \u015awi\u0119ta, \u015alub\",\"publisher\":{\"@id\":\"https:\\\/\\\/www.drewnianamagia.pl\\\/#organization\"},\"potentialAction\":[{\"@type\":\"SearchAction\",\"target\":{\"@type\":\"EntryPoint\",\"urlTemplate\":\"https:\\\/\\\/www.drewnianamagia.pl\\\/?s={search_term_string}\"},\"query-input\":{\"@type\":\"PropertyValueSpecification\",\"valueRequired\":true,\"valueName\":\"search_term_string\"}}],\"inLanguage\":\"pl-PL\"},{\"@type\":\"Organization\",\"@id\":\"https:\\\/\\\/www.drewnianamagia.pl\\\/#organization\",\"name\":\"Drewniana Magia\",\"url\":\"https:\\\/\\\/www.drewnianamagia.pl\\\/\",\"logo\":{\"@type\":\"ImageObject\",\"inLanguage\":\"pl-PL\",\"@id\":\"https:\\\/\\\/www.drewnianamagia.pl\\\/#\\\/schema\\\/logo\\\/image\\\/\",\"url\":\"https:\\\/\\\/www.drewnianamagia.pl\\\/wp-content\\\/uploads\\\/2024\\\/02\\\/cropped-LOGO-DrewnianaMagia-375x188-1.png\",\"contentUrl\":\"https:\\\/\\\/www.drewnianamagia.pl\\\/wp-content\\\/uploads\\\/2024\\\/02\\\/cropped-LOGO-DrewnianaMagia-375x188-1.png\",\"width\":374,\"height\":188,\"caption\":\"Drewniana Magia\"},\"image\":{\"@id\":\"https:\\\/\\\/www.drewnianamagia.pl\\\/#\\\/schema\\\/logo\\\/image\\\/\"},\"sameAs\":[\"https:\\\/\\\/facebook.com\\\/BelasDrewnianaMagia\"]}]}<\/script>\n<!-- \/ Yoast SEO plugin. -->","yoast_head_json":{"title":"Pro\u015bba o bycie \u015awiadkow\u0105 na \u015alubie - pytanie do \u015awiadkowej - Drewniana Magia","description":"Wyj\u0105tkowe, personalizowane zaproszenie - Pytanie o bycie \u015awiadkow\u0105 na \u015alubie. Produkt wykonany z wysokiej jako\u015bci materia\u0142u, r\u0119cznie szlifowany.","robots":{"index":"index","follow":"follow","max-snippet":"max-snippet:-1","max-image-preview":"max-image-preview:large","max-video-preview":"max-video-preview:-1"},"canonical":"https:\/\/www.drewnianamagia.pl\/index.php\/produkt\/prosba-o-bycie-swiadkowa-na-slubie-pytanie-do-swiadkowej\/","og_locale":"pl_PL","og_type":"article","og_title":"Pro\u015bba o bycie \u015awiadkow\u0105 na \u015alubie - pytanie do \u015awiadkowej - Drewniana Magia","og_description":"Wyj\u0105tkowe, personalizowane zaproszenie - Pytanie o bycie \u015awiadkow\u0105 na \u015alubie. Produkt wykonany z wysokiej jako\u015bci materia\u0142u, r\u0119cznie szlifowany.","og_url":"https:\/\/www.drewnianamagia.pl\/index.php\/produkt\/prosba-o-bycie-swiadkowa-na-slubie-pytanie-do-swiadkowej\/","og_site_name":"Drewniana Magia","article_publisher":"https:\/\/facebook.com\/BelasDrewnianaMagia","article_modified_time":"2026-01-03T08:39:56+00:00","og_image":[{"width":1300,"height":1300,"url":"https:\/\/www.drewnianamagia.pl\/wp-content\/uploads\/2025\/02\/pytanie-do-swiadkowej-rozowe-serce-1.jpg","type":"image\/jpeg"}],"twitter_card":"summary_large_image","twitter_misc":{"Szacowany czas czytania":"2 minuty"},"schema":{"@context":"https:\/\/schema.org","@graph":[{"@type":"WebPage","@id":"https:\/\/www.drewnianamagia.pl\/index.php\/produkt\/prosba-o-bycie-swiadkowa-na-slubie-pytanie-do-swiadkowej\/","url":"https:\/\/www.drewnianamagia.pl\/index.php\/produkt\/prosba-o-bycie-swiadkowa-na-slubie-pytanie-do-swiadkowej\/","name":"Pro\u015bba o bycie \u015awiadkow\u0105 na \u015alubie - pytanie do \u015awiadkowej - Drewniana Magia","isPartOf":{"@id":"https:\/\/www.drewnianamagia.pl\/#website"},"primaryImageOfPage":{"@id":"https:\/\/www.drewnianamagia.pl\/index.php\/produkt\/prosba-o-bycie-swiadkowa-na-slubie-pytanie-do-swiadkowej\/#primaryimage"},"image":{"@id":"https:\/\/www.drewnianamagia.pl\/index.php\/produkt\/prosba-o-bycie-swiadkowa-na-slubie-pytanie-do-swiadkowej\/#primaryimage"},"thumbnailUrl":"https:\/\/www.drewnianamagia.pl\/wp-content\/uploads\/2025\/02\/pytanie-do-swiadkowej-rozowe-serce-1.jpg","datePublished":"2025-02-01T12:03:26+00:00","dateModified":"2026-01-03T08:39:56+00:00","description":"Wyj\u0105tkowe, personalizowane zaproszenie - Pytanie o bycie \u015awiadkow\u0105 na \u015alubie. Produkt wykonany z wysokiej jako\u015bci materia\u0142u, r\u0119cznie szlifowany.","breadcrumb":{"@id":"https:\/\/www.drewnianamagia.pl\/index.php\/produkt\/prosba-o-bycie-swiadkowa-na-slubie-pytanie-do-swiadkowej\/#breadcrumb"},"inLanguage":"pl-PL","potentialAction":[{"@type":"ReadAction","target":["https:\/\/www.drewnianamagia.pl\/index.php\/produkt\/prosba-o-bycie-swiadkowa-na-slubie-pytanie-do-swiadkowej\/"]}]},{"@type":"ImageObject","inLanguage":"pl-PL","@id":"https:\/\/www.drewnianamagia.pl\/index.php\/produkt\/prosba-o-bycie-swiadkowa-na-slubie-pytanie-do-swiadkowej\/#primaryimage","url":"https:\/\/www.drewnianamagia.pl\/wp-content\/uploads\/2025\/02\/pytanie-do-swiadkowej-rozowe-serce-1.jpg","contentUrl":"https:\/\/www.drewnianamagia.pl\/wp-content\/uploads\/2025\/02\/pytanie-do-swiadkowej-rozowe-serce-1.jpg","width":1300,"height":1300,"caption":"Pytanie do \u015bwiadkowej ukryte pod tabliczk\u0105 z r\u00f3\u017cowym serduszkiem"},{"@type":"BreadcrumbList","@id":"https:\/\/www.drewnianamagia.pl\/index.php\/produkt\/prosba-o-bycie-swiadkowa-na-slubie-pytanie-do-swiadkowej\/#breadcrumb","itemListElement":[{"@type":"ListItem","position":1,"name":"Strona g\u0142\u00f3wna","item":"https:\/\/www.drewnianamagia.pl\/"},{"@type":"ListItem","position":2,"name":"Sklep","item":"https:\/\/www.drewnianamagia.pl\/index.php\/sklep-internetowy-drewnianamagia\/"},{"@type":"ListItem","position":3,"name":"Pro\u015bba o bycie \u015awiadkow\u0105 na \u015alubie &#8211; pytanie do \u015awiadkowej"}]},{"@type":"WebSite","@id":"https:\/\/www.drewnianamagia.pl\/#website","url":"https:\/\/www.drewnianamagia.pl\/","name":"Drewniana Magia","description":"Personalizowane prezenty i dekoracje z drewna i druku 3D, na ka\u017cd\u0105 okazj\u0119 i okoliczno\u015b\u0107. Urodziny, Chrzest, Przyj\u0119cie, \u015awi\u0119ta, \u015alub","publisher":{"@id":"https:\/\/www.drewnianamagia.pl\/#organization"},"potentialAction":[{"@type":"SearchAction","target":{"@type":"EntryPoint","urlTemplate":"https:\/\/www.drewnianamagia.pl\/?s={search_term_string}"},"query-input":{"@type":"PropertyValueSpecification","valueRequired":true,"valueName":"search_term_string"}}],"inLanguage":"pl-PL"},{"@type":"Organization","@id":"https:\/\/www.drewnianamagia.pl\/#organization","name":"Drewniana Magia","url":"https:\/\/www.drewnianamagia.pl\/","logo":{"@type":"ImageObject","inLanguage":"pl-PL","@id":"https:\/\/www.drewnianamagia.pl\/#\/schema\/logo\/image\/","url":"https:\/\/www.drewnianamagia.pl\/wp-content\/uploads\/2024\/02\/cropped-LOGO-DrewnianaMagia-375x188-1.png","contentUrl":"https:\/\/www.drewnianamagia.pl\/wp-content\/uploads\/2024\/02\/cropped-LOGO-DrewnianaMagia-375x188-1.png","width":374,"height":188,"caption":"Drewniana Magia"},"image":{"@id":"https:\/\/www.drewnianamagia.pl\/#\/schema\/logo\/image\/"},"sameAs":["https:\/\/facebook.com\/BelasDrewnianaMagia"]}]}},"_links":{"self":[{"href":"https:\/\/www.drewnianamagia.pl\/index.php\/wp-json\/wp\/v2\/product\/5896","targetHints":{"allow":["GET"]}}],"collection":[{"href":"https:\/\/www.drewnianamagia.pl\/index.php\/wp-json\/wp\/v2\/product"}],"about":[{"href":"https:\/\/www.drewnianamagia.pl\/index.php\/wp-json\/wp\/v2\/types\/product"}],"replies":[{"embeddable":true,"href":"https:\/\/www.drewnianamagia.pl\/index.php\/wp-json\/wp\/v2\/comments?post=5896"}],"wp:featuredmedia":[{"embeddable":true,"href":"https:\/\/www.drewnianamagia.pl\/index.php\/wp-json\/wp\/v2\/media\/5850"}],"wp:attachment":[{"href":"https:\/\/www.drewnianamagia.pl\/index.php\/wp-json\/wp\/v2\/media?parent=5896"}],"wp:term":[{"taxonomy":"product_brand","embeddable":true,"href":"https:\/\/www.drewnianamagia.pl\/index.php\/wp-json\/wp\/v2\/product_brand?post=5896"},{"taxonomy":"product_cat","embeddable":true,"href":"https:\/\/www.drewnianamagia.pl\/index.php\/wp-json\/wp\/v2\/product_cat?post=5896"},{"taxonomy":"product_tag","embeddable":true,"href":"https:\/\/www.drewnianamagia.pl\/index.php\/wp-json\/wp\/v2\/product_tag?post=5896"}],"curies":[{"name":"wp","href":"https:\/\/api.w.org\/{rel}","templated":true}]}}