{"id":5539,"date":"2025-01-10T12:24:56","date_gmt":"2025-01-10T11:24:56","guid":{"rendered":"https:\/\/www.drewnianamagia.pl\/?post_type=product&#038;p=5539"},"modified":"2025-09-16T13:57:28","modified_gmt":"2025-09-16T11:57:28","slug":"uchwyty-na-sklejke-do-stolu-plaster-miodu","status":"publish","type":"product","link":"https:\/\/www.drewnianamagia.pl\/index.php\/produkt\/uchwyty-na-sklejke-do-stolu-plaster-miodu\/","title":{"rendered":"Uchwyty na sklejk\u0119 do sto\u0142u &#8211; &#8222;plaster miodu&#8221;"},"content":{"rendered":"<h1 style=\"text-align: center;\"><strong>Uchwyty na sklejk\u0119 do sto\u0142u typu &#8222;plaster miodu&#8221;<\/strong><\/h1>\n<p style=\"text-align: center;\"><strong>Zestaw 8szt.<\/strong> &#8211; regulowanych uchwyt\u00f3w roboczych do sto\u0142u &#8222;plaster miodu&#8221;<\/p>\n<p style=\"text-align: center;\"><img loading=\"lazy\" decoding=\"async\" class=\"aligncenter size-medium wp-image-5523\" src=\"https:\/\/www.drewnianamagia.pl\/wp-content\/uploads\/2025\/01\/mocowanie-01-300x300.jpg\" alt=\"uchwyt na sklejke - mocowanie do plastra miodu\" width=\"300\" height=\"300\" srcset=\"https:\/\/www.drewnianamagia.pl\/wp-content\/uploads\/2025\/01\/mocowanie-01-300x300.jpg 300w, https:\/\/www.drewnianamagia.pl\/wp-content\/uploads\/2025\/01\/mocowanie-01-324x324.jpg 324w, https:\/\/www.drewnianamagia.pl\/wp-content\/uploads\/2025\/01\/mocowanie-01-100x100.jpg 100w, https:\/\/www.drewnianamagia.pl\/wp-content\/uploads\/2025\/01\/mocowanie-01-416x416.jpg 416w, https:\/\/www.drewnianamagia.pl\/wp-content\/uploads\/2025\/01\/mocowanie-01-150x150.jpg 150w, https:\/\/www.drewnianamagia.pl\/wp-content\/uploads\/2025\/01\/mocowanie-01.jpg 500w\" sizes=\"auto, (max-width: 300px) 100vw, 300px\" \/><\/p>\n<p style=\"text-align: center;\">\n<p>Produkt zaprojektowany z my\u015bl\u0105 o u\u017cytkownikach laser\u00f3w, kt\u00f3rzy borykaj\u0105 si\u0119 obr\u00f3bk\u0105 krzywego materia\u0142u (sklejka, mdf itp) oraz tych, kt\u00f3rzy chc\u0105 ograniczy\u0107 czasoch\u0142onne oczyszczanie sklejki z okopce\u0144 powstaj\u0105cych pod sklejk\u0105 w procesie wycinania laserowego.<\/p>\n<p>&nbsp;<\/p>\n<p style=\"text-align: center;\"><img loading=\"lazy\" decoding=\"async\" class=\"aligncenter size-medium wp-image-5522\" src=\"https:\/\/www.drewnianamagia.pl\/wp-content\/uploads\/2025\/01\/mocowanie-03-300x300.jpg\" alt=\"uchwyty na sklejke - mocowanie do plastra miodu\" width=\"300\" height=\"300\" srcset=\"https:\/\/www.drewnianamagia.pl\/wp-content\/uploads\/2025\/01\/mocowanie-03-300x300.jpg 300w, https:\/\/www.drewnianamagia.pl\/wp-content\/uploads\/2025\/01\/mocowanie-03-324x324.jpg 324w, https:\/\/www.drewnianamagia.pl\/wp-content\/uploads\/2025\/01\/mocowanie-03-100x100.jpg 100w, https:\/\/www.drewnianamagia.pl\/wp-content\/uploads\/2025\/01\/mocowanie-03-416x416.jpg 416w, https:\/\/www.drewnianamagia.pl\/wp-content\/uploads\/2025\/01\/mocowanie-03-150x150.jpg 150w, https:\/\/www.drewnianamagia.pl\/wp-content\/uploads\/2025\/01\/mocowanie-03.jpg 500w\" sizes=\"auto, (max-width: 300px) 100vw, 300px\" \/><\/p>\n<p>Zastosowanie uchwyt\u00f3w powoduje poniesienie materia\u0142u o 2mm nad st\u00f3\u0142 roboczy &#8211; co w wi\u0119kszo\u015bci sytuacji <strong>eliminuje wszelkie okopcenia pod sklejk\u0105,<\/strong><\/p>\n<p>Uchwyty <strong>trzymaj\u0105 materia\u0142<\/strong> zapobiegaj\u0105c jego przesuni\u0119ciu podczas obr\u00f3bki (przydatne zw\u0142aszcza gdy korzystamy z mocnej asysty powietrza )<\/p>\n<p>Materia\u0142, kt\u00f3ry nie jest prosty, dzi\u0119ki zastosowaniu uchwyt\u00f3w b\u0119dzie mia\u0142 z ka\u017cdej strony taki sam dystans do g\u0142owicy lasera &#8211; co zniweluje sytuacje, w kt\u00f3rych precyzyjne grawerowanie lub wycinanie staje si\u0119 niemo\u017cliwe z powodu zmieniaj\u0105cej si\u0119 ogniskowej zale\u017cnej od odleg\u0142o\u015bci.<\/p>\n<p>G\u00f3rny pier\u015bcie\u0144, kt\u00f3rym regulujemy docisk do materia\u0142u zosta\u0142 zaprojektowany tak aby jego regulacja by\u0142a wygodna i szybka. Regulacja pozwala na stosowanie z materia\u0142em o grubo\u015bci do 6mm.<\/p>\n<p>&nbsp;<\/p>\n<p style=\"text-align: center;\"><img loading=\"lazy\" decoding=\"async\" class=\"aligncenter size-medium wp-image-5521\" src=\"https:\/\/www.drewnianamagia.pl\/wp-content\/uploads\/2025\/01\/mocowanie-04-300x300.jpg\" alt=\"uchwyt na sklejke - mocowanie do plastra miodu\" width=\"300\" height=\"300\" srcset=\"https:\/\/www.drewnianamagia.pl\/wp-content\/uploads\/2025\/01\/mocowanie-04-300x300.jpg 300w, https:\/\/www.drewnianamagia.pl\/wp-content\/uploads\/2025\/01\/mocowanie-04-324x324.jpg 324w, https:\/\/www.drewnianamagia.pl\/wp-content\/uploads\/2025\/01\/mocowanie-04-100x100.jpg 100w, https:\/\/www.drewnianamagia.pl\/wp-content\/uploads\/2025\/01\/mocowanie-04-416x416.jpg 416w, https:\/\/www.drewnianamagia.pl\/wp-content\/uploads\/2025\/01\/mocowanie-04-150x150.jpg 150w, https:\/\/www.drewnianamagia.pl\/wp-content\/uploads\/2025\/01\/mocowanie-04.jpg 500w\" sizes=\"auto, (max-width: 300px) 100vw, 300px\" \/><\/p>\n<p><strong>Dane szczeg\u00f3\u0142owe:<\/strong><\/p>\n<ul>\n<li>\u015brednica pier\u015bcienia dolnego &#8211; 20mm<\/li>\n<li>\u015brednica pier\u015bcienia g\u00f3rnego &#8211; 22mm<\/li>\n<li>\u015brednica spinki (element wciskany w plaster miodu) &#8211; 9,5mm<\/li>\n<li>d\u0142ugo\u015b\u0107 spinki &#8211; 15mm<\/li>\n<li>grubo\u015b\u0107 pier\u015bcieni (dolny zintegrowowany ze spink\u0105, g\u00f3rny z gwintem) &#8211; 2mm<\/li>\n<li>regulacja dystansu miedzy pier\u015bcieniami 0-6 mm<\/li>\n<\/ul>\n<p><img loading=\"lazy\" decoding=\"async\" class=\"aligncenter size-medium wp-image-5519\" src=\"https:\/\/www.drewnianamagia.pl\/wp-content\/uploads\/2025\/01\/mocowanie-06-300x300.jpg\" alt=\"uchwyt na sklejke - mocowanie do plastra miodu\" width=\"300\" height=\"300\" srcset=\"https:\/\/www.drewnianamagia.pl\/wp-content\/uploads\/2025\/01\/mocowanie-06-300x300.jpg 300w, https:\/\/www.drewnianamagia.pl\/wp-content\/uploads\/2025\/01\/mocowanie-06-324x324.jpg 324w, https:\/\/www.drewnianamagia.pl\/wp-content\/uploads\/2025\/01\/mocowanie-06-100x100.jpg 100w, https:\/\/www.drewnianamagia.pl\/wp-content\/uploads\/2025\/01\/mocowanie-06-416x416.jpg 416w, https:\/\/www.drewnianamagia.pl\/wp-content\/uploads\/2025\/01\/mocowanie-06-150x150.jpg 150w, https:\/\/www.drewnianamagia.pl\/wp-content\/uploads\/2025\/01\/mocowanie-06.jpg 500w\" sizes=\"auto, (max-width: 300px) 100vw, 300px\" \/><\/p>\n<p>&nbsp;<\/p>\n<p>Cz\u0119ste wciskanie i wyci\u0105ganie spinki z plastra miodu przyczynia si\u0119 do zu\u017cycia produktu (wycieranie) &#8211; jest to naturalny proces zu\u017cycia.<\/p>\n<p>Zbyt mocne dokr\u0119canie g\u00f3rnego pier\u015bcienia mo\u017ce doprowadzi\u0107 do zerwania gwintu.<\/p>\n<p>&nbsp;<\/p>\n<p>Produkt wykonany w technologii druku 3D FDM poprzez warstwowe osadzanie topionego materia\u0142u.<\/p>\n<p>Kolory mog\u0105 si\u0119 nieznacznie r\u00f3\u017cni\u0107 od tych zaprezentowanych w ofercie w zale\u017cno\u015bci od ustawie\u0144 wy\u015bwietlania ekranu. Mo\u017cliwe s\u0105 drobne niedoskona\u0142o\u015bci (zw\u0142aszcza w przypadku drobnych element\u00f3w) charakterystyczne dla tej technologii produkcji, kt\u00f3re nie maj\u0105 wp\u0142ywu na funkcjonalno\u015b\u0107.<\/p>\n","protected":false},"excerpt":{"rendered":"<p>Uchwyty na sklejk\u0119 do sto\u0142u typu &#8222;plaster miodu&#8221; Zestaw 8szt. &#8211; regulowanych uchwyt\u00f3w roboczych do sto\u0142u &#8222;plaster miodu&#8221; Produkt zaprojektowany z my\u015bl\u0105 o u\u017cytkownikach laser\u00f3w, kt\u00f3rzy borykaj\u0105 si\u0119 obr\u00f3bk\u0105 krzywego materia\u0142u (sklejka, mdf itp) oraz tych, kt\u00f3rzy chc\u0105 ograniczy\u0107 czasoch\u0142onne oczyszczanie sklejki z okopce\u0144 powstaj\u0105cych pod sklejk\u0105 w procesie wycinania laserowego. &nbsp; Zastosowanie uchwyt\u00f3w powoduje [&hellip;]<\/p>\n","protected":false},"featured_media":5520,"comment_status":"open","ping_status":"closed","template":"","meta":{"_acf_changed":false},"product_brand":[],"product_cat":[170,29],"product_tag":[171,173,174,175],"class_list":{"0":"post-5539","1":"product","2":"type-product","3":"status-publish","4":"has-post-thumbnail","6":"product_cat-druk-3d","7":"product_cat-pozostale","8":"product_tag-druk-3d","9":"product_tag-laser","10":"product_tag-mocowanie","11":"product_tag-plaster-miodu","13":"first","14":"outofstock","15":"taxable","16":"shipping-taxable","17":"purchasable","18":"product-type-simple"},"acf":[],"yoast_head":"<!-- This site is optimized with the Yoast SEO plugin v27.5 - https:\/\/yoast.com\/product\/yoast-seo-wordpress\/ -->\n<title>Uchwyty na sklejk\u0119 do sto\u0142u - &quot;plaster miodu&quot; - Drewniana Magia<\/title>\n<meta name=\"description\" content=\"Zestaw uchwyt\u00f3w na sklejk\u0119 do plastra miodu. Zapobiegaj przesuwaniu i zniweluj nier\u00f3wno\u015bci materia\u0142u oraz ogranicz okopcenia.\" \/>\n<meta name=\"robots\" content=\"index, follow, max-snippet:-1, max-image-preview:large, max-video-preview:-1\" \/>\n<link rel=\"canonical\" href=\"https:\/\/www.drewnianamagia.pl\/index.php\/produkt\/uchwyty-na-sklejke-do-stolu-plaster-miodu\/\" \/>\n<meta property=\"og:locale\" content=\"pl_PL\" \/>\n<meta property=\"og:type\" content=\"article\" \/>\n<meta property=\"og:title\" content=\"Uchwyty na sklejk\u0119 do sto\u0142u - &quot;plaster miodu&quot; - Drewniana Magia\" \/>\n<meta property=\"og:description\" content=\"Zestaw uchwyt\u00f3w na sklejk\u0119 do plastra miodu. Zapobiegaj przesuwaniu i zniweluj nier\u00f3wno\u015bci materia\u0142u oraz ogranicz okopcenia.\" \/>\n<meta property=\"og:url\" content=\"https:\/\/www.drewnianamagia.pl\/index.php\/produkt\/uchwyty-na-sklejke-do-stolu-plaster-miodu\/\" \/>\n<meta property=\"og:site_name\" content=\"Drewniana Magia\" \/>\n<meta property=\"article:publisher\" content=\"https:\/\/facebook.com\/BelasDrewnianaMagia\" \/>\n<meta property=\"article:modified_time\" content=\"2025-09-16T11:57:28+00:00\" \/>\n<meta property=\"og:image\" content=\"https:\/\/www.drewnianamagia.pl\/wp-content\/uploads\/2025\/01\/mocowanie-05.jpg\" \/>\n\t<meta property=\"og:image:width\" content=\"500\" \/>\n\t<meta property=\"og:image:height\" content=\"500\" \/>\n\t<meta property=\"og:image:type\" content=\"image\/jpeg\" \/>\n<meta name=\"twitter:card\" content=\"summary_large_image\" \/>\n<meta name=\"twitter:label1\" content=\"Szacowany czas czytania\" \/>\n\t<meta name=\"twitter:data1\" content=\"3 minuty\" \/>\n<script type=\"application\/ld+json\" class=\"yoast-schema-graph\">{\"@context\":\"https:\\\/\\\/schema.org\",\"@graph\":[{\"@type\":\"WebPage\",\"@id\":\"https:\\\/\\\/www.drewnianamagia.pl\\\/index.php\\\/produkt\\\/uchwyty-na-sklejke-do-stolu-plaster-miodu\\\/\",\"url\":\"https:\\\/\\\/www.drewnianamagia.pl\\\/index.php\\\/produkt\\\/uchwyty-na-sklejke-do-stolu-plaster-miodu\\\/\",\"name\":\"Uchwyty na sklejk\u0119 do sto\u0142u - \\\"plaster miodu\\\" - Drewniana Magia\",\"isPartOf\":{\"@id\":\"https:\\\/\\\/www.drewnianamagia.pl\\\/#website\"},\"primaryImageOfPage\":{\"@id\":\"https:\\\/\\\/www.drewnianamagia.pl\\\/index.php\\\/produkt\\\/uchwyty-na-sklejke-do-stolu-plaster-miodu\\\/#primaryimage\"},\"image\":{\"@id\":\"https:\\\/\\\/www.drewnianamagia.pl\\\/index.php\\\/produkt\\\/uchwyty-na-sklejke-do-stolu-plaster-miodu\\\/#primaryimage\"},\"thumbnailUrl\":\"https:\\\/\\\/www.drewnianamagia.pl\\\/wp-content\\\/uploads\\\/2025\\\/01\\\/mocowanie-05.jpg\",\"datePublished\":\"2025-01-10T11:24:56+00:00\",\"dateModified\":\"2025-09-16T11:57:28+00:00\",\"description\":\"Zestaw uchwyt\u00f3w na sklejk\u0119 do plastra miodu. Zapobiegaj przesuwaniu i zniweluj nier\u00f3wno\u015bci materia\u0142u oraz ogranicz okopcenia.\",\"breadcrumb\":{\"@id\":\"https:\\\/\\\/www.drewnianamagia.pl\\\/index.php\\\/produkt\\\/uchwyty-na-sklejke-do-stolu-plaster-miodu\\\/#breadcrumb\"},\"inLanguage\":\"pl-PL\",\"potentialAction\":[{\"@type\":\"ReadAction\",\"target\":[\"https:\\\/\\\/www.drewnianamagia.pl\\\/index.php\\\/produkt\\\/uchwyty-na-sklejke-do-stolu-plaster-miodu\\\/\"]}]},{\"@type\":\"ImageObject\",\"inLanguage\":\"pl-PL\",\"@id\":\"https:\\\/\\\/www.drewnianamagia.pl\\\/index.php\\\/produkt\\\/uchwyty-na-sklejke-do-stolu-plaster-miodu\\\/#primaryimage\",\"url\":\"https:\\\/\\\/www.drewnianamagia.pl\\\/wp-content\\\/uploads\\\/2025\\\/01\\\/mocowanie-05.jpg\",\"contentUrl\":\"https:\\\/\\\/www.drewnianamagia.pl\\\/wp-content\\\/uploads\\\/2025\\\/01\\\/mocowanie-05.jpg\",\"width\":500,\"height\":500,\"caption\":\"uchwyty do sto\u0142u typu plaster miodu\"},{\"@type\":\"BreadcrumbList\",\"@id\":\"https:\\\/\\\/www.drewnianamagia.pl\\\/index.php\\\/produkt\\\/uchwyty-na-sklejke-do-stolu-plaster-miodu\\\/#breadcrumb\",\"itemListElement\":[{\"@type\":\"ListItem\",\"position\":1,\"name\":\"Strona g\u0142\u00f3wna\",\"item\":\"https:\\\/\\\/www.drewnianamagia.pl\\\/\"},{\"@type\":\"ListItem\",\"position\":2,\"name\":\"Sklep\",\"item\":\"https:\\\/\\\/www.drewnianamagia.pl\\\/index.php\\\/sklep-internetowy-drewnianamagia\\\/\"},{\"@type\":\"ListItem\",\"position\":3,\"name\":\"Uchwyty na sklejk\u0119 do sto\u0142u &#8211; &#8222;plaster miodu&#8221;\"}]},{\"@type\":\"WebSite\",\"@id\":\"https:\\\/\\\/www.drewnianamagia.pl\\\/#website\",\"url\":\"https:\\\/\\\/www.drewnianamagia.pl\\\/\",\"name\":\"Drewniana Magia\",\"description\":\"Personalizowane prezenty i dekoracje z drewna i druku 3D, na ka\u017cd\u0105 okazj\u0119 i okoliczno\u015b\u0107. Urodziny, Chrzest, Przyj\u0119cie, \u015awi\u0119ta, \u015alub\",\"publisher\":{\"@id\":\"https:\\\/\\\/www.drewnianamagia.pl\\\/#organization\"},\"potentialAction\":[{\"@type\":\"SearchAction\",\"target\":{\"@type\":\"EntryPoint\",\"urlTemplate\":\"https:\\\/\\\/www.drewnianamagia.pl\\\/?s={search_term_string}\"},\"query-input\":{\"@type\":\"PropertyValueSpecification\",\"valueRequired\":true,\"valueName\":\"search_term_string\"}}],\"inLanguage\":\"pl-PL\"},{\"@type\":\"Organization\",\"@id\":\"https:\\\/\\\/www.drewnianamagia.pl\\\/#organization\",\"name\":\"Drewniana Magia\",\"url\":\"https:\\\/\\\/www.drewnianamagia.pl\\\/\",\"logo\":{\"@type\":\"ImageObject\",\"inLanguage\":\"pl-PL\",\"@id\":\"https:\\\/\\\/www.drewnianamagia.pl\\\/#\\\/schema\\\/logo\\\/image\\\/\",\"url\":\"https:\\\/\\\/www.drewnianamagia.pl\\\/wp-content\\\/uploads\\\/2024\\\/02\\\/cropped-LOGO-DrewnianaMagia-375x188-1.png\",\"contentUrl\":\"https:\\\/\\\/www.drewnianamagia.pl\\\/wp-content\\\/uploads\\\/2024\\\/02\\\/cropped-LOGO-DrewnianaMagia-375x188-1.png\",\"width\":374,\"height\":188,\"caption\":\"Drewniana Magia\"},\"image\":{\"@id\":\"https:\\\/\\\/www.drewnianamagia.pl\\\/#\\\/schema\\\/logo\\\/image\\\/\"},\"sameAs\":[\"https:\\\/\\\/facebook.com\\\/BelasDrewnianaMagia\"]}]}<\/script>\n<!-- \/ Yoast SEO plugin. -->","yoast_head_json":{"title":"Uchwyty na sklejk\u0119 do sto\u0142u - \"plaster miodu\" - Drewniana Magia","description":"Zestaw uchwyt\u00f3w na sklejk\u0119 do plastra miodu. Zapobiegaj przesuwaniu i zniweluj nier\u00f3wno\u015bci materia\u0142u oraz ogranicz okopcenia.","robots":{"index":"index","follow":"follow","max-snippet":"max-snippet:-1","max-image-preview":"max-image-preview:large","max-video-preview":"max-video-preview:-1"},"canonical":"https:\/\/www.drewnianamagia.pl\/index.php\/produkt\/uchwyty-na-sklejke-do-stolu-plaster-miodu\/","og_locale":"pl_PL","og_type":"article","og_title":"Uchwyty na sklejk\u0119 do sto\u0142u - \"plaster miodu\" - Drewniana Magia","og_description":"Zestaw uchwyt\u00f3w na sklejk\u0119 do plastra miodu. Zapobiegaj przesuwaniu i zniweluj nier\u00f3wno\u015bci materia\u0142u oraz ogranicz okopcenia.","og_url":"https:\/\/www.drewnianamagia.pl\/index.php\/produkt\/uchwyty-na-sklejke-do-stolu-plaster-miodu\/","og_site_name":"Drewniana Magia","article_publisher":"https:\/\/facebook.com\/BelasDrewnianaMagia","article_modified_time":"2025-09-16T11:57:28+00:00","og_image":[{"width":500,"height":500,"url":"https:\/\/www.drewnianamagia.pl\/wp-content\/uploads\/2025\/01\/mocowanie-05.jpg","type":"image\/jpeg"}],"twitter_card":"summary_large_image","twitter_misc":{"Szacowany czas czytania":"3 minuty"},"schema":{"@context":"https:\/\/schema.org","@graph":[{"@type":"WebPage","@id":"https:\/\/www.drewnianamagia.pl\/index.php\/produkt\/uchwyty-na-sklejke-do-stolu-plaster-miodu\/","url":"https:\/\/www.drewnianamagia.pl\/index.php\/produkt\/uchwyty-na-sklejke-do-stolu-plaster-miodu\/","name":"Uchwyty na sklejk\u0119 do sto\u0142u - \"plaster miodu\" - Drewniana Magia","isPartOf":{"@id":"https:\/\/www.drewnianamagia.pl\/#website"},"primaryImageOfPage":{"@id":"https:\/\/www.drewnianamagia.pl\/index.php\/produkt\/uchwyty-na-sklejke-do-stolu-plaster-miodu\/#primaryimage"},"image":{"@id":"https:\/\/www.drewnianamagia.pl\/index.php\/produkt\/uchwyty-na-sklejke-do-stolu-plaster-miodu\/#primaryimage"},"thumbnailUrl":"https:\/\/www.drewnianamagia.pl\/wp-content\/uploads\/2025\/01\/mocowanie-05.jpg","datePublished":"2025-01-10T11:24:56+00:00","dateModified":"2025-09-16T11:57:28+00:00","description":"Zestaw uchwyt\u00f3w na sklejk\u0119 do plastra miodu. Zapobiegaj przesuwaniu i zniweluj nier\u00f3wno\u015bci materia\u0142u oraz ogranicz okopcenia.","breadcrumb":{"@id":"https:\/\/www.drewnianamagia.pl\/index.php\/produkt\/uchwyty-na-sklejke-do-stolu-plaster-miodu\/#breadcrumb"},"inLanguage":"pl-PL","potentialAction":[{"@type":"ReadAction","target":["https:\/\/www.drewnianamagia.pl\/index.php\/produkt\/uchwyty-na-sklejke-do-stolu-plaster-miodu\/"]}]},{"@type":"ImageObject","inLanguage":"pl-PL","@id":"https:\/\/www.drewnianamagia.pl\/index.php\/produkt\/uchwyty-na-sklejke-do-stolu-plaster-miodu\/#primaryimage","url":"https:\/\/www.drewnianamagia.pl\/wp-content\/uploads\/2025\/01\/mocowanie-05.jpg","contentUrl":"https:\/\/www.drewnianamagia.pl\/wp-content\/uploads\/2025\/01\/mocowanie-05.jpg","width":500,"height":500,"caption":"uchwyty do sto\u0142u typu plaster miodu"},{"@type":"BreadcrumbList","@id":"https:\/\/www.drewnianamagia.pl\/index.php\/produkt\/uchwyty-na-sklejke-do-stolu-plaster-miodu\/#breadcrumb","itemListElement":[{"@type":"ListItem","position":1,"name":"Strona g\u0142\u00f3wna","item":"https:\/\/www.drewnianamagia.pl\/"},{"@type":"ListItem","position":2,"name":"Sklep","item":"https:\/\/www.drewnianamagia.pl\/index.php\/sklep-internetowy-drewnianamagia\/"},{"@type":"ListItem","position":3,"name":"Uchwyty na sklejk\u0119 do sto\u0142u &#8211; &#8222;plaster miodu&#8221;"}]},{"@type":"WebSite","@id":"https:\/\/www.drewnianamagia.pl\/#website","url":"https:\/\/www.drewnianamagia.pl\/","name":"Drewniana Magia","description":"Personalizowane prezenty i dekoracje z drewna i druku 3D, na ka\u017cd\u0105 okazj\u0119 i okoliczno\u015b\u0107. Urodziny, Chrzest, Przyj\u0119cie, \u015awi\u0119ta, \u015alub","publisher":{"@id":"https:\/\/www.drewnianamagia.pl\/#organization"},"potentialAction":[{"@type":"SearchAction","target":{"@type":"EntryPoint","urlTemplate":"https:\/\/www.drewnianamagia.pl\/?s={search_term_string}"},"query-input":{"@type":"PropertyValueSpecification","valueRequired":true,"valueName":"search_term_string"}}],"inLanguage":"pl-PL"},{"@type":"Organization","@id":"https:\/\/www.drewnianamagia.pl\/#organization","name":"Drewniana Magia","url":"https:\/\/www.drewnianamagia.pl\/","logo":{"@type":"ImageObject","inLanguage":"pl-PL","@id":"https:\/\/www.drewnianamagia.pl\/#\/schema\/logo\/image\/","url":"https:\/\/www.drewnianamagia.pl\/wp-content\/uploads\/2024\/02\/cropped-LOGO-DrewnianaMagia-375x188-1.png","contentUrl":"https:\/\/www.drewnianamagia.pl\/wp-content\/uploads\/2024\/02\/cropped-LOGO-DrewnianaMagia-375x188-1.png","width":374,"height":188,"caption":"Drewniana Magia"},"image":{"@id":"https:\/\/www.drewnianamagia.pl\/#\/schema\/logo\/image\/"},"sameAs":["https:\/\/facebook.com\/BelasDrewnianaMagia"]}]}},"_links":{"self":[{"href":"https:\/\/www.drewnianamagia.pl\/index.php\/wp-json\/wp\/v2\/product\/5539","targetHints":{"allow":["GET"]}}],"collection":[{"href":"https:\/\/www.drewnianamagia.pl\/index.php\/wp-json\/wp\/v2\/product"}],"about":[{"href":"https:\/\/www.drewnianamagia.pl\/index.php\/wp-json\/wp\/v2\/types\/product"}],"replies":[{"embeddable":true,"href":"https:\/\/www.drewnianamagia.pl\/index.php\/wp-json\/wp\/v2\/comments?post=5539"}],"wp:featuredmedia":[{"embeddable":true,"href":"https:\/\/www.drewnianamagia.pl\/index.php\/wp-json\/wp\/v2\/media\/5520"}],"wp:attachment":[{"href":"https:\/\/www.drewnianamagia.pl\/index.php\/wp-json\/wp\/v2\/media?parent=5539"}],"wp:term":[{"taxonomy":"product_brand","embeddable":true,"href":"https:\/\/www.drewnianamagia.pl\/index.php\/wp-json\/wp\/v2\/product_brand?post=5539"},{"taxonomy":"product_cat","embeddable":true,"href":"https:\/\/www.drewnianamagia.pl\/index.php\/wp-json\/wp\/v2\/product_cat?post=5539"},{"taxonomy":"product_tag","embeddable":true,"href":"https:\/\/www.drewnianamagia.pl\/index.php\/wp-json\/wp\/v2\/product_tag?post=5539"}],"curies":[{"name":"wp","href":"https:\/\/api.w.org\/{rel}","templated":true}]}}