{"id":5123,"date":"2024-12-13T09:55:42","date_gmt":"2024-12-13T08:55:42","guid":{"rendered":"https:\/\/www.drewnianamagia.pl\/?post_type=product&#038;p=5123"},"modified":"2026-01-03T09:42:16","modified_gmt":"2026-01-03T08:42:16","slug":"bombka-personalizowana-sweterek-rozne-wzory","status":"publish","type":"product","link":"https:\/\/www.drewnianamagia.pl\/index.php\/produkt\/bombka-personalizowana-sweterek-rozne-wzory\/","title":{"rendered":"Bombka personalizowana &#8222;sweterek&#8221; &#8211; r\u00f3\u017cne wzory"},"content":{"rendered":"<h3 style=\"text-align: center;\"><strong>Bombka personalizowana &#8222;sweterek&#8221; &#8211; r\u00f3\u017cne wzory<\/strong><\/h3>\n<p>Zapraszamy do zapoznania si\u0119 z wyj\u0105tkow\u0105 bombk\u0105 drewnian\u0105 w kszta\u0142cie \u015awi\u0105tecznego sweterka. Do wyboru a\u017c 29 wzor\u00f3w! Ta urocza ozdoba \u015bwi\u0105teczna jest nie tylko elegancka, ale tak\u017ce personalizowana, dzi\u0119ki czemu stanie si\u0119 niezapomnianym akcentem podczas Bo\u017cego Narodzenia. Nasza bombka wykonana jest z najwy\u017cszej jako\u015bci sklejki, r\u0119cznie szlifowana z wyra\u017anym i trwa\u0142ym grawerem co zapewnia jej wyj\u0105tkowy urok.<\/p>\n<p>Oferta dotyczy 1szt.<\/p>\n<h4><strong>Personalizacja:<\/strong><\/h4>\n<ul>\n<li>Podaj nr wzoru (przedstawione na zdj\u0119ciach)<\/li>\n<li>Podaj imi\u0119 jakie ma zosta\u0107 wygrawerowane.<\/li>\n<li>W przypadku braku powy\u017cszych informacji zostanie wykonana bombka jak na zdj\u0119ciu g\u0142\u00f3wnym (wz\u00f3r W10) bez imienia.<\/li>\n<\/ul>\n<p><img loading=\"lazy\" decoding=\"async\" class=\"aligncenter size-medium wp-image-5118\" src=\"https:\/\/www.drewnianamagia.pl\/wp-content\/uploads\/2024\/12\/bombka-sweterek-sceneria-300x300.png\" alt=\"bombka sweterek personalizowana\" width=\"300\" height=\"300\" srcset=\"https:\/\/www.drewnianamagia.pl\/wp-content\/uploads\/2024\/12\/bombka-sweterek-sceneria-300x300.png 300w, https:\/\/www.drewnianamagia.pl\/wp-content\/uploads\/2024\/12\/bombka-sweterek-sceneria-324x324.png 324w, https:\/\/www.drewnianamagia.pl\/wp-content\/uploads\/2024\/12\/bombka-sweterek-sceneria-100x100.png 100w, https:\/\/www.drewnianamagia.pl\/wp-content\/uploads\/2024\/12\/bombka-sweterek-sceneria-416x416.png 416w, https:\/\/www.drewnianamagia.pl\/wp-content\/uploads\/2024\/12\/bombka-sweterek-sceneria-1024x1024.png 1024w, https:\/\/www.drewnianamagia.pl\/wp-content\/uploads\/2024\/12\/bombka-sweterek-sceneria-150x150.png 150w, https:\/\/www.drewnianamagia.pl\/wp-content\/uploads\/2024\/12\/bombka-sweterek-sceneria-768x768.png 768w, https:\/\/www.drewnianamagia.pl\/wp-content\/uploads\/2024\/12\/bombka-sweterek-sceneria.png 1500w\" sizes=\"auto, (max-width: 300px) 100vw, 300px\" \/><\/p>\n<h4><strong>parametry produktu:<\/strong><\/h4>\n<ul>\n<li>Szeroko\u015b\u0107: 8cm<\/li>\n<li>Wysoko\u015b\u0107: 7,5 cm<\/li>\n<li>Grubo\u015b\u0107: ok 3mm<\/li>\n<li>Materia\u0142: sklejka drewniana wycinana laserowo<\/li>\n<li>Produkt r\u0119cznie szlifowany<\/li>\n<li>W zestawie ok. 20cm sznurka jutowego do zawieszenia.<\/li>\n<li>Grawer jednostronny<\/li>\n<\/ul>\n<p>&nbsp;<\/p>\n<p>Kolory i struktura mog\u0105 si\u0119 od siebie r\u00f3\u017cni\u0107 poniewa\u017c wynikaj\u0105 z naturalnych w\u0142a\u015bciwo\u015bci drewna.<\/p>\n","protected":false},"excerpt":{"rendered":"<p>Bombka personalizowana &#8222;sweterek&#8221; &#8211; r\u00f3\u017cne wzory Zapraszamy do zapoznania si\u0119 z wyj\u0105tkow\u0105 bombk\u0105 drewnian\u0105 w kszta\u0142cie \u015awi\u0105tecznego sweterka. Do wyboru a\u017c 29 wzor\u00f3w! Ta urocza ozdoba \u015bwi\u0105teczna jest nie tylko elegancka, ale tak\u017ce personalizowana, dzi\u0119ki czemu stanie si\u0119 niezapomnianym akcentem podczas Bo\u017cego Narodzenia. Nasza bombka wykonana jest z najwy\u017cszej jako\u015bci sklejki, r\u0119cznie szlifowana z wyra\u017anym [&hellip;]<\/p>\n","protected":false},"featured_media":5108,"comment_status":"open","ping_status":"closed","template":"","meta":{"_acf_changed":false},"product_brand":[],"product_cat":[151,49],"product_tag":[161,86,54,55,77],"class_list":{"0":"post-5123","1":"product","2":"type-product","3":"status-publish","4":"has-post-thumbnail","6":"product_cat-bombki","7":"product_cat-dekoracje","8":"product_tag-bombki","9":"product_tag-ozdoby-choinkowe","10":"product_tag-personalizacja","11":"product_tag-prezent","12":"product_tag-swieta","14":"first","15":"instock","16":"taxable","17":"shipping-taxable","18":"purchasable","19":"product-type-simple"},"acf":[],"yoast_head":"<!-- This site is optimized with the Yoast SEO plugin v27.5 - https:\/\/yoast.com\/product\/yoast-seo-wordpress\/ -->\n<title>Bombka personalizowana &quot;sweterek&quot; - r\u00f3\u017cne wzory - Drewniana Magia<\/title>\n<meta name=\"description\" content=\"Personalizowana bombka wykonana z wysokiej jako\u015bci sklejki. Lekka i delikatna a zarazem wytrzyma\u0142a. Wyj\u0105tkowy upominek oraz ozdoba \u015bwi\u0105t - a\u017c 29 wzor\u00f3w!\" \/>\n<meta name=\"robots\" content=\"index, follow, max-snippet:-1, max-image-preview:large, max-video-preview:-1\" \/>\n<link rel=\"canonical\" href=\"https:\/\/www.drewnianamagia.pl\/index.php\/produkt\/bombka-personalizowana-sweterek-rozne-wzory\/\" \/>\n<meta property=\"og:locale\" content=\"pl_PL\" \/>\n<meta property=\"og:type\" content=\"article\" \/>\n<meta property=\"og:title\" content=\"Bombka personalizowana &quot;sweterek&quot; - r\u00f3\u017cne wzory - Drewniana Magia\" \/>\n<meta property=\"og:description\" content=\"Personalizowana bombka wykonana z wysokiej jako\u015bci sklejki. Lekka i delikatna a zarazem wytrzyma\u0142a. Wyj\u0105tkowy upominek oraz ozdoba \u015bwi\u0105t - a\u017c 29 wzor\u00f3w!\" \/>\n<meta property=\"og:url\" content=\"https:\/\/www.drewnianamagia.pl\/index.php\/produkt\/bombka-personalizowana-sweterek-rozne-wzory\/\" \/>\n<meta property=\"og:site_name\" content=\"Drewniana Magia\" \/>\n<meta property=\"article:publisher\" content=\"https:\/\/facebook.com\/BelasDrewnianaMagia\" \/>\n<meta property=\"article:modified_time\" content=\"2026-01-03T08:42:16+00:00\" \/>\n<meta property=\"og:image\" content=\"https:\/\/www.drewnianamagia.pl\/wp-content\/uploads\/2024\/12\/bombka-sweterek-1.png\" \/>\n\t<meta property=\"og:image:width\" content=\"1500\" \/>\n\t<meta property=\"og:image:height\" content=\"1500\" \/>\n\t<meta property=\"og:image:type\" content=\"image\/png\" \/>\n<meta name=\"twitter:card\" content=\"summary_large_image\" \/>\n<meta name=\"twitter:label1\" content=\"Szacowany czas czytania\" \/>\n\t<meta name=\"twitter:data1\" content=\"2 minuty\" \/>\n<script type=\"application\/ld+json\" class=\"yoast-schema-graph\">{\"@context\":\"https:\\\/\\\/schema.org\",\"@graph\":[{\"@type\":\"WebPage\",\"@id\":\"https:\\\/\\\/www.drewnianamagia.pl\\\/index.php\\\/produkt\\\/bombka-personalizowana-sweterek-rozne-wzory\\\/\",\"url\":\"https:\\\/\\\/www.drewnianamagia.pl\\\/index.php\\\/produkt\\\/bombka-personalizowana-sweterek-rozne-wzory\\\/\",\"name\":\"Bombka personalizowana \\\"sweterek\\\" - r\u00f3\u017cne wzory - Drewniana Magia\",\"isPartOf\":{\"@id\":\"https:\\\/\\\/www.drewnianamagia.pl\\\/#website\"},\"primaryImageOfPage\":{\"@id\":\"https:\\\/\\\/www.drewnianamagia.pl\\\/index.php\\\/produkt\\\/bombka-personalizowana-sweterek-rozne-wzory\\\/#primaryimage\"},\"image\":{\"@id\":\"https:\\\/\\\/www.drewnianamagia.pl\\\/index.php\\\/produkt\\\/bombka-personalizowana-sweterek-rozne-wzory\\\/#primaryimage\"},\"thumbnailUrl\":\"https:\\\/\\\/www.drewnianamagia.pl\\\/wp-content\\\/uploads\\\/2024\\\/12\\\/bombka-sweterek-1.png\",\"datePublished\":\"2024-12-13T08:55:42+00:00\",\"dateModified\":\"2026-01-03T08:42:16+00:00\",\"description\":\"Personalizowana bombka wykonana z wysokiej jako\u015bci sklejki. Lekka i delikatna a zarazem wytrzyma\u0142a. Wyj\u0105tkowy upominek oraz ozdoba \u015bwi\u0105t - a\u017c 29 wzor\u00f3w!\",\"breadcrumb\":{\"@id\":\"https:\\\/\\\/www.drewnianamagia.pl\\\/index.php\\\/produkt\\\/bombka-personalizowana-sweterek-rozne-wzory\\\/#breadcrumb\"},\"inLanguage\":\"pl-PL\",\"potentialAction\":[{\"@type\":\"ReadAction\",\"target\":[\"https:\\\/\\\/www.drewnianamagia.pl\\\/index.php\\\/produkt\\\/bombka-personalizowana-sweterek-rozne-wzory\\\/\"]}]},{\"@type\":\"ImageObject\",\"inLanguage\":\"pl-PL\",\"@id\":\"https:\\\/\\\/www.drewnianamagia.pl\\\/index.php\\\/produkt\\\/bombka-personalizowana-sweterek-rozne-wzory\\\/#primaryimage\",\"url\":\"https:\\\/\\\/www.drewnianamagia.pl\\\/wp-content\\\/uploads\\\/2024\\\/12\\\/bombka-sweterek-1.png\",\"contentUrl\":\"https:\\\/\\\/www.drewnianamagia.pl\\\/wp-content\\\/uploads\\\/2024\\\/12\\\/bombka-sweterek-1.png\",\"width\":1500,\"height\":1500,\"caption\":\"bombka - sweterek\"},{\"@type\":\"BreadcrumbList\",\"@id\":\"https:\\\/\\\/www.drewnianamagia.pl\\\/index.php\\\/produkt\\\/bombka-personalizowana-sweterek-rozne-wzory\\\/#breadcrumb\",\"itemListElement\":[{\"@type\":\"ListItem\",\"position\":1,\"name\":\"Strona g\u0142\u00f3wna\",\"item\":\"https:\\\/\\\/www.drewnianamagia.pl\\\/\"},{\"@type\":\"ListItem\",\"position\":2,\"name\":\"Sklep\",\"item\":\"https:\\\/\\\/www.drewnianamagia.pl\\\/index.php\\\/sklep-internetowy-drewnianamagia\\\/\"},{\"@type\":\"ListItem\",\"position\":3,\"name\":\"Bombka personalizowana &#8222;sweterek&#8221; &#8211; r\u00f3\u017cne wzory\"}]},{\"@type\":\"WebSite\",\"@id\":\"https:\\\/\\\/www.drewnianamagia.pl\\\/#website\",\"url\":\"https:\\\/\\\/www.drewnianamagia.pl\\\/\",\"name\":\"Drewniana Magia\",\"description\":\"Personalizowane prezenty i dekoracje z drewna i druku 3D, na ka\u017cd\u0105 okazj\u0119 i okoliczno\u015b\u0107. Urodziny, Chrzest, Przyj\u0119cie, \u015awi\u0119ta, \u015alub\",\"publisher\":{\"@id\":\"https:\\\/\\\/www.drewnianamagia.pl\\\/#organization\"},\"potentialAction\":[{\"@type\":\"SearchAction\",\"target\":{\"@type\":\"EntryPoint\",\"urlTemplate\":\"https:\\\/\\\/www.drewnianamagia.pl\\\/?s={search_term_string}\"},\"query-input\":{\"@type\":\"PropertyValueSpecification\",\"valueRequired\":true,\"valueName\":\"search_term_string\"}}],\"inLanguage\":\"pl-PL\"},{\"@type\":\"Organization\",\"@id\":\"https:\\\/\\\/www.drewnianamagia.pl\\\/#organization\",\"name\":\"Drewniana Magia\",\"url\":\"https:\\\/\\\/www.drewnianamagia.pl\\\/\",\"logo\":{\"@type\":\"ImageObject\",\"inLanguage\":\"pl-PL\",\"@id\":\"https:\\\/\\\/www.drewnianamagia.pl\\\/#\\\/schema\\\/logo\\\/image\\\/\",\"url\":\"https:\\\/\\\/www.drewnianamagia.pl\\\/wp-content\\\/uploads\\\/2024\\\/02\\\/cropped-LOGO-DrewnianaMagia-375x188-1.png\",\"contentUrl\":\"https:\\\/\\\/www.drewnianamagia.pl\\\/wp-content\\\/uploads\\\/2024\\\/02\\\/cropped-LOGO-DrewnianaMagia-375x188-1.png\",\"width\":374,\"height\":188,\"caption\":\"Drewniana Magia\"},\"image\":{\"@id\":\"https:\\\/\\\/www.drewnianamagia.pl\\\/#\\\/schema\\\/logo\\\/image\\\/\"},\"sameAs\":[\"https:\\\/\\\/facebook.com\\\/BelasDrewnianaMagia\"]}]}<\/script>\n<!-- \/ Yoast SEO plugin. -->","yoast_head_json":{"title":"Bombka personalizowana \"sweterek\" - r\u00f3\u017cne wzory - Drewniana Magia","description":"Personalizowana bombka wykonana z wysokiej jako\u015bci sklejki. Lekka i delikatna a zarazem wytrzyma\u0142a. Wyj\u0105tkowy upominek oraz ozdoba \u015bwi\u0105t - a\u017c 29 wzor\u00f3w!","robots":{"index":"index","follow":"follow","max-snippet":"max-snippet:-1","max-image-preview":"max-image-preview:large","max-video-preview":"max-video-preview:-1"},"canonical":"https:\/\/www.drewnianamagia.pl\/index.php\/produkt\/bombka-personalizowana-sweterek-rozne-wzory\/","og_locale":"pl_PL","og_type":"article","og_title":"Bombka personalizowana \"sweterek\" - r\u00f3\u017cne wzory - Drewniana Magia","og_description":"Personalizowana bombka wykonana z wysokiej jako\u015bci sklejki. Lekka i delikatna a zarazem wytrzyma\u0142a. Wyj\u0105tkowy upominek oraz ozdoba \u015bwi\u0105t - a\u017c 29 wzor\u00f3w!","og_url":"https:\/\/www.drewnianamagia.pl\/index.php\/produkt\/bombka-personalizowana-sweterek-rozne-wzory\/","og_site_name":"Drewniana Magia","article_publisher":"https:\/\/facebook.com\/BelasDrewnianaMagia","article_modified_time":"2026-01-03T08:42:16+00:00","og_image":[{"width":1500,"height":1500,"url":"https:\/\/www.drewnianamagia.pl\/wp-content\/uploads\/2024\/12\/bombka-sweterek-1.png","type":"image\/png"}],"twitter_card":"summary_large_image","twitter_misc":{"Szacowany czas czytania":"2 minuty"},"schema":{"@context":"https:\/\/schema.org","@graph":[{"@type":"WebPage","@id":"https:\/\/www.drewnianamagia.pl\/index.php\/produkt\/bombka-personalizowana-sweterek-rozne-wzory\/","url":"https:\/\/www.drewnianamagia.pl\/index.php\/produkt\/bombka-personalizowana-sweterek-rozne-wzory\/","name":"Bombka personalizowana \"sweterek\" - r\u00f3\u017cne wzory - Drewniana Magia","isPartOf":{"@id":"https:\/\/www.drewnianamagia.pl\/#website"},"primaryImageOfPage":{"@id":"https:\/\/www.drewnianamagia.pl\/index.php\/produkt\/bombka-personalizowana-sweterek-rozne-wzory\/#primaryimage"},"image":{"@id":"https:\/\/www.drewnianamagia.pl\/index.php\/produkt\/bombka-personalizowana-sweterek-rozne-wzory\/#primaryimage"},"thumbnailUrl":"https:\/\/www.drewnianamagia.pl\/wp-content\/uploads\/2024\/12\/bombka-sweterek-1.png","datePublished":"2024-12-13T08:55:42+00:00","dateModified":"2026-01-03T08:42:16+00:00","description":"Personalizowana bombka wykonana z wysokiej jako\u015bci sklejki. Lekka i delikatna a zarazem wytrzyma\u0142a. Wyj\u0105tkowy upominek oraz ozdoba \u015bwi\u0105t - a\u017c 29 wzor\u00f3w!","breadcrumb":{"@id":"https:\/\/www.drewnianamagia.pl\/index.php\/produkt\/bombka-personalizowana-sweterek-rozne-wzory\/#breadcrumb"},"inLanguage":"pl-PL","potentialAction":[{"@type":"ReadAction","target":["https:\/\/www.drewnianamagia.pl\/index.php\/produkt\/bombka-personalizowana-sweterek-rozne-wzory\/"]}]},{"@type":"ImageObject","inLanguage":"pl-PL","@id":"https:\/\/www.drewnianamagia.pl\/index.php\/produkt\/bombka-personalizowana-sweterek-rozne-wzory\/#primaryimage","url":"https:\/\/www.drewnianamagia.pl\/wp-content\/uploads\/2024\/12\/bombka-sweterek-1.png","contentUrl":"https:\/\/www.drewnianamagia.pl\/wp-content\/uploads\/2024\/12\/bombka-sweterek-1.png","width":1500,"height":1500,"caption":"bombka - sweterek"},{"@type":"BreadcrumbList","@id":"https:\/\/www.drewnianamagia.pl\/index.php\/produkt\/bombka-personalizowana-sweterek-rozne-wzory\/#breadcrumb","itemListElement":[{"@type":"ListItem","position":1,"name":"Strona g\u0142\u00f3wna","item":"https:\/\/www.drewnianamagia.pl\/"},{"@type":"ListItem","position":2,"name":"Sklep","item":"https:\/\/www.drewnianamagia.pl\/index.php\/sklep-internetowy-drewnianamagia\/"},{"@type":"ListItem","position":3,"name":"Bombka personalizowana &#8222;sweterek&#8221; &#8211; r\u00f3\u017cne wzory"}]},{"@type":"WebSite","@id":"https:\/\/www.drewnianamagia.pl\/#website","url":"https:\/\/www.drewnianamagia.pl\/","name":"Drewniana Magia","description":"Personalizowane prezenty i dekoracje z drewna i druku 3D, na ka\u017cd\u0105 okazj\u0119 i okoliczno\u015b\u0107. Urodziny, Chrzest, Przyj\u0119cie, \u015awi\u0119ta, \u015alub","publisher":{"@id":"https:\/\/www.drewnianamagia.pl\/#organization"},"potentialAction":[{"@type":"SearchAction","target":{"@type":"EntryPoint","urlTemplate":"https:\/\/www.drewnianamagia.pl\/?s={search_term_string}"},"query-input":{"@type":"PropertyValueSpecification","valueRequired":true,"valueName":"search_term_string"}}],"inLanguage":"pl-PL"},{"@type":"Organization","@id":"https:\/\/www.drewnianamagia.pl\/#organization","name":"Drewniana Magia","url":"https:\/\/www.drewnianamagia.pl\/","logo":{"@type":"ImageObject","inLanguage":"pl-PL","@id":"https:\/\/www.drewnianamagia.pl\/#\/schema\/logo\/image\/","url":"https:\/\/www.drewnianamagia.pl\/wp-content\/uploads\/2024\/02\/cropped-LOGO-DrewnianaMagia-375x188-1.png","contentUrl":"https:\/\/www.drewnianamagia.pl\/wp-content\/uploads\/2024\/02\/cropped-LOGO-DrewnianaMagia-375x188-1.png","width":374,"height":188,"caption":"Drewniana Magia"},"image":{"@id":"https:\/\/www.drewnianamagia.pl\/#\/schema\/logo\/image\/"},"sameAs":["https:\/\/facebook.com\/BelasDrewnianaMagia"]}]}},"_links":{"self":[{"href":"https:\/\/www.drewnianamagia.pl\/index.php\/wp-json\/wp\/v2\/product\/5123","targetHints":{"allow":["GET"]}}],"collection":[{"href":"https:\/\/www.drewnianamagia.pl\/index.php\/wp-json\/wp\/v2\/product"}],"about":[{"href":"https:\/\/www.drewnianamagia.pl\/index.php\/wp-json\/wp\/v2\/types\/product"}],"replies":[{"embeddable":true,"href":"https:\/\/www.drewnianamagia.pl\/index.php\/wp-json\/wp\/v2\/comments?post=5123"}],"wp:featuredmedia":[{"embeddable":true,"href":"https:\/\/www.drewnianamagia.pl\/index.php\/wp-json\/wp\/v2\/media\/5108"}],"wp:attachment":[{"href":"https:\/\/www.drewnianamagia.pl\/index.php\/wp-json\/wp\/v2\/media?parent=5123"}],"wp:term":[{"taxonomy":"product_brand","embeddable":true,"href":"https:\/\/www.drewnianamagia.pl\/index.php\/wp-json\/wp\/v2\/product_brand?post=5123"},{"taxonomy":"product_cat","embeddable":true,"href":"https:\/\/www.drewnianamagia.pl\/index.php\/wp-json\/wp\/v2\/product_cat?post=5123"},{"taxonomy":"product_tag","embeddable":true,"href":"https:\/\/www.drewnianamagia.pl\/index.php\/wp-json\/wp\/v2\/product_tag?post=5123"}],"curies":[{"name":"wp","href":"https:\/\/api.w.org\/{rel}","templated":true}]}}