{"id":4310,"date":"2024-09-25T14:22:13","date_gmt":"2024-09-25T12:22:13","guid":{"rendered":"https:\/\/www.drewnianamagia.pl\/?post_type=product&#038;p=4310"},"modified":"2025-05-04T22:22:58","modified_gmt":"2025-05-04T20:22:58","slug":"drewniana-pamiatka-na-chrzest-z-koperta-personalizowana","status":"publish","type":"product","link":"https:\/\/www.drewnianamagia.pl\/index.php\/produkt\/drewniana-pamiatka-na-chrzest-z-koperta-personalizowana\/","title":{"rendered":"Pami\u0105tka Chrztu \u015awi\u0119tego z kopert\u0105 &#8211; personalizowana"},"content":{"rendered":"<h2 style=\"text-align: center;\"><b>Sk\u0142adana drewniana Pami\u0105tka z okazji Chrztu \u015awi\u0119tego<\/b><\/h2>\n<p>Wyj\u0105tkowa drewniana kartka na Chrzest z przymocowan\u0105 kopert\u0105 to idealny spos\u00f3b na wr\u0119czenie pieni\u0119dzy i przekazanie \u017cycze\u0144. Dzi\u0119ki takiej formie wr\u0119czysz trwa\u0142\u0105 pami\u0105tk\u0119 oraz przeka\u017cesz pi\u0119kne spersonalizowane \u017cyczenia.<\/p>\n<p>Kartk\u0119 wykonujemy z drewna, z grawerowan\u0105 ok\u0142adk\u0105 i wyci\u0119tym anio\u0142kiem.\u00a0 Ok\u0142adka zawiera tekst &#8222;Chrzest \u015awi\u0119ty&#8221; z imieniem dziecka grawerowany nad kszta\u0142tem wyci\u0119tego anio\u0142ka oraz dat\u0119 Chrztu na dole. Kolor anio\u0142ka zale\u017cny jest od wybranego koloru koperty. Wewn\u0105trz kartki znajduje si\u0119 przymocowana koperta, w kt\u00f3rej mo\u017cna bezpiecznie umie\u015bci\u0107 got\u00f3wk\u0119 lub inny prezent, zapewniaj\u0105c jego bezpieczne przechowanie. Dodatkowo, wn\u0119trze kartki zawiera wygrawerowane \u017cyczenia, kt\u00f3re mo\u017cna dostosowa\u0107 do w\u0142asnych potrzeb.<\/p>\n<p>Nasze kartki s\u0105 zaprojektowane i wykonane przez nas z dba\u0142o\u015bci\u0105 o ka\u017cdy detal. Staramy si\u0119 zachowa\u0107 najwy\u017csz\u0105 jako\u015b\u0107 produktu aby finalnie by\u0142 taki jak w ofercie, cho\u0107 kolory mog\u0105 nieznacznie r\u00f3\u017cni\u0107 si\u0119 od tych przedstawionych na zdj\u0119ciach.<\/p>\n<p>Ka\u017cdy produkt jest przed wysy\u0142k\u0105 r\u0119cznie szlifowany aby usun\u0105\u0107 wszelkie okopcenia powstaj\u0105ce w czasie produkcji.<\/p>\n<h4><strong>Nie zapomnij poda\u0107 istotnych danych dotycz\u0105cych personalizacji tego produktu:<\/strong><\/h4>\n<ol>\n<li>Imi\u0119 dziecka\u00a0 &#8211; na g\u00f3rze ok\u0142adki (podaj odmienione- tak jak mamy wygrawerowa\u0107<\/li>\n<li>Dat\u0119 Chrztu &#8211; dolna cz\u0119\u015b\u0107 kartki<\/li>\n<li>Tre\u015b\u0107 \u017cycze\u0144 &#8211; je\u015bli chcesz zmieni\u0107 te kt\u00f3re prezentujemy na zdj\u0119ciu produktu (je\u015bli maj\u0105 pozosta\u0107 bez zmian &#8211; nie uzupe\u0142niaj tego pola)<\/li>\n<li>Podpis pod \u017cyczeniami<\/li>\n<li>Wybierz kolor koperty (niebieska, czerwona, zielona lub r\u00f3\u017cowa)<\/li>\n<\/ol>\n<p style=\"text-align: center;\">\n<p><strong>Przyk\u0142ad poprawnie uzupe\u0142nionych p\u00f3l personalizacji do zam\u00f3wienia (bez zmiany tre\u015bci \u017cycze\u0144):<\/strong><\/p>\n<ol>\n<li>Igora<\/li>\n<li>21.09.2024<\/li>\n<li><\/li>\n<li>Z okazji Chrztu \u015awi\u0119tego Ciocia Regina i Wujek Dawid z Dziewczynkami<\/li>\n<li>Koperta niebieska<\/li>\n<\/ol>\n<p>&nbsp;<\/p>\n<h5><strong>SPECYFIKACJA:<\/strong><\/h5>\n<ul>\n<li>Materia\u0142: wysokiej jako\u015bci sklejka o grubo\u015bci ok 3mm<\/li>\n<li>Kolor: naturalny drewna<\/li>\n<li>Technika: grawer laserowy<\/li>\n<li>Wymiary: 17 x 13,5 cm<\/li>\n<li>\u017byczenia: zgodnie ze zdj\u0119ciem lub w\u0142asne<\/li>\n<li>Przymocowana koperta w wybranym kolorze (rozmiar C6)<\/li>\n<\/ul>\n","protected":false},"excerpt":{"rendered":"<p>Sk\u0142adana drewniana Pami\u0105tka z okazji Chrztu \u015awi\u0119tego Wyj\u0105tkowa drewniana kartka na Chrzest z przymocowan\u0105 kopert\u0105 to idealny spos\u00f3b na wr\u0119czenie pieni\u0119dzy i przekazanie \u017cycze\u0144. Dzi\u0119ki takiej formie wr\u0119czysz trwa\u0142\u0105 pami\u0105tk\u0119 oraz przeka\u017cesz pi\u0119kne spersonalizowane \u017cyczenia. Kartk\u0119 wykonujemy z drewna, z grawerowan\u0105 ok\u0142adk\u0105 i wyci\u0119tym anio\u0142kiem.\u00a0 Ok\u0142adka zawiera tekst &#8222;Chrzest \u015awi\u0119ty&#8221; z imieniem dziecka grawerowany nad [&hellip;]<\/p>\n","protected":false},"featured_media":4293,"comment_status":"open","ping_status":"closed","template":"","meta":{"_acf_changed":false},"product_brand":[],"product_cat":[97,147],"product_tag":[48,119,54,64],"class_list":{"0":"post-4310","1":"product","2":"type-product","3":"status-publish","4":"has-post-thumbnail","6":"product_cat-chrzest-komunia","7":"product_cat-kartki-okolicznosciowe","8":"product_tag-chrzest","9":"product_tag-kartka-na-pieniadze","10":"product_tag-personalizacja","11":"product_tag-zyczenia","13":"first","14":"instock","15":"taxable","16":"shipping-taxable","17":"purchasable","18":"product-type-simple"},"acf":[],"yoast_head":"<!-- This site is optimized with the Yoast SEO plugin v27.5 - https:\/\/yoast.com\/product\/yoast-seo-wordpress\/ -->\n<title>Pami\u0105tka Chrztu \u015awi\u0119tego z kopert\u0105 - personalizowana - Drewniana Magia<\/title>\n<meta name=\"description\" content=\"Przeka\u017c \u017cyczenia z okazji Chrztu \u015awi\u0119tego w wyj\u0105tkowy spos\u00f3b i spersonalizuj dowolnie grawerowan\u0105 laserowo drewnian\u0105 kartk\u0119 na pieni\u0105dze.\" \/>\n<meta name=\"robots\" content=\"index, follow, max-snippet:-1, max-image-preview:large, max-video-preview:-1\" \/>\n<link rel=\"canonical\" href=\"https:\/\/www.drewnianamagia.pl\/index.php\/produkt\/drewniana-pamiatka-na-chrzest-z-koperta-personalizowana\/\" \/>\n<meta property=\"og:locale\" content=\"pl_PL\" \/>\n<meta property=\"og:type\" content=\"article\" \/>\n<meta property=\"og:title\" content=\"Pami\u0105tka Chrztu \u015awi\u0119tego z kopert\u0105 - personalizowana - Drewniana Magia\" \/>\n<meta property=\"og:description\" content=\"Przeka\u017c \u017cyczenia z okazji Chrztu \u015awi\u0119tego w wyj\u0105tkowy spos\u00f3b i spersonalizuj dowolnie grawerowan\u0105 laserowo drewnian\u0105 kartk\u0119 na pieni\u0105dze.\" \/>\n<meta property=\"og:url\" content=\"https:\/\/www.drewnianamagia.pl\/index.php\/produkt\/drewniana-pamiatka-na-chrzest-z-koperta-personalizowana\/\" \/>\n<meta property=\"og:site_name\" content=\"Drewniana Magia\" \/>\n<meta property=\"article:publisher\" content=\"https:\/\/facebook.com\/BelasDrewnianaMagia\" \/>\n<meta property=\"article:modified_time\" content=\"2025-05-04T20:22:58+00:00\" \/>\n<meta property=\"og:image\" content=\"https:\/\/www.drewnianamagia.pl\/wp-content\/uploads\/2024\/09\/kartka-chrzest-09.jpg\" \/>\n\t<meta property=\"og:image:width\" content=\"2000\" \/>\n\t<meta property=\"og:image:height\" content=\"2000\" \/>\n\t<meta property=\"og:image:type\" content=\"image\/jpeg\" \/>\n<meta name=\"twitter:card\" content=\"summary_large_image\" \/>\n<meta name=\"twitter:label1\" content=\"Szacowany czas czytania\" \/>\n\t<meta name=\"twitter:data1\" content=\"2 minuty\" \/>\n<script type=\"application\/ld+json\" class=\"yoast-schema-graph\">{\"@context\":\"https:\\\/\\\/schema.org\",\"@graph\":[{\"@type\":\"WebPage\",\"@id\":\"https:\\\/\\\/www.drewnianamagia.pl\\\/index.php\\\/produkt\\\/drewniana-pamiatka-na-chrzest-z-koperta-personalizowana\\\/\",\"url\":\"https:\\\/\\\/www.drewnianamagia.pl\\\/index.php\\\/produkt\\\/drewniana-pamiatka-na-chrzest-z-koperta-personalizowana\\\/\",\"name\":\"Pami\u0105tka Chrztu \u015awi\u0119tego z kopert\u0105 - personalizowana - Drewniana Magia\",\"isPartOf\":{\"@id\":\"https:\\\/\\\/www.drewnianamagia.pl\\\/#website\"},\"primaryImageOfPage\":{\"@id\":\"https:\\\/\\\/www.drewnianamagia.pl\\\/index.php\\\/produkt\\\/drewniana-pamiatka-na-chrzest-z-koperta-personalizowana\\\/#primaryimage\"},\"image\":{\"@id\":\"https:\\\/\\\/www.drewnianamagia.pl\\\/index.php\\\/produkt\\\/drewniana-pamiatka-na-chrzest-z-koperta-personalizowana\\\/#primaryimage\"},\"thumbnailUrl\":\"https:\\\/\\\/www.drewnianamagia.pl\\\/wp-content\\\/uploads\\\/2024\\\/09\\\/kartka-chrzest-09.jpg\",\"datePublished\":\"2024-09-25T12:22:13+00:00\",\"dateModified\":\"2025-05-04T20:22:58+00:00\",\"description\":\"Przeka\u017c \u017cyczenia z okazji Chrztu \u015awi\u0119tego w wyj\u0105tkowy spos\u00f3b i spersonalizuj dowolnie grawerowan\u0105 laserowo drewnian\u0105 kartk\u0119 na pieni\u0105dze.\",\"breadcrumb\":{\"@id\":\"https:\\\/\\\/www.drewnianamagia.pl\\\/index.php\\\/produkt\\\/drewniana-pamiatka-na-chrzest-z-koperta-personalizowana\\\/#breadcrumb\"},\"inLanguage\":\"pl-PL\",\"potentialAction\":[{\"@type\":\"ReadAction\",\"target\":[\"https:\\\/\\\/www.drewnianamagia.pl\\\/index.php\\\/produkt\\\/drewniana-pamiatka-na-chrzest-z-koperta-personalizowana\\\/\"]}]},{\"@type\":\"ImageObject\",\"inLanguage\":\"pl-PL\",\"@id\":\"https:\\\/\\\/www.drewnianamagia.pl\\\/index.php\\\/produkt\\\/drewniana-pamiatka-na-chrzest-z-koperta-personalizowana\\\/#primaryimage\",\"url\":\"https:\\\/\\\/www.drewnianamagia.pl\\\/wp-content\\\/uploads\\\/2024\\\/09\\\/kartka-chrzest-09.jpg\",\"contentUrl\":\"https:\\\/\\\/www.drewnianamagia.pl\\\/wp-content\\\/uploads\\\/2024\\\/09\\\/kartka-chrzest-09.jpg\",\"width\":2000,\"height\":2000,\"caption\":\"kartka z okazji Chrztu \u015awi\u0119tego\"},{\"@type\":\"BreadcrumbList\",\"@id\":\"https:\\\/\\\/www.drewnianamagia.pl\\\/index.php\\\/produkt\\\/drewniana-pamiatka-na-chrzest-z-koperta-personalizowana\\\/#breadcrumb\",\"itemListElement\":[{\"@type\":\"ListItem\",\"position\":1,\"name\":\"Strona g\u0142\u00f3wna\",\"item\":\"https:\\\/\\\/www.drewnianamagia.pl\\\/\"},{\"@type\":\"ListItem\",\"position\":2,\"name\":\"Sklep\",\"item\":\"https:\\\/\\\/www.drewnianamagia.pl\\\/index.php\\\/sklep-internetowy-drewnianamagia\\\/\"},{\"@type\":\"ListItem\",\"position\":3,\"name\":\"Pami\u0105tka Chrztu \u015awi\u0119tego z kopert\u0105 &#8211; personalizowana\"}]},{\"@type\":\"WebSite\",\"@id\":\"https:\\\/\\\/www.drewnianamagia.pl\\\/#website\",\"url\":\"https:\\\/\\\/www.drewnianamagia.pl\\\/\",\"name\":\"Drewniana Magia\",\"description\":\"Personalizowane prezenty i dekoracje z drewna i druku 3D, na ka\u017cd\u0105 okazj\u0119 i okoliczno\u015b\u0107. Urodziny, Chrzest, Przyj\u0119cie, \u015awi\u0119ta, \u015alub\",\"publisher\":{\"@id\":\"https:\\\/\\\/www.drewnianamagia.pl\\\/#organization\"},\"potentialAction\":[{\"@type\":\"SearchAction\",\"target\":{\"@type\":\"EntryPoint\",\"urlTemplate\":\"https:\\\/\\\/www.drewnianamagia.pl\\\/?s={search_term_string}\"},\"query-input\":{\"@type\":\"PropertyValueSpecification\",\"valueRequired\":true,\"valueName\":\"search_term_string\"}}],\"inLanguage\":\"pl-PL\"},{\"@type\":\"Organization\",\"@id\":\"https:\\\/\\\/www.drewnianamagia.pl\\\/#organization\",\"name\":\"Drewniana Magia\",\"url\":\"https:\\\/\\\/www.drewnianamagia.pl\\\/\",\"logo\":{\"@type\":\"ImageObject\",\"inLanguage\":\"pl-PL\",\"@id\":\"https:\\\/\\\/www.drewnianamagia.pl\\\/#\\\/schema\\\/logo\\\/image\\\/\",\"url\":\"https:\\\/\\\/www.drewnianamagia.pl\\\/wp-content\\\/uploads\\\/2024\\\/02\\\/cropped-LOGO-DrewnianaMagia-375x188-1.png\",\"contentUrl\":\"https:\\\/\\\/www.drewnianamagia.pl\\\/wp-content\\\/uploads\\\/2024\\\/02\\\/cropped-LOGO-DrewnianaMagia-375x188-1.png\",\"width\":374,\"height\":188,\"caption\":\"Drewniana Magia\"},\"image\":{\"@id\":\"https:\\\/\\\/www.drewnianamagia.pl\\\/#\\\/schema\\\/logo\\\/image\\\/\"},\"sameAs\":[\"https:\\\/\\\/facebook.com\\\/BelasDrewnianaMagia\"]}]}<\/script>\n<!-- \/ Yoast SEO plugin. -->","yoast_head_json":{"title":"Pami\u0105tka Chrztu \u015awi\u0119tego z kopert\u0105 - personalizowana - Drewniana Magia","description":"Przeka\u017c \u017cyczenia z okazji Chrztu \u015awi\u0119tego w wyj\u0105tkowy spos\u00f3b i spersonalizuj dowolnie grawerowan\u0105 laserowo drewnian\u0105 kartk\u0119 na pieni\u0105dze.","robots":{"index":"index","follow":"follow","max-snippet":"max-snippet:-1","max-image-preview":"max-image-preview:large","max-video-preview":"max-video-preview:-1"},"canonical":"https:\/\/www.drewnianamagia.pl\/index.php\/produkt\/drewniana-pamiatka-na-chrzest-z-koperta-personalizowana\/","og_locale":"pl_PL","og_type":"article","og_title":"Pami\u0105tka Chrztu \u015awi\u0119tego z kopert\u0105 - personalizowana - Drewniana Magia","og_description":"Przeka\u017c \u017cyczenia z okazji Chrztu \u015awi\u0119tego w wyj\u0105tkowy spos\u00f3b i spersonalizuj dowolnie grawerowan\u0105 laserowo drewnian\u0105 kartk\u0119 na pieni\u0105dze.","og_url":"https:\/\/www.drewnianamagia.pl\/index.php\/produkt\/drewniana-pamiatka-na-chrzest-z-koperta-personalizowana\/","og_site_name":"Drewniana Magia","article_publisher":"https:\/\/facebook.com\/BelasDrewnianaMagia","article_modified_time":"2025-05-04T20:22:58+00:00","og_image":[{"width":2000,"height":2000,"url":"https:\/\/www.drewnianamagia.pl\/wp-content\/uploads\/2024\/09\/kartka-chrzest-09.jpg","type":"image\/jpeg"}],"twitter_card":"summary_large_image","twitter_misc":{"Szacowany czas czytania":"2 minuty"},"schema":{"@context":"https:\/\/schema.org","@graph":[{"@type":"WebPage","@id":"https:\/\/www.drewnianamagia.pl\/index.php\/produkt\/drewniana-pamiatka-na-chrzest-z-koperta-personalizowana\/","url":"https:\/\/www.drewnianamagia.pl\/index.php\/produkt\/drewniana-pamiatka-na-chrzest-z-koperta-personalizowana\/","name":"Pami\u0105tka Chrztu \u015awi\u0119tego z kopert\u0105 - personalizowana - Drewniana Magia","isPartOf":{"@id":"https:\/\/www.drewnianamagia.pl\/#website"},"primaryImageOfPage":{"@id":"https:\/\/www.drewnianamagia.pl\/index.php\/produkt\/drewniana-pamiatka-na-chrzest-z-koperta-personalizowana\/#primaryimage"},"image":{"@id":"https:\/\/www.drewnianamagia.pl\/index.php\/produkt\/drewniana-pamiatka-na-chrzest-z-koperta-personalizowana\/#primaryimage"},"thumbnailUrl":"https:\/\/www.drewnianamagia.pl\/wp-content\/uploads\/2024\/09\/kartka-chrzest-09.jpg","datePublished":"2024-09-25T12:22:13+00:00","dateModified":"2025-05-04T20:22:58+00:00","description":"Przeka\u017c \u017cyczenia z okazji Chrztu \u015awi\u0119tego w wyj\u0105tkowy spos\u00f3b i spersonalizuj dowolnie grawerowan\u0105 laserowo drewnian\u0105 kartk\u0119 na pieni\u0105dze.","breadcrumb":{"@id":"https:\/\/www.drewnianamagia.pl\/index.php\/produkt\/drewniana-pamiatka-na-chrzest-z-koperta-personalizowana\/#breadcrumb"},"inLanguage":"pl-PL","potentialAction":[{"@type":"ReadAction","target":["https:\/\/www.drewnianamagia.pl\/index.php\/produkt\/drewniana-pamiatka-na-chrzest-z-koperta-personalizowana\/"]}]},{"@type":"ImageObject","inLanguage":"pl-PL","@id":"https:\/\/www.drewnianamagia.pl\/index.php\/produkt\/drewniana-pamiatka-na-chrzest-z-koperta-personalizowana\/#primaryimage","url":"https:\/\/www.drewnianamagia.pl\/wp-content\/uploads\/2024\/09\/kartka-chrzest-09.jpg","contentUrl":"https:\/\/www.drewnianamagia.pl\/wp-content\/uploads\/2024\/09\/kartka-chrzest-09.jpg","width":2000,"height":2000,"caption":"kartka z okazji Chrztu \u015awi\u0119tego"},{"@type":"BreadcrumbList","@id":"https:\/\/www.drewnianamagia.pl\/index.php\/produkt\/drewniana-pamiatka-na-chrzest-z-koperta-personalizowana\/#breadcrumb","itemListElement":[{"@type":"ListItem","position":1,"name":"Strona g\u0142\u00f3wna","item":"https:\/\/www.drewnianamagia.pl\/"},{"@type":"ListItem","position":2,"name":"Sklep","item":"https:\/\/www.drewnianamagia.pl\/index.php\/sklep-internetowy-drewnianamagia\/"},{"@type":"ListItem","position":3,"name":"Pami\u0105tka Chrztu \u015awi\u0119tego z kopert\u0105 &#8211; personalizowana"}]},{"@type":"WebSite","@id":"https:\/\/www.drewnianamagia.pl\/#website","url":"https:\/\/www.drewnianamagia.pl\/","name":"Drewniana Magia","description":"Personalizowane prezenty i dekoracje z drewna i druku 3D, na ka\u017cd\u0105 okazj\u0119 i okoliczno\u015b\u0107. Urodziny, Chrzest, Przyj\u0119cie, \u015awi\u0119ta, \u015alub","publisher":{"@id":"https:\/\/www.drewnianamagia.pl\/#organization"},"potentialAction":[{"@type":"SearchAction","target":{"@type":"EntryPoint","urlTemplate":"https:\/\/www.drewnianamagia.pl\/?s={search_term_string}"},"query-input":{"@type":"PropertyValueSpecification","valueRequired":true,"valueName":"search_term_string"}}],"inLanguage":"pl-PL"},{"@type":"Organization","@id":"https:\/\/www.drewnianamagia.pl\/#organization","name":"Drewniana Magia","url":"https:\/\/www.drewnianamagia.pl\/","logo":{"@type":"ImageObject","inLanguage":"pl-PL","@id":"https:\/\/www.drewnianamagia.pl\/#\/schema\/logo\/image\/","url":"https:\/\/www.drewnianamagia.pl\/wp-content\/uploads\/2024\/02\/cropped-LOGO-DrewnianaMagia-375x188-1.png","contentUrl":"https:\/\/www.drewnianamagia.pl\/wp-content\/uploads\/2024\/02\/cropped-LOGO-DrewnianaMagia-375x188-1.png","width":374,"height":188,"caption":"Drewniana Magia"},"image":{"@id":"https:\/\/www.drewnianamagia.pl\/#\/schema\/logo\/image\/"},"sameAs":["https:\/\/facebook.com\/BelasDrewnianaMagia"]}]}},"_links":{"self":[{"href":"https:\/\/www.drewnianamagia.pl\/index.php\/wp-json\/wp\/v2\/product\/4310","targetHints":{"allow":["GET"]}}],"collection":[{"href":"https:\/\/www.drewnianamagia.pl\/index.php\/wp-json\/wp\/v2\/product"}],"about":[{"href":"https:\/\/www.drewnianamagia.pl\/index.php\/wp-json\/wp\/v2\/types\/product"}],"replies":[{"embeddable":true,"href":"https:\/\/www.drewnianamagia.pl\/index.php\/wp-json\/wp\/v2\/comments?post=4310"}],"wp:featuredmedia":[{"embeddable":true,"href":"https:\/\/www.drewnianamagia.pl\/index.php\/wp-json\/wp\/v2\/media\/4293"}],"wp:attachment":[{"href":"https:\/\/www.drewnianamagia.pl\/index.php\/wp-json\/wp\/v2\/media?parent=4310"}],"wp:term":[{"taxonomy":"product_brand","embeddable":true,"href":"https:\/\/www.drewnianamagia.pl\/index.php\/wp-json\/wp\/v2\/product_brand?post=4310"},{"taxonomy":"product_cat","embeddable":true,"href":"https:\/\/www.drewnianamagia.pl\/index.php\/wp-json\/wp\/v2\/product_cat?post=4310"},{"taxonomy":"product_tag","embeddable":true,"href":"https:\/\/www.drewnianamagia.pl\/index.php\/wp-json\/wp\/v2\/product_tag?post=4310"}],"curies":[{"name":"wp","href":"https:\/\/api.w.org\/{rel}","templated":true}]}}