{"id":3163,"date":"2024-06-04T09:29:27","date_gmt":"2024-06-04T07:29:27","guid":{"rendered":"https:\/\/www.drewnianamagia.pl\/?post_type=product&#038;p=3163"},"modified":"2026-04-28T13:39:20","modified_gmt":"2026-04-28T11:39:20","slug":"prosby-o-bycie-chrzestnym-zestaw-dla-matki-i-ojca","status":"publish","type":"product","link":"https:\/\/www.drewnianamagia.pl\/index.php\/produkt\/prosby-o-bycie-chrzestnym-zestaw-dla-matki-i-ojca\/","title":{"rendered":"Pro\u015bby o bycie Chrzestnym &#8211; zestaw dla Matki i Ojca"},"content":{"rendered":"<p style=\"text-align: center;\"><strong>Zestaw 2 personalizowanych pr\u00f3\u015bb!<\/strong><\/p>\n<p>Wyj\u0105tkowe drewniane pro\u015bby o bycie Chrzestnym ju\u017c czekaj\u0105! Stw\u00f3rz niezapomniane chwile i popro\u015b o t\u0119 wyj\u0105tkow\u0105 rol\u0119 z niezwyk\u0142ym stylem!<\/p>\n<p>Oferujemy specjalny <strong>zestaw dw\u00f3ch pr\u00f3\u015bb<\/strong> dla przysz\u0142ych Rodzic\u00f3w Chrzestnych:<\/p>\n<ul>\n<li><span style=\"color: #ff0000;\">Dla Matki Chrzestnej<\/span> serduszko z wyci\u0119t\u0105 st\u00f3pk\u0105 i ukrytym pytaniem wykonane z wysokiej jako\u015bci sklejki.<\/li>\n<li><span style=\"color: #ff0000;\">Dla Ojca Chrzestnego<\/span> &#8211; zabawny wizerunek &#8222;Ojca Chrzestnego&#8221; z ukrytym pod nim pytaniem.<\/li>\n<\/ul>\n<p>&nbsp;<\/p>\n<p>Personalizacja tego wyj\u0105tkowego produktu polega na umieszczeniu:<\/p>\n<ul>\n<li>Imienia Matki Chrzestnej, kt\u00f3re wygrawerujemy na serduszku,<\/li>\n<li>Imienia Dziecka, kt\u00f3re wygrawerujemy pod st\u00f3pk\u0105 (dla Matki) oraz pod Wizerunkiem Ojca Chrzestnego (dla Ojca)<\/li>\n<\/ul>\n<p>Nasze pro\u015bby do bycia Chrzestnym wykonujemy z najwi\u0119ksz\u0105 staranno\u015bci\u0105. Umieszczamy je w foliowym woreczku, gotowe do wr\u0119czenia, co stanowi dodatkow\u0105 warto\u015b\u0107.<\/p>\n<p>Wymiary produkt\u00f3w:<\/p>\n<ul>\n<li>Pro\u015bba do Matki Chrzestnej: 11 x 13 cm,<\/li>\n<li>Pro\u015bba do Ojca Chrzestnego: 9,5 x 9,5 cm<\/li>\n<\/ul>\n<p>Oferta obejmuje dwa produkty &#8211; dla Matki Chrzestnej i Ojca Chrzestnego!<\/p>\n<p>Ka\u017cdy detal wykonany z pasj\u0105, by nada\u0107 wyj\u0105tkowy kszta\u0142t Twoim emocjom i chwilom.<\/p>\n<p><span style=\"color: #ff0000;\"><strong>Personalizacja:<\/strong><\/span><\/p>\n<ul>\n<li>Podaj adresata zaproszenia dla Matki Chrzestnej np: &#8222;Ciociu Agato&#8221;,<\/li>\n<li>Podaj imi\u0119 dziecka np: &#8222;Kornelka&#8221;<\/li>\n<\/ul>\n<p>Nie zapomnij poda\u0107 imion w odmienionej wersji &#8211; tak jak chcesz by zosta\u0142o wygrawerowane, nadaj\u0105c personalizowanym pro\u015bb\u0105 jeszcze bardziej osobisty charakter.<\/p>\n","protected":false},"excerpt":{"rendered":"<p>Zestaw 2 personalizowanych pr\u00f3\u015bb! Wyj\u0105tkowe drewniane pro\u015bby o bycie Chrzestnym ju\u017c czekaj\u0105! Stw\u00f3rz niezapomniane chwile i popro\u015b o t\u0119 wyj\u0105tkow\u0105 rol\u0119 z niezwyk\u0142ym stylem! Oferujemy specjalny zestaw dw\u00f3ch pr\u00f3\u015bb dla przysz\u0142ych Rodzic\u00f3w Chrzestnych: Dla Matki Chrzestnej serduszko z wyci\u0119t\u0105 st\u00f3pk\u0105 i ukrytym pytaniem wykonane z wysokiej jako\u015bci sklejki. Dla Ojca Chrzestnego &#8211; zabawny wizerunek &#8222;Ojca [&hellip;]<\/p>\n","protected":false},"featured_media":3164,"comment_status":"open","ping_status":"closed","template":"","meta":{"_acf_changed":false},"product_brand":[],"product_cat":[97,92],"product_tag":[54,116],"class_list":{"0":"post-3163","1":"product","2":"type-product","3":"status-publish","4":"has-post-thumbnail","6":"product_cat-chrzest-komunia","7":"product_cat-gadzety","8":"product_tag-personalizacja","9":"product_tag-zaproszenie","11":"first","12":"instock","13":"taxable","14":"shipping-taxable","15":"purchasable","16":"product-type-simple"},"acf":[],"yoast_head":"<!-- This site is optimized with the Yoast SEO plugin v27.5 - https:\/\/yoast.com\/product\/yoast-seo-wordpress\/ -->\n<title>Pro\u015bby o bycie Chrzestnym - zestaw dla Matki i Ojca - Drewniana Magia<\/title>\n<meta name=\"description\" content=\"Wyj\u0105tkowy, personalizowany i specjalnie skomponowany zestaw pr\u00f3\u015bb dla przysz\u0142ych Rodzic\u00f3w Chrzestnych. Wykonany z wysokiej jako\u015bci materia\u0142u.\" \/>\n<meta name=\"robots\" content=\"index, follow, max-snippet:-1, max-image-preview:large, max-video-preview:-1\" \/>\n<link rel=\"canonical\" href=\"https:\/\/www.drewnianamagia.pl\/index.php\/produkt\/prosby-o-bycie-chrzestnym-zestaw-dla-matki-i-ojca\/\" \/>\n<meta property=\"og:locale\" content=\"pl_PL\" \/>\n<meta property=\"og:type\" content=\"article\" \/>\n<meta property=\"og:title\" content=\"Pro\u015bby o bycie Chrzestnym - zestaw dla Matki i Ojca - Drewniana Magia\" \/>\n<meta property=\"og:description\" content=\"Wyj\u0105tkowy, personalizowany i specjalnie skomponowany zestaw pr\u00f3\u015bb dla przysz\u0142ych Rodzic\u00f3w Chrzestnych. Wykonany z wysokiej jako\u015bci materia\u0142u.\" \/>\n<meta property=\"og:url\" content=\"https:\/\/www.drewnianamagia.pl\/index.php\/produkt\/prosby-o-bycie-chrzestnym-zestaw-dla-matki-i-ojca\/\" \/>\n<meta property=\"og:site_name\" content=\"Drewniana Magia\" \/>\n<meta property=\"article:publisher\" content=\"https:\/\/facebook.com\/BelasDrewnianaMagia\" \/>\n<meta property=\"article:modified_time\" content=\"2026-04-28T11:39:20+00:00\" \/>\n<meta property=\"og:image\" content=\"https:\/\/www.drewnianamagia.pl\/wp-content\/uploads\/2024\/06\/zestaw-z1.jpg\" \/>\n\t<meta property=\"og:image:width\" content=\"1000\" \/>\n\t<meta property=\"og:image:height\" content=\"1000\" \/>\n\t<meta property=\"og:image:type\" content=\"image\/jpeg\" \/>\n<meta name=\"twitter:card\" content=\"summary_large_image\" \/>\n<meta name=\"twitter:label1\" content=\"Szacowany czas czytania\" \/>\n\t<meta name=\"twitter:data1\" content=\"2 minuty\" \/>\n<script type=\"application\/ld+json\" class=\"yoast-schema-graph\">{\"@context\":\"https:\\\/\\\/schema.org\",\"@graph\":[{\"@type\":\"WebPage\",\"@id\":\"https:\\\/\\\/www.drewnianamagia.pl\\\/index.php\\\/produkt\\\/prosby-o-bycie-chrzestnym-zestaw-dla-matki-i-ojca\\\/\",\"url\":\"https:\\\/\\\/www.drewnianamagia.pl\\\/index.php\\\/produkt\\\/prosby-o-bycie-chrzestnym-zestaw-dla-matki-i-ojca\\\/\",\"name\":\"Pro\u015bby o bycie Chrzestnym - zestaw dla Matki i Ojca - Drewniana Magia\",\"isPartOf\":{\"@id\":\"https:\\\/\\\/www.drewnianamagia.pl\\\/#website\"},\"primaryImageOfPage\":{\"@id\":\"https:\\\/\\\/www.drewnianamagia.pl\\\/index.php\\\/produkt\\\/prosby-o-bycie-chrzestnym-zestaw-dla-matki-i-ojca\\\/#primaryimage\"},\"image\":{\"@id\":\"https:\\\/\\\/www.drewnianamagia.pl\\\/index.php\\\/produkt\\\/prosby-o-bycie-chrzestnym-zestaw-dla-matki-i-ojca\\\/#primaryimage\"},\"thumbnailUrl\":\"https:\\\/\\\/www.drewnianamagia.pl\\\/wp-content\\\/uploads\\\/2024\\\/06\\\/zestaw-z1.jpg\",\"datePublished\":\"2024-06-04T07:29:27+00:00\",\"dateModified\":\"2026-04-28T11:39:20+00:00\",\"description\":\"Wyj\u0105tkowy, personalizowany i specjalnie skomponowany zestaw pr\u00f3\u015bb dla przysz\u0142ych Rodzic\u00f3w Chrzestnych. Wykonany z wysokiej jako\u015bci materia\u0142u.\",\"breadcrumb\":{\"@id\":\"https:\\\/\\\/www.drewnianamagia.pl\\\/index.php\\\/produkt\\\/prosby-o-bycie-chrzestnym-zestaw-dla-matki-i-ojca\\\/#breadcrumb\"},\"inLanguage\":\"pl-PL\",\"potentialAction\":[{\"@type\":\"ReadAction\",\"target\":[\"https:\\\/\\\/www.drewnianamagia.pl\\\/index.php\\\/produkt\\\/prosby-o-bycie-chrzestnym-zestaw-dla-matki-i-ojca\\\/\"]}]},{\"@type\":\"ImageObject\",\"inLanguage\":\"pl-PL\",\"@id\":\"https:\\\/\\\/www.drewnianamagia.pl\\\/index.php\\\/produkt\\\/prosby-o-bycie-chrzestnym-zestaw-dla-matki-i-ojca\\\/#primaryimage\",\"url\":\"https:\\\/\\\/www.drewnianamagia.pl\\\/wp-content\\\/uploads\\\/2024\\\/06\\\/zestaw-z1.jpg\",\"contentUrl\":\"https:\\\/\\\/www.drewnianamagia.pl\\\/wp-content\\\/uploads\\\/2024\\\/06\\\/zestaw-z1.jpg\",\"width\":1000,\"height\":1000,\"caption\":\"Pro\u015bby o bycie Rodzicem Chrzestnym\"},{\"@type\":\"BreadcrumbList\",\"@id\":\"https:\\\/\\\/www.drewnianamagia.pl\\\/index.php\\\/produkt\\\/prosby-o-bycie-chrzestnym-zestaw-dla-matki-i-ojca\\\/#breadcrumb\",\"itemListElement\":[{\"@type\":\"ListItem\",\"position\":1,\"name\":\"Strona g\u0142\u00f3wna\",\"item\":\"https:\\\/\\\/www.drewnianamagia.pl\\\/\"},{\"@type\":\"ListItem\",\"position\":2,\"name\":\"Sklep\",\"item\":\"https:\\\/\\\/www.drewnianamagia.pl\\\/index.php\\\/sklep-internetowy-drewnianamagia\\\/\"},{\"@type\":\"ListItem\",\"position\":3,\"name\":\"Pro\u015bby o bycie Chrzestnym &#8211; zestaw dla Matki i Ojca\"}]},{\"@type\":\"WebSite\",\"@id\":\"https:\\\/\\\/www.drewnianamagia.pl\\\/#website\",\"url\":\"https:\\\/\\\/www.drewnianamagia.pl\\\/\",\"name\":\"Drewniana Magia\",\"description\":\"Personalizowane prezenty i dekoracje z drewna i druku 3D, na ka\u017cd\u0105 okazj\u0119 i okoliczno\u015b\u0107. Urodziny, Chrzest, Przyj\u0119cie, \u015awi\u0119ta, \u015alub\",\"publisher\":{\"@id\":\"https:\\\/\\\/www.drewnianamagia.pl\\\/#organization\"},\"potentialAction\":[{\"@type\":\"SearchAction\",\"target\":{\"@type\":\"EntryPoint\",\"urlTemplate\":\"https:\\\/\\\/www.drewnianamagia.pl\\\/?s={search_term_string}\"},\"query-input\":{\"@type\":\"PropertyValueSpecification\",\"valueRequired\":true,\"valueName\":\"search_term_string\"}}],\"inLanguage\":\"pl-PL\"},{\"@type\":\"Organization\",\"@id\":\"https:\\\/\\\/www.drewnianamagia.pl\\\/#organization\",\"name\":\"Drewniana Magia\",\"url\":\"https:\\\/\\\/www.drewnianamagia.pl\\\/\",\"logo\":{\"@type\":\"ImageObject\",\"inLanguage\":\"pl-PL\",\"@id\":\"https:\\\/\\\/www.drewnianamagia.pl\\\/#\\\/schema\\\/logo\\\/image\\\/\",\"url\":\"https:\\\/\\\/www.drewnianamagia.pl\\\/wp-content\\\/uploads\\\/2024\\\/02\\\/cropped-LOGO-DrewnianaMagia-375x188-1.png\",\"contentUrl\":\"https:\\\/\\\/www.drewnianamagia.pl\\\/wp-content\\\/uploads\\\/2024\\\/02\\\/cropped-LOGO-DrewnianaMagia-375x188-1.png\",\"width\":374,\"height\":188,\"caption\":\"Drewniana Magia\"},\"image\":{\"@id\":\"https:\\\/\\\/www.drewnianamagia.pl\\\/#\\\/schema\\\/logo\\\/image\\\/\"},\"sameAs\":[\"https:\\\/\\\/facebook.com\\\/BelasDrewnianaMagia\"]}]}<\/script>\n<!-- \/ Yoast SEO plugin. -->","yoast_head_json":{"title":"Pro\u015bby o bycie Chrzestnym - zestaw dla Matki i Ojca - Drewniana Magia","description":"Wyj\u0105tkowy, personalizowany i specjalnie skomponowany zestaw pr\u00f3\u015bb dla przysz\u0142ych Rodzic\u00f3w Chrzestnych. Wykonany z wysokiej jako\u015bci materia\u0142u.","robots":{"index":"index","follow":"follow","max-snippet":"max-snippet:-1","max-image-preview":"max-image-preview:large","max-video-preview":"max-video-preview:-1"},"canonical":"https:\/\/www.drewnianamagia.pl\/index.php\/produkt\/prosby-o-bycie-chrzestnym-zestaw-dla-matki-i-ojca\/","og_locale":"pl_PL","og_type":"article","og_title":"Pro\u015bby o bycie Chrzestnym - zestaw dla Matki i Ojca - Drewniana Magia","og_description":"Wyj\u0105tkowy, personalizowany i specjalnie skomponowany zestaw pr\u00f3\u015bb dla przysz\u0142ych Rodzic\u00f3w Chrzestnych. Wykonany z wysokiej jako\u015bci materia\u0142u.","og_url":"https:\/\/www.drewnianamagia.pl\/index.php\/produkt\/prosby-o-bycie-chrzestnym-zestaw-dla-matki-i-ojca\/","og_site_name":"Drewniana Magia","article_publisher":"https:\/\/facebook.com\/BelasDrewnianaMagia","article_modified_time":"2026-04-28T11:39:20+00:00","og_image":[{"width":1000,"height":1000,"url":"https:\/\/www.drewnianamagia.pl\/wp-content\/uploads\/2024\/06\/zestaw-z1.jpg","type":"image\/jpeg"}],"twitter_card":"summary_large_image","twitter_misc":{"Szacowany czas czytania":"2 minuty"},"schema":{"@context":"https:\/\/schema.org","@graph":[{"@type":"WebPage","@id":"https:\/\/www.drewnianamagia.pl\/index.php\/produkt\/prosby-o-bycie-chrzestnym-zestaw-dla-matki-i-ojca\/","url":"https:\/\/www.drewnianamagia.pl\/index.php\/produkt\/prosby-o-bycie-chrzestnym-zestaw-dla-matki-i-ojca\/","name":"Pro\u015bby o bycie Chrzestnym - zestaw dla Matki i Ojca - Drewniana Magia","isPartOf":{"@id":"https:\/\/www.drewnianamagia.pl\/#website"},"primaryImageOfPage":{"@id":"https:\/\/www.drewnianamagia.pl\/index.php\/produkt\/prosby-o-bycie-chrzestnym-zestaw-dla-matki-i-ojca\/#primaryimage"},"image":{"@id":"https:\/\/www.drewnianamagia.pl\/index.php\/produkt\/prosby-o-bycie-chrzestnym-zestaw-dla-matki-i-ojca\/#primaryimage"},"thumbnailUrl":"https:\/\/www.drewnianamagia.pl\/wp-content\/uploads\/2024\/06\/zestaw-z1.jpg","datePublished":"2024-06-04T07:29:27+00:00","dateModified":"2026-04-28T11:39:20+00:00","description":"Wyj\u0105tkowy, personalizowany i specjalnie skomponowany zestaw pr\u00f3\u015bb dla przysz\u0142ych Rodzic\u00f3w Chrzestnych. Wykonany z wysokiej jako\u015bci materia\u0142u.","breadcrumb":{"@id":"https:\/\/www.drewnianamagia.pl\/index.php\/produkt\/prosby-o-bycie-chrzestnym-zestaw-dla-matki-i-ojca\/#breadcrumb"},"inLanguage":"pl-PL","potentialAction":[{"@type":"ReadAction","target":["https:\/\/www.drewnianamagia.pl\/index.php\/produkt\/prosby-o-bycie-chrzestnym-zestaw-dla-matki-i-ojca\/"]}]},{"@type":"ImageObject","inLanguage":"pl-PL","@id":"https:\/\/www.drewnianamagia.pl\/index.php\/produkt\/prosby-o-bycie-chrzestnym-zestaw-dla-matki-i-ojca\/#primaryimage","url":"https:\/\/www.drewnianamagia.pl\/wp-content\/uploads\/2024\/06\/zestaw-z1.jpg","contentUrl":"https:\/\/www.drewnianamagia.pl\/wp-content\/uploads\/2024\/06\/zestaw-z1.jpg","width":1000,"height":1000,"caption":"Pro\u015bby o bycie Rodzicem Chrzestnym"},{"@type":"BreadcrumbList","@id":"https:\/\/www.drewnianamagia.pl\/index.php\/produkt\/prosby-o-bycie-chrzestnym-zestaw-dla-matki-i-ojca\/#breadcrumb","itemListElement":[{"@type":"ListItem","position":1,"name":"Strona g\u0142\u00f3wna","item":"https:\/\/www.drewnianamagia.pl\/"},{"@type":"ListItem","position":2,"name":"Sklep","item":"https:\/\/www.drewnianamagia.pl\/index.php\/sklep-internetowy-drewnianamagia\/"},{"@type":"ListItem","position":3,"name":"Pro\u015bby o bycie Chrzestnym &#8211; zestaw dla Matki i Ojca"}]},{"@type":"WebSite","@id":"https:\/\/www.drewnianamagia.pl\/#website","url":"https:\/\/www.drewnianamagia.pl\/","name":"Drewniana Magia","description":"Personalizowane prezenty i dekoracje z drewna i druku 3D, na ka\u017cd\u0105 okazj\u0119 i okoliczno\u015b\u0107. Urodziny, Chrzest, Przyj\u0119cie, \u015awi\u0119ta, \u015alub","publisher":{"@id":"https:\/\/www.drewnianamagia.pl\/#organization"},"potentialAction":[{"@type":"SearchAction","target":{"@type":"EntryPoint","urlTemplate":"https:\/\/www.drewnianamagia.pl\/?s={search_term_string}"},"query-input":{"@type":"PropertyValueSpecification","valueRequired":true,"valueName":"search_term_string"}}],"inLanguage":"pl-PL"},{"@type":"Organization","@id":"https:\/\/www.drewnianamagia.pl\/#organization","name":"Drewniana Magia","url":"https:\/\/www.drewnianamagia.pl\/","logo":{"@type":"ImageObject","inLanguage":"pl-PL","@id":"https:\/\/www.drewnianamagia.pl\/#\/schema\/logo\/image\/","url":"https:\/\/www.drewnianamagia.pl\/wp-content\/uploads\/2024\/02\/cropped-LOGO-DrewnianaMagia-375x188-1.png","contentUrl":"https:\/\/www.drewnianamagia.pl\/wp-content\/uploads\/2024\/02\/cropped-LOGO-DrewnianaMagia-375x188-1.png","width":374,"height":188,"caption":"Drewniana Magia"},"image":{"@id":"https:\/\/www.drewnianamagia.pl\/#\/schema\/logo\/image\/"},"sameAs":["https:\/\/facebook.com\/BelasDrewnianaMagia"]}]}},"_links":{"self":[{"href":"https:\/\/www.drewnianamagia.pl\/index.php\/wp-json\/wp\/v2\/product\/3163","targetHints":{"allow":["GET"]}}],"collection":[{"href":"https:\/\/www.drewnianamagia.pl\/index.php\/wp-json\/wp\/v2\/product"}],"about":[{"href":"https:\/\/www.drewnianamagia.pl\/index.php\/wp-json\/wp\/v2\/types\/product"}],"replies":[{"embeddable":true,"href":"https:\/\/www.drewnianamagia.pl\/index.php\/wp-json\/wp\/v2\/comments?post=3163"}],"wp:featuredmedia":[{"embeddable":true,"href":"https:\/\/www.drewnianamagia.pl\/index.php\/wp-json\/wp\/v2\/media\/3164"}],"wp:attachment":[{"href":"https:\/\/www.drewnianamagia.pl\/index.php\/wp-json\/wp\/v2\/media?parent=3163"}],"wp:term":[{"taxonomy":"product_brand","embeddable":true,"href":"https:\/\/www.drewnianamagia.pl\/index.php\/wp-json\/wp\/v2\/product_brand?post=3163"},{"taxonomy":"product_cat","embeddable":true,"href":"https:\/\/www.drewnianamagia.pl\/index.php\/wp-json\/wp\/v2\/product_cat?post=3163"},{"taxonomy":"product_tag","embeddable":true,"href":"https:\/\/www.drewnianamagia.pl\/index.php\/wp-json\/wp\/v2\/product_tag?post=3163"}],"curies":[{"name":"wp","href":"https:\/\/api.w.org\/{rel}","templated":true}]}}