{"id":3007,"date":"2024-04-08T16:33:05","date_gmt":"2024-04-08T14:33:05","guid":{"rendered":"https:\/\/www.drewnianamagia.pl\/?post_type=product&#038;p=3007"},"modified":"2024-12-13T12:28:07","modified_gmt":"2024-12-13T11:28:07","slug":"topper-rocznica-slubu-5-10-15-20-25-30-35-40-45-50-z-grawerem","status":"publish","type":"product","link":"https:\/\/www.drewnianamagia.pl\/index.php\/produkt\/topper-rocznica-slubu-5-10-15-20-25-30-35-40-45-50-z-grawerem\/","title":{"rendered":"Topper Rocznica \u015alubu 5 10 15 20 25 30 35 40 45 50 z grawerem"},"content":{"rendered":"<p style=\"text-align: center;\"><strong>Drewniany Topper na Rocznic\u0119 \u015alubu z grawerem imion.<\/strong><\/p>\n<p>Drewniany topper na dowoln\u0105 Rocznic\u0119 \u015alubu z wygrawerowanymi imionami na obr\u0105czkach.<\/p>\n<p>Wykonany z wysokiej jako\u015bci jasnej i g\u0142adkiej sklejki. Produkt r\u0119cznie szlifujemy z przodu i z ty\u0142u w celu usuni\u0119cia okopce\u0144 powstaj\u0105cych w procesie produkcji. Szpikulec w dolnej cz\u0119\u015bci (ostatnie 5 cm) szlifowany r\u00f3wnie\u017c po bokach w celu usuni\u0119cia okopce\u0144 na kraw\u0119dziach.<\/p>\n<p><strong>Wybierz swoj\u0105 personalizacj\u0119<\/strong> &#8211; podczas zamawiania podaj nast\u0119puj\u0105ce dane:<\/p>\n<ul>\n<li>Rocznica (podaj numer w zakresie 1-99)<\/li>\n<li>Imi\u0119 na pierwszej obr\u0105czce<\/li>\n<li>Imi\u0119\u00a0 na drugiej obr\u0105czce<\/li>\n<\/ul>\n<figure id=\"attachment_2999\" aria-describedby=\"caption-attachment-2999\" style=\"width: 300px\" class=\"wp-caption aligncenter\"><img loading=\"lazy\" decoding=\"async\" class=\"size-medium wp-image-2999\" src=\"https:\/\/www.drewnianamagia.pl\/wp-content\/uploads\/2024\/04\/topper-personalizacja-300x300.jpg\" alt=\"personalizacja\" width=\"300\" height=\"300\" srcset=\"https:\/\/www.drewnianamagia.pl\/wp-content\/uploads\/2024\/04\/topper-personalizacja-300x300.jpg 300w, https:\/\/www.drewnianamagia.pl\/wp-content\/uploads\/2024\/04\/topper-personalizacja-324x324.jpg 324w, https:\/\/www.drewnianamagia.pl\/wp-content\/uploads\/2024\/04\/topper-personalizacja-100x100.jpg 100w, https:\/\/www.drewnianamagia.pl\/wp-content\/uploads\/2024\/04\/topper-personalizacja-416x416.jpg 416w, https:\/\/www.drewnianamagia.pl\/wp-content\/uploads\/2024\/04\/topper-personalizacja-150x150.jpg 150w, https:\/\/www.drewnianamagia.pl\/wp-content\/uploads\/2024\/04\/topper-personalizacja-768x768.jpg 768w, https:\/\/www.drewnianamagia.pl\/wp-content\/uploads\/2024\/04\/topper-personalizacja.jpg 1000w\" sizes=\"auto, (max-width: 300px) 100vw, 300px\" \/><figcaption id=\"caption-attachment-2999\" class=\"wp-caption-text\">Podaj numer rocznicy, oraz imiona do wygrawerowania<\/figcaption><\/figure>\n<p><strong>Wymiary szczeg\u00f3\u0142owe produktu:<\/strong><\/p>\n<ul>\n<li>wysoko\u015b\u0107 ca\u0142kowita: 23cm<\/li>\n<li>szeroko\u015b\u0107 ca\u0142kowita: 15cm<\/li>\n<li>wysoko\u015b\u0107 cyfr: ok. 5cm<\/li>\n<li>wielko\u015b\u0107 napisu &#8222;Rocznica \u015alubu&#8221;:\u00a0 6&#215;15 cm<\/li>\n<li>wielko\u015b\u0107 obr\u0105czek:\u00a0 lewa: 4&#215;6,5 cm, prawa- 6,5&#215;4,5 cm<\/li>\n<li>d\u0142ugo\u015b\u0107 szpikulca (licz\u0105c od prawej obr\u0105czki): 8,5 cm<\/li>\n<li>grubo\u015b\u0107 toppera: ok. 3mm<\/li>\n<\/ul>\n<p>&nbsp;<\/p>\n","protected":false},"excerpt":{"rendered":"<p>Drewniany Topper na Rocznic\u0119 \u015alubu z grawerem imion. Drewniany topper na dowoln\u0105 Rocznic\u0119 \u015alubu z wygrawerowanymi imionami na obr\u0105czkach. Wykonany z wysokiej jako\u015bci jasnej i g\u0142adkiej sklejki. Produkt r\u0119cznie szlifujemy z przodu i z ty\u0142u w celu usuni\u0119cia okopce\u0144 powstaj\u0105cych w procesie produkcji. Szpikulec w dolnej cz\u0119\u015bci (ostatnie 5 cm) szlifowany r\u00f3wnie\u017c po bokach w [&hellip;]<\/p>\n","protected":false},"featured_media":3002,"comment_status":"open","ping_status":"closed","template":"","meta":{"_acf_changed":false},"product_brand":[],"product_cat":[49,105,98,149],"product_tag":[],"class_list":{"0":"post-3007","1":"product","2":"type-product","3":"status-publish","4":"has-post-thumbnail","6":"product_cat-dekoracje","7":"product_cat-rocznice","8":"product_cat-slub-wesele","9":"product_cat-toppery","11":"first","12":"instock","13":"taxable","14":"shipping-taxable","15":"purchasable","16":"product-type-simple"},"acf":[],"yoast_head":"<!-- This site is optimized with the Yoast SEO plugin v27.5 - https:\/\/yoast.com\/product\/yoast-seo-wordpress\/ -->\n<title>Topper Rocznica \u015alubu 5 10 15 20 25 30 35 40 45 50 z grawerem - Drewniana Magia<\/title>\n<meta name=\"description\" content=\"Personalizowany drewniany topper &quot;Rocznica \u015alubu&quot;. Dowolna rocznica i grawer imion. Spersonalizuj ten produkt. R\u0119cznie szlifowany.\" \/>\n<meta name=\"robots\" content=\"index, follow, max-snippet:-1, max-image-preview:large, max-video-preview:-1\" \/>\n<link rel=\"canonical\" href=\"https:\/\/www.drewnianamagia.pl\/index.php\/produkt\/topper-rocznica-slubu-5-10-15-20-25-30-35-40-45-50-z-grawerem\/\" \/>\n<meta property=\"og:locale\" content=\"pl_PL\" \/>\n<meta property=\"og:type\" content=\"article\" \/>\n<meta property=\"og:title\" content=\"Topper Rocznica \u015alubu 5 10 15 20 25 30 35 40 45 50 z grawerem - Drewniana Magia\" \/>\n<meta property=\"og:description\" content=\"Personalizowany drewniany topper &quot;Rocznica \u015alubu&quot;. Dowolna rocznica i grawer imion. Spersonalizuj ten produkt. R\u0119cznie szlifowany.\" \/>\n<meta property=\"og:url\" content=\"https:\/\/www.drewnianamagia.pl\/index.php\/produkt\/topper-rocznica-slubu-5-10-15-20-25-30-35-40-45-50-z-grawerem\/\" \/>\n<meta property=\"og:site_name\" content=\"Drewniana Magia\" \/>\n<meta property=\"article:publisher\" content=\"https:\/\/facebook.com\/BelasDrewnianaMagia\" \/>\n<meta property=\"article:modified_time\" content=\"2024-12-13T11:28:07+00:00\" \/>\n<meta property=\"og:image\" content=\"https:\/\/www.drewnianamagia.pl\/wp-content\/uploads\/2024\/04\/topper-rocznica-slubu-z-grawerem.jpg\" \/>\n\t<meta property=\"og:image:width\" content=\"1000\" \/>\n\t<meta property=\"og:image:height\" content=\"1000\" \/>\n\t<meta property=\"og:image:type\" content=\"image\/jpeg\" \/>\n<meta name=\"twitter:card\" content=\"summary_large_image\" \/>\n<meta name=\"twitter:label1\" content=\"Szacowany czas czytania\" \/>\n\t<meta name=\"twitter:data1\" content=\"2 minuty\" \/>\n<script type=\"application\/ld+json\" class=\"yoast-schema-graph\">{\"@context\":\"https:\\\/\\\/schema.org\",\"@graph\":[{\"@type\":\"WebPage\",\"@id\":\"https:\\\/\\\/www.drewnianamagia.pl\\\/index.php\\\/produkt\\\/topper-rocznica-slubu-5-10-15-20-25-30-35-40-45-50-z-grawerem\\\/\",\"url\":\"https:\\\/\\\/www.drewnianamagia.pl\\\/index.php\\\/produkt\\\/topper-rocznica-slubu-5-10-15-20-25-30-35-40-45-50-z-grawerem\\\/\",\"name\":\"Topper Rocznica \u015alubu 5 10 15 20 25 30 35 40 45 50 z grawerem - Drewniana Magia\",\"isPartOf\":{\"@id\":\"https:\\\/\\\/www.drewnianamagia.pl\\\/#website\"},\"primaryImageOfPage\":{\"@id\":\"https:\\\/\\\/www.drewnianamagia.pl\\\/index.php\\\/produkt\\\/topper-rocznica-slubu-5-10-15-20-25-30-35-40-45-50-z-grawerem\\\/#primaryimage\"},\"image\":{\"@id\":\"https:\\\/\\\/www.drewnianamagia.pl\\\/index.php\\\/produkt\\\/topper-rocznica-slubu-5-10-15-20-25-30-35-40-45-50-z-grawerem\\\/#primaryimage\"},\"thumbnailUrl\":\"https:\\\/\\\/www.drewnianamagia.pl\\\/wp-content\\\/uploads\\\/2024\\\/04\\\/topper-rocznica-slubu-z-grawerem.jpg\",\"datePublished\":\"2024-04-08T14:33:05+00:00\",\"dateModified\":\"2024-12-13T11:28:07+00:00\",\"description\":\"Personalizowany drewniany topper \\\"Rocznica \u015alubu\\\". Dowolna rocznica i grawer imion. Spersonalizuj ten produkt. R\u0119cznie szlifowany.\",\"breadcrumb\":{\"@id\":\"https:\\\/\\\/www.drewnianamagia.pl\\\/index.php\\\/produkt\\\/topper-rocznica-slubu-5-10-15-20-25-30-35-40-45-50-z-grawerem\\\/#breadcrumb\"},\"inLanguage\":\"pl-PL\",\"potentialAction\":[{\"@type\":\"ReadAction\",\"target\":[\"https:\\\/\\\/www.drewnianamagia.pl\\\/index.php\\\/produkt\\\/topper-rocznica-slubu-5-10-15-20-25-30-35-40-45-50-z-grawerem\\\/\"]}]},{\"@type\":\"ImageObject\",\"inLanguage\":\"pl-PL\",\"@id\":\"https:\\\/\\\/www.drewnianamagia.pl\\\/index.php\\\/produkt\\\/topper-rocznica-slubu-5-10-15-20-25-30-35-40-45-50-z-grawerem\\\/#primaryimage\",\"url\":\"https:\\\/\\\/www.drewnianamagia.pl\\\/wp-content\\\/uploads\\\/2024\\\/04\\\/topper-rocznica-slubu-z-grawerem.jpg\",\"contentUrl\":\"https:\\\/\\\/www.drewnianamagia.pl\\\/wp-content\\\/uploads\\\/2024\\\/04\\\/topper-rocznica-slubu-z-grawerem.jpg\",\"width\":1000,\"height\":1000,\"caption\":\"Toppery Rocznicowe\"},{\"@type\":\"BreadcrumbList\",\"@id\":\"https:\\\/\\\/www.drewnianamagia.pl\\\/index.php\\\/produkt\\\/topper-rocznica-slubu-5-10-15-20-25-30-35-40-45-50-z-grawerem\\\/#breadcrumb\",\"itemListElement\":[{\"@type\":\"ListItem\",\"position\":1,\"name\":\"Strona g\u0142\u00f3wna\",\"item\":\"https:\\\/\\\/www.drewnianamagia.pl\\\/\"},{\"@type\":\"ListItem\",\"position\":2,\"name\":\"Sklep\",\"item\":\"https:\\\/\\\/www.drewnianamagia.pl\\\/index.php\\\/sklep-internetowy-drewnianamagia\\\/\"},{\"@type\":\"ListItem\",\"position\":3,\"name\":\"Topper Rocznica \u015alubu 5 10 15 20 25 30 35 40 45 50 z grawerem\"}]},{\"@type\":\"WebSite\",\"@id\":\"https:\\\/\\\/www.drewnianamagia.pl\\\/#website\",\"url\":\"https:\\\/\\\/www.drewnianamagia.pl\\\/\",\"name\":\"Drewniana Magia\",\"description\":\"Personalizowane prezenty i dekoracje z drewna i druku 3D, na ka\u017cd\u0105 okazj\u0119 i okoliczno\u015b\u0107. Urodziny, Chrzest, Przyj\u0119cie, \u015awi\u0119ta, \u015alub\",\"publisher\":{\"@id\":\"https:\\\/\\\/www.drewnianamagia.pl\\\/#organization\"},\"potentialAction\":[{\"@type\":\"SearchAction\",\"target\":{\"@type\":\"EntryPoint\",\"urlTemplate\":\"https:\\\/\\\/www.drewnianamagia.pl\\\/?s={search_term_string}\"},\"query-input\":{\"@type\":\"PropertyValueSpecification\",\"valueRequired\":true,\"valueName\":\"search_term_string\"}}],\"inLanguage\":\"pl-PL\"},{\"@type\":\"Organization\",\"@id\":\"https:\\\/\\\/www.drewnianamagia.pl\\\/#organization\",\"name\":\"Drewniana Magia\",\"url\":\"https:\\\/\\\/www.drewnianamagia.pl\\\/\",\"logo\":{\"@type\":\"ImageObject\",\"inLanguage\":\"pl-PL\",\"@id\":\"https:\\\/\\\/www.drewnianamagia.pl\\\/#\\\/schema\\\/logo\\\/image\\\/\",\"url\":\"https:\\\/\\\/www.drewnianamagia.pl\\\/wp-content\\\/uploads\\\/2024\\\/02\\\/cropped-LOGO-DrewnianaMagia-375x188-1.png\",\"contentUrl\":\"https:\\\/\\\/www.drewnianamagia.pl\\\/wp-content\\\/uploads\\\/2024\\\/02\\\/cropped-LOGO-DrewnianaMagia-375x188-1.png\",\"width\":374,\"height\":188,\"caption\":\"Drewniana Magia\"},\"image\":{\"@id\":\"https:\\\/\\\/www.drewnianamagia.pl\\\/#\\\/schema\\\/logo\\\/image\\\/\"},\"sameAs\":[\"https:\\\/\\\/facebook.com\\\/BelasDrewnianaMagia\"]}]}<\/script>\n<!-- \/ Yoast SEO plugin. -->","yoast_head_json":{"title":"Topper Rocznica \u015alubu 5 10 15 20 25 30 35 40 45 50 z grawerem - Drewniana Magia","description":"Personalizowany drewniany topper \"Rocznica \u015alubu\". Dowolna rocznica i grawer imion. Spersonalizuj ten produkt. R\u0119cznie szlifowany.","robots":{"index":"index","follow":"follow","max-snippet":"max-snippet:-1","max-image-preview":"max-image-preview:large","max-video-preview":"max-video-preview:-1"},"canonical":"https:\/\/www.drewnianamagia.pl\/index.php\/produkt\/topper-rocznica-slubu-5-10-15-20-25-30-35-40-45-50-z-grawerem\/","og_locale":"pl_PL","og_type":"article","og_title":"Topper Rocznica \u015alubu 5 10 15 20 25 30 35 40 45 50 z grawerem - Drewniana Magia","og_description":"Personalizowany drewniany topper \"Rocznica \u015alubu\". Dowolna rocznica i grawer imion. Spersonalizuj ten produkt. R\u0119cznie szlifowany.","og_url":"https:\/\/www.drewnianamagia.pl\/index.php\/produkt\/topper-rocznica-slubu-5-10-15-20-25-30-35-40-45-50-z-grawerem\/","og_site_name":"Drewniana Magia","article_publisher":"https:\/\/facebook.com\/BelasDrewnianaMagia","article_modified_time":"2024-12-13T11:28:07+00:00","og_image":[{"width":1000,"height":1000,"url":"https:\/\/www.drewnianamagia.pl\/wp-content\/uploads\/2024\/04\/topper-rocznica-slubu-z-grawerem.jpg","type":"image\/jpeg"}],"twitter_card":"summary_large_image","twitter_misc":{"Szacowany czas czytania":"2 minuty"},"schema":{"@context":"https:\/\/schema.org","@graph":[{"@type":"WebPage","@id":"https:\/\/www.drewnianamagia.pl\/index.php\/produkt\/topper-rocznica-slubu-5-10-15-20-25-30-35-40-45-50-z-grawerem\/","url":"https:\/\/www.drewnianamagia.pl\/index.php\/produkt\/topper-rocznica-slubu-5-10-15-20-25-30-35-40-45-50-z-grawerem\/","name":"Topper Rocznica \u015alubu 5 10 15 20 25 30 35 40 45 50 z grawerem - Drewniana Magia","isPartOf":{"@id":"https:\/\/www.drewnianamagia.pl\/#website"},"primaryImageOfPage":{"@id":"https:\/\/www.drewnianamagia.pl\/index.php\/produkt\/topper-rocznica-slubu-5-10-15-20-25-30-35-40-45-50-z-grawerem\/#primaryimage"},"image":{"@id":"https:\/\/www.drewnianamagia.pl\/index.php\/produkt\/topper-rocznica-slubu-5-10-15-20-25-30-35-40-45-50-z-grawerem\/#primaryimage"},"thumbnailUrl":"https:\/\/www.drewnianamagia.pl\/wp-content\/uploads\/2024\/04\/topper-rocznica-slubu-z-grawerem.jpg","datePublished":"2024-04-08T14:33:05+00:00","dateModified":"2024-12-13T11:28:07+00:00","description":"Personalizowany drewniany topper \"Rocznica \u015alubu\". Dowolna rocznica i grawer imion. Spersonalizuj ten produkt. R\u0119cznie szlifowany.","breadcrumb":{"@id":"https:\/\/www.drewnianamagia.pl\/index.php\/produkt\/topper-rocznica-slubu-5-10-15-20-25-30-35-40-45-50-z-grawerem\/#breadcrumb"},"inLanguage":"pl-PL","potentialAction":[{"@type":"ReadAction","target":["https:\/\/www.drewnianamagia.pl\/index.php\/produkt\/topper-rocznica-slubu-5-10-15-20-25-30-35-40-45-50-z-grawerem\/"]}]},{"@type":"ImageObject","inLanguage":"pl-PL","@id":"https:\/\/www.drewnianamagia.pl\/index.php\/produkt\/topper-rocznica-slubu-5-10-15-20-25-30-35-40-45-50-z-grawerem\/#primaryimage","url":"https:\/\/www.drewnianamagia.pl\/wp-content\/uploads\/2024\/04\/topper-rocznica-slubu-z-grawerem.jpg","contentUrl":"https:\/\/www.drewnianamagia.pl\/wp-content\/uploads\/2024\/04\/topper-rocznica-slubu-z-grawerem.jpg","width":1000,"height":1000,"caption":"Toppery Rocznicowe"},{"@type":"BreadcrumbList","@id":"https:\/\/www.drewnianamagia.pl\/index.php\/produkt\/topper-rocznica-slubu-5-10-15-20-25-30-35-40-45-50-z-grawerem\/#breadcrumb","itemListElement":[{"@type":"ListItem","position":1,"name":"Strona g\u0142\u00f3wna","item":"https:\/\/www.drewnianamagia.pl\/"},{"@type":"ListItem","position":2,"name":"Sklep","item":"https:\/\/www.drewnianamagia.pl\/index.php\/sklep-internetowy-drewnianamagia\/"},{"@type":"ListItem","position":3,"name":"Topper Rocznica \u015alubu 5 10 15 20 25 30 35 40 45 50 z grawerem"}]},{"@type":"WebSite","@id":"https:\/\/www.drewnianamagia.pl\/#website","url":"https:\/\/www.drewnianamagia.pl\/","name":"Drewniana Magia","description":"Personalizowane prezenty i dekoracje z drewna i druku 3D, na ka\u017cd\u0105 okazj\u0119 i okoliczno\u015b\u0107. Urodziny, Chrzest, Przyj\u0119cie, \u015awi\u0119ta, \u015alub","publisher":{"@id":"https:\/\/www.drewnianamagia.pl\/#organization"},"potentialAction":[{"@type":"SearchAction","target":{"@type":"EntryPoint","urlTemplate":"https:\/\/www.drewnianamagia.pl\/?s={search_term_string}"},"query-input":{"@type":"PropertyValueSpecification","valueRequired":true,"valueName":"search_term_string"}}],"inLanguage":"pl-PL"},{"@type":"Organization","@id":"https:\/\/www.drewnianamagia.pl\/#organization","name":"Drewniana Magia","url":"https:\/\/www.drewnianamagia.pl\/","logo":{"@type":"ImageObject","inLanguage":"pl-PL","@id":"https:\/\/www.drewnianamagia.pl\/#\/schema\/logo\/image\/","url":"https:\/\/www.drewnianamagia.pl\/wp-content\/uploads\/2024\/02\/cropped-LOGO-DrewnianaMagia-375x188-1.png","contentUrl":"https:\/\/www.drewnianamagia.pl\/wp-content\/uploads\/2024\/02\/cropped-LOGO-DrewnianaMagia-375x188-1.png","width":374,"height":188,"caption":"Drewniana Magia"},"image":{"@id":"https:\/\/www.drewnianamagia.pl\/#\/schema\/logo\/image\/"},"sameAs":["https:\/\/facebook.com\/BelasDrewnianaMagia"]}]}},"_links":{"self":[{"href":"https:\/\/www.drewnianamagia.pl\/index.php\/wp-json\/wp\/v2\/product\/3007","targetHints":{"allow":["GET"]}}],"collection":[{"href":"https:\/\/www.drewnianamagia.pl\/index.php\/wp-json\/wp\/v2\/product"}],"about":[{"href":"https:\/\/www.drewnianamagia.pl\/index.php\/wp-json\/wp\/v2\/types\/product"}],"replies":[{"embeddable":true,"href":"https:\/\/www.drewnianamagia.pl\/index.php\/wp-json\/wp\/v2\/comments?post=3007"}],"wp:featuredmedia":[{"embeddable":true,"href":"https:\/\/www.drewnianamagia.pl\/index.php\/wp-json\/wp\/v2\/media\/3002"}],"wp:attachment":[{"href":"https:\/\/www.drewnianamagia.pl\/index.php\/wp-json\/wp\/v2\/media?parent=3007"}],"wp:term":[{"taxonomy":"product_brand","embeddable":true,"href":"https:\/\/www.drewnianamagia.pl\/index.php\/wp-json\/wp\/v2\/product_brand?post=3007"},{"taxonomy":"product_cat","embeddable":true,"href":"https:\/\/www.drewnianamagia.pl\/index.php\/wp-json\/wp\/v2\/product_cat?post=3007"},{"taxonomy":"product_tag","embeddable":true,"href":"https:\/\/www.drewnianamagia.pl\/index.php\/wp-json\/wp\/v2\/product_tag?post=3007"}],"curies":[{"name":"wp","href":"https:\/\/api.w.org\/{rel}","templated":true}]}}