{"id":2330,"date":"2024-03-08T12:40:24","date_gmt":"2024-03-08T11:40:24","guid":{"rendered":"https:\/\/www.drewnianamagia.pl\/?post_type=product&#038;p=2330"},"modified":"2024-12-13T12:28:03","modified_gmt":"2024-12-13T11:28:03","slug":"kwiatek-z-grawerem-prezent-dla-niej-na-urodziny-imieniny-dzien-kobiet","status":"publish","type":"product","link":"https:\/\/www.drewnianamagia.pl\/index.php\/produkt\/kwiatek-z-grawerem-prezent-dla-niej-na-urodziny-imieniny-dzien-kobiet\/","title":{"rendered":"Kwiatek z grawerem &#8211; prezent dla Niej na urodziny, imieniny, Dzie\u0144 Kobiet"},"content":{"rendered":"<p style=\"text-align: center;\">Drewniany Kwiatek personalizowany dla Niej na urodziny, imieniny, Dzie\u0144 Kobiet &#8211; 1 szt.<\/p>\n<p style=\"text-align: center;\"><img loading=\"lazy\" decoding=\"async\" class=\"aligncenter size-full wp-image-2329\" src=\"https:\/\/www.drewnianamagia.pl\/wp-content\/uploads\/2024\/03\/kwitki-animacja.gif\" alt=\"kwiatek animacja\" width=\"200\" height=\"200\" \/><\/p>\n<p>Personalizowany Drewniany Stoj\u0105cy Kwiatek to uroczy dodatek do wn\u0119trza, kt\u00f3ry dodaje uroku i wyj\u0105tkowego charakteru ka\u017cdemu pomieszczeniu. Wykonujemy go z wysokiej jako\u015bci sklejki o grubo\u015bci oko\u0142o 3mm. Kwiatek ma wymiarach 10x15cm i zachwyca swoim minimalistycznym, a zarazem eleganckim designem.<\/p>\n<p style=\"text-align: center;\"><img loading=\"lazy\" decoding=\"async\" class=\"aligncenter size-medium wp-image-2328\" src=\"https:\/\/www.drewnianamagia.pl\/wp-content\/uploads\/2024\/03\/kwiatki-300x300.jpg\" alt=\"kwiatki\" width=\"300\" height=\"300\" srcset=\"https:\/\/www.drewnianamagia.pl\/wp-content\/uploads\/2024\/03\/kwiatki-300x300.jpg 300w, https:\/\/www.drewnianamagia.pl\/wp-content\/uploads\/2024\/03\/kwiatki-324x324.jpg 324w, https:\/\/www.drewnianamagia.pl\/wp-content\/uploads\/2024\/03\/kwiatki-100x100.jpg 100w, https:\/\/www.drewnianamagia.pl\/wp-content\/uploads\/2024\/03\/kwiatki-416x416.jpg 416w, https:\/\/www.drewnianamagia.pl\/wp-content\/uploads\/2024\/03\/kwiatki-150x150.jpg 150w, https:\/\/www.drewnianamagia.pl\/wp-content\/uploads\/2024\/03\/kwiatki.jpg 500w\" sizes=\"auto, (max-width: 300px) 100vw, 300px\" \/><\/p>\n<p>G\u0142\u00f3wn\u0105 cech\u0105 tego produktu jest mo\u017cliwo\u015b\u0107 personalizacji. Na g\u0142\u00f3wnym kwiatku oraz jego podstawie mo\u017cemy umie\u015bci\u0107 dowolny tekst, co sprawia, \u017ce jest to doskona\u0142y prezent na r\u00f3\u017cne okazje, takie jak urodziny, \u015bluby, rocznice, walentynki, Dzie\u0144 Kobiet czy Dzie\u0144 Matki. To idealny spos\u00f3b, aby wyrazi\u0107 uczucia w wyj\u0105tkowy spos\u00f3b.<\/p>\n<p><img loading=\"lazy\" decoding=\"async\" class=\"aligncenter size-medium wp-image-2327\" src=\"https:\/\/www.drewnianamagia.pl\/wp-content\/uploads\/2024\/03\/kwiatek-personalizacja-300x300.jpg\" alt=\"personalizacja kwiatka\" width=\"300\" height=\"300\" srcset=\"https:\/\/www.drewnianamagia.pl\/wp-content\/uploads\/2024\/03\/kwiatek-personalizacja-300x300.jpg 300w, https:\/\/www.drewnianamagia.pl\/wp-content\/uploads\/2024\/03\/kwiatek-personalizacja-324x324.jpg 324w, https:\/\/www.drewnianamagia.pl\/wp-content\/uploads\/2024\/03\/kwiatek-personalizacja-100x100.jpg 100w, https:\/\/www.drewnianamagia.pl\/wp-content\/uploads\/2024\/03\/kwiatek-personalizacja-416x416.jpg 416w, https:\/\/www.drewnianamagia.pl\/wp-content\/uploads\/2024\/03\/kwiatek-personalizacja-150x150.jpg 150w, https:\/\/www.drewnianamagia.pl\/wp-content\/uploads\/2024\/03\/kwiatek-personalizacja.jpg 500w\" sizes=\"auto, (max-width: 300px) 100vw, 300px\" \/><\/p>\n<p>Po wykonaniu graweru, ka\u017cdy egzemplarz jest r\u0119cznie szlifowany, co nadaje mu g\u0142adk\u0105 i delikatn\u0105 powierzchni\u0119, a tak\u017ce zapewnia wysok\u0105 jako\u015b\u0107 wykonania. Dzi\u0119ki temu kwiatek nie tylko wygl\u0105da pi\u0119knie, ale tak\u017ce jest trwa\u0142y i solidny.<\/p>\n<p>Ten uroczy kwiatek mo\u017ce by\u0107 doskona\u0142ym elementem dekoracyjnym na p\u00f3\u0142ce, komodzie, biurku czy sto\u0142ku nocnym.<\/p>\n<p>Daj nam zna\u0107 jaki tekst mamy wygrawerowa\u0107 w dost\u0119pnych miejscach.<\/p>\n<p>&nbsp;<\/p>\n<p>&nbsp;<\/p>\n","protected":false},"excerpt":{"rendered":"<p>Drewniany Kwiatek personalizowany dla Niej na urodziny, imieniny, Dzie\u0144 Kobiet &#8211; 1 szt. Personalizowany Drewniany Stoj\u0105cy Kwiatek to uroczy dodatek do wn\u0119trza, kt\u00f3ry dodaje uroku i wyj\u0105tkowego charakteru ka\u017cdemu pomieszczeniu. Wykonujemy go z wysokiej jako\u015bci sklejki o grubo\u015bci oko\u0142o 3mm. Kwiatek ma wymiarach 10x15cm i zachwyca swoim minimalistycznym, a zarazem eleganckim designem. G\u0142\u00f3wn\u0105 cech\u0105 tego [&hellip;]<\/p>\n","protected":false},"featured_media":2323,"comment_status":"open","ping_status":"closed","template":"","meta":{"_acf_changed":false},"product_brand":[],"product_cat":[49,108,100,104,98,148,96,99],"product_tag":[54],"class_list":{"0":"post-2330","1":"product","2":"type-product","3":"status-publish","4":"has-post-thumbnail","6":"product_cat-dekoracje","7":"product_cat-dzien-kobiet","8":"product_cat-dzien-matki-dzien-ojca","9":"product_cat-dzien-nauczyciela","10":"product_cat-slub-wesele","11":"product_cat-statuetki","12":"product_cat-urodziny-imieniny","13":"product_cat-walentynki","14":"product_tag-personalizacja","16":"first","17":"instock","18":"taxable","19":"shipping-taxable","20":"purchasable","21":"product-type-simple"},"acf":[],"yoast_head":"<!-- This site is optimized with the Yoast SEO plugin v27.5 - https:\/\/yoast.com\/product\/yoast-seo-wordpress\/ -->\n<title>Kwiatek z grawerem - prezent dla Niej na urodziny, imieniny, Dzie\u0144 Kobiet - Drewniana Magia<\/title>\n<meta name=\"description\" content=\"Personalizowany drewniany kwiatek. Doskona\u0142y prezent na r\u00f3\u017cne okazje, takie jak urodziny, \u015bluby, rocznice, walentynki, Dzie\u0144 Kobiet czy Dzie\u0144 Matki.\" \/>\n<meta name=\"robots\" content=\"index, follow, max-snippet:-1, max-image-preview:large, max-video-preview:-1\" \/>\n<link rel=\"canonical\" href=\"https:\/\/www.drewnianamagia.pl\/index.php\/produkt\/kwiatek-z-grawerem-prezent-dla-niej-na-urodziny-imieniny-dzien-kobiet\/\" \/>\n<meta property=\"og:locale\" content=\"pl_PL\" \/>\n<meta property=\"og:type\" content=\"article\" \/>\n<meta property=\"og:title\" content=\"Kwiatek z grawerem - prezent dla Niej na urodziny, imieniny, Dzie\u0144 Kobiet - Drewniana Magia\" \/>\n<meta property=\"og:description\" content=\"Personalizowany drewniany kwiatek. Doskona\u0142y prezent na r\u00f3\u017cne okazje, takie jak urodziny, \u015bluby, rocznice, walentynki, Dzie\u0144 Kobiet czy Dzie\u0144 Matki.\" \/>\n<meta property=\"og:url\" content=\"https:\/\/www.drewnianamagia.pl\/index.php\/produkt\/kwiatek-z-grawerem-prezent-dla-niej-na-urodziny-imieniny-dzien-kobiet\/\" \/>\n<meta property=\"og:site_name\" content=\"Drewniana Magia\" \/>\n<meta property=\"article:publisher\" content=\"https:\/\/facebook.com\/BelasDrewnianaMagia\" \/>\n<meta property=\"article:modified_time\" content=\"2024-12-13T11:28:03+00:00\" \/>\n<meta property=\"og:image\" content=\"https:\/\/www.drewnianamagia.pl\/wp-content\/uploads\/2024\/03\/kwiatek-1.jpg\" \/>\n\t<meta property=\"og:image:width\" content=\"500\" \/>\n\t<meta property=\"og:image:height\" content=\"500\" \/>\n\t<meta property=\"og:image:type\" content=\"image\/jpeg\" \/>\n<meta name=\"twitter:card\" content=\"summary_large_image\" \/>\n<meta name=\"twitter:label1\" content=\"Szacowany czas czytania\" \/>\n\t<meta name=\"twitter:data1\" content=\"2 minuty\" \/>\n<script type=\"application\/ld+json\" class=\"yoast-schema-graph\">{\"@context\":\"https:\\\/\\\/schema.org\",\"@graph\":[{\"@type\":\"WebPage\",\"@id\":\"https:\\\/\\\/www.drewnianamagia.pl\\\/index.php\\\/produkt\\\/kwiatek-z-grawerem-prezent-dla-niej-na-urodziny-imieniny-dzien-kobiet\\\/\",\"url\":\"https:\\\/\\\/www.drewnianamagia.pl\\\/index.php\\\/produkt\\\/kwiatek-z-grawerem-prezent-dla-niej-na-urodziny-imieniny-dzien-kobiet\\\/\",\"name\":\"Kwiatek z grawerem - prezent dla Niej na urodziny, imieniny, Dzie\u0144 Kobiet - Drewniana Magia\",\"isPartOf\":{\"@id\":\"https:\\\/\\\/www.drewnianamagia.pl\\\/#website\"},\"primaryImageOfPage\":{\"@id\":\"https:\\\/\\\/www.drewnianamagia.pl\\\/index.php\\\/produkt\\\/kwiatek-z-grawerem-prezent-dla-niej-na-urodziny-imieniny-dzien-kobiet\\\/#primaryimage\"},\"image\":{\"@id\":\"https:\\\/\\\/www.drewnianamagia.pl\\\/index.php\\\/produkt\\\/kwiatek-z-grawerem-prezent-dla-niej-na-urodziny-imieniny-dzien-kobiet\\\/#primaryimage\"},\"thumbnailUrl\":\"https:\\\/\\\/www.drewnianamagia.pl\\\/wp-content\\\/uploads\\\/2024\\\/03\\\/kwiatek-1.jpg\",\"datePublished\":\"2024-03-08T11:40:24+00:00\",\"dateModified\":\"2024-12-13T11:28:03+00:00\",\"description\":\"Personalizowany drewniany kwiatek. Doskona\u0142y prezent na r\u00f3\u017cne okazje, takie jak urodziny, \u015bluby, rocznice, walentynki, Dzie\u0144 Kobiet czy Dzie\u0144 Matki.\",\"breadcrumb\":{\"@id\":\"https:\\\/\\\/www.drewnianamagia.pl\\\/index.php\\\/produkt\\\/kwiatek-z-grawerem-prezent-dla-niej-na-urodziny-imieniny-dzien-kobiet\\\/#breadcrumb\"},\"inLanguage\":\"pl-PL\",\"potentialAction\":[{\"@type\":\"ReadAction\",\"target\":[\"https:\\\/\\\/www.drewnianamagia.pl\\\/index.php\\\/produkt\\\/kwiatek-z-grawerem-prezent-dla-niej-na-urodziny-imieniny-dzien-kobiet\\\/\"]}]},{\"@type\":\"ImageObject\",\"inLanguage\":\"pl-PL\",\"@id\":\"https:\\\/\\\/www.drewnianamagia.pl\\\/index.php\\\/produkt\\\/kwiatek-z-grawerem-prezent-dla-niej-na-urodziny-imieniny-dzien-kobiet\\\/#primaryimage\",\"url\":\"https:\\\/\\\/www.drewnianamagia.pl\\\/wp-content\\\/uploads\\\/2024\\\/03\\\/kwiatek-1.jpg\",\"contentUrl\":\"https:\\\/\\\/www.drewnianamagia.pl\\\/wp-content\\\/uploads\\\/2024\\\/03\\\/kwiatek-1.jpg\",\"width\":500,\"height\":500,\"caption\":\"kwiatek z grawerem\"},{\"@type\":\"BreadcrumbList\",\"@id\":\"https:\\\/\\\/www.drewnianamagia.pl\\\/index.php\\\/produkt\\\/kwiatek-z-grawerem-prezent-dla-niej-na-urodziny-imieniny-dzien-kobiet\\\/#breadcrumb\",\"itemListElement\":[{\"@type\":\"ListItem\",\"position\":1,\"name\":\"Strona g\u0142\u00f3wna\",\"item\":\"https:\\\/\\\/www.drewnianamagia.pl\\\/\"},{\"@type\":\"ListItem\",\"position\":2,\"name\":\"Sklep\",\"item\":\"https:\\\/\\\/www.drewnianamagia.pl\\\/index.php\\\/sklep-internetowy-drewnianamagia\\\/\"},{\"@type\":\"ListItem\",\"position\":3,\"name\":\"Kwiatek z grawerem &#8211; prezent dla Niej na urodziny, imieniny, Dzie\u0144 Kobiet\"}]},{\"@type\":\"WebSite\",\"@id\":\"https:\\\/\\\/www.drewnianamagia.pl\\\/#website\",\"url\":\"https:\\\/\\\/www.drewnianamagia.pl\\\/\",\"name\":\"Drewniana Magia\",\"description\":\"Personalizowane prezenty i dekoracje z drewna i druku 3D, na ka\u017cd\u0105 okazj\u0119 i okoliczno\u015b\u0107. Urodziny, Chrzest, Przyj\u0119cie, \u015awi\u0119ta, \u015alub\",\"publisher\":{\"@id\":\"https:\\\/\\\/www.drewnianamagia.pl\\\/#organization\"},\"potentialAction\":[{\"@type\":\"SearchAction\",\"target\":{\"@type\":\"EntryPoint\",\"urlTemplate\":\"https:\\\/\\\/www.drewnianamagia.pl\\\/?s={search_term_string}\"},\"query-input\":{\"@type\":\"PropertyValueSpecification\",\"valueRequired\":true,\"valueName\":\"search_term_string\"}}],\"inLanguage\":\"pl-PL\"},{\"@type\":\"Organization\",\"@id\":\"https:\\\/\\\/www.drewnianamagia.pl\\\/#organization\",\"name\":\"Drewniana Magia\",\"url\":\"https:\\\/\\\/www.drewnianamagia.pl\\\/\",\"logo\":{\"@type\":\"ImageObject\",\"inLanguage\":\"pl-PL\",\"@id\":\"https:\\\/\\\/www.drewnianamagia.pl\\\/#\\\/schema\\\/logo\\\/image\\\/\",\"url\":\"https:\\\/\\\/www.drewnianamagia.pl\\\/wp-content\\\/uploads\\\/2024\\\/02\\\/cropped-LOGO-DrewnianaMagia-375x188-1.png\",\"contentUrl\":\"https:\\\/\\\/www.drewnianamagia.pl\\\/wp-content\\\/uploads\\\/2024\\\/02\\\/cropped-LOGO-DrewnianaMagia-375x188-1.png\",\"width\":374,\"height\":188,\"caption\":\"Drewniana Magia\"},\"image\":{\"@id\":\"https:\\\/\\\/www.drewnianamagia.pl\\\/#\\\/schema\\\/logo\\\/image\\\/\"},\"sameAs\":[\"https:\\\/\\\/facebook.com\\\/BelasDrewnianaMagia\"]}]}<\/script>\n<!-- \/ Yoast SEO plugin. -->","yoast_head_json":{"title":"Kwiatek z grawerem - prezent dla Niej na urodziny, imieniny, Dzie\u0144 Kobiet - Drewniana Magia","description":"Personalizowany drewniany kwiatek. Doskona\u0142y prezent na r\u00f3\u017cne okazje, takie jak urodziny, \u015bluby, rocznice, walentynki, Dzie\u0144 Kobiet czy Dzie\u0144 Matki.","robots":{"index":"index","follow":"follow","max-snippet":"max-snippet:-1","max-image-preview":"max-image-preview:large","max-video-preview":"max-video-preview:-1"},"canonical":"https:\/\/www.drewnianamagia.pl\/index.php\/produkt\/kwiatek-z-grawerem-prezent-dla-niej-na-urodziny-imieniny-dzien-kobiet\/","og_locale":"pl_PL","og_type":"article","og_title":"Kwiatek z grawerem - prezent dla Niej na urodziny, imieniny, Dzie\u0144 Kobiet - Drewniana Magia","og_description":"Personalizowany drewniany kwiatek. Doskona\u0142y prezent na r\u00f3\u017cne okazje, takie jak urodziny, \u015bluby, rocznice, walentynki, Dzie\u0144 Kobiet czy Dzie\u0144 Matki.","og_url":"https:\/\/www.drewnianamagia.pl\/index.php\/produkt\/kwiatek-z-grawerem-prezent-dla-niej-na-urodziny-imieniny-dzien-kobiet\/","og_site_name":"Drewniana Magia","article_publisher":"https:\/\/facebook.com\/BelasDrewnianaMagia","article_modified_time":"2024-12-13T11:28:03+00:00","og_image":[{"width":500,"height":500,"url":"https:\/\/www.drewnianamagia.pl\/wp-content\/uploads\/2024\/03\/kwiatek-1.jpg","type":"image\/jpeg"}],"twitter_card":"summary_large_image","twitter_misc":{"Szacowany czas czytania":"2 minuty"},"schema":{"@context":"https:\/\/schema.org","@graph":[{"@type":"WebPage","@id":"https:\/\/www.drewnianamagia.pl\/index.php\/produkt\/kwiatek-z-grawerem-prezent-dla-niej-na-urodziny-imieniny-dzien-kobiet\/","url":"https:\/\/www.drewnianamagia.pl\/index.php\/produkt\/kwiatek-z-grawerem-prezent-dla-niej-na-urodziny-imieniny-dzien-kobiet\/","name":"Kwiatek z grawerem - prezent dla Niej na urodziny, imieniny, Dzie\u0144 Kobiet - Drewniana Magia","isPartOf":{"@id":"https:\/\/www.drewnianamagia.pl\/#website"},"primaryImageOfPage":{"@id":"https:\/\/www.drewnianamagia.pl\/index.php\/produkt\/kwiatek-z-grawerem-prezent-dla-niej-na-urodziny-imieniny-dzien-kobiet\/#primaryimage"},"image":{"@id":"https:\/\/www.drewnianamagia.pl\/index.php\/produkt\/kwiatek-z-grawerem-prezent-dla-niej-na-urodziny-imieniny-dzien-kobiet\/#primaryimage"},"thumbnailUrl":"https:\/\/www.drewnianamagia.pl\/wp-content\/uploads\/2024\/03\/kwiatek-1.jpg","datePublished":"2024-03-08T11:40:24+00:00","dateModified":"2024-12-13T11:28:03+00:00","description":"Personalizowany drewniany kwiatek. Doskona\u0142y prezent na r\u00f3\u017cne okazje, takie jak urodziny, \u015bluby, rocznice, walentynki, Dzie\u0144 Kobiet czy Dzie\u0144 Matki.","breadcrumb":{"@id":"https:\/\/www.drewnianamagia.pl\/index.php\/produkt\/kwiatek-z-grawerem-prezent-dla-niej-na-urodziny-imieniny-dzien-kobiet\/#breadcrumb"},"inLanguage":"pl-PL","potentialAction":[{"@type":"ReadAction","target":["https:\/\/www.drewnianamagia.pl\/index.php\/produkt\/kwiatek-z-grawerem-prezent-dla-niej-na-urodziny-imieniny-dzien-kobiet\/"]}]},{"@type":"ImageObject","inLanguage":"pl-PL","@id":"https:\/\/www.drewnianamagia.pl\/index.php\/produkt\/kwiatek-z-grawerem-prezent-dla-niej-na-urodziny-imieniny-dzien-kobiet\/#primaryimage","url":"https:\/\/www.drewnianamagia.pl\/wp-content\/uploads\/2024\/03\/kwiatek-1.jpg","contentUrl":"https:\/\/www.drewnianamagia.pl\/wp-content\/uploads\/2024\/03\/kwiatek-1.jpg","width":500,"height":500,"caption":"kwiatek z grawerem"},{"@type":"BreadcrumbList","@id":"https:\/\/www.drewnianamagia.pl\/index.php\/produkt\/kwiatek-z-grawerem-prezent-dla-niej-na-urodziny-imieniny-dzien-kobiet\/#breadcrumb","itemListElement":[{"@type":"ListItem","position":1,"name":"Strona g\u0142\u00f3wna","item":"https:\/\/www.drewnianamagia.pl\/"},{"@type":"ListItem","position":2,"name":"Sklep","item":"https:\/\/www.drewnianamagia.pl\/index.php\/sklep-internetowy-drewnianamagia\/"},{"@type":"ListItem","position":3,"name":"Kwiatek z grawerem &#8211; prezent dla Niej na urodziny, imieniny, Dzie\u0144 Kobiet"}]},{"@type":"WebSite","@id":"https:\/\/www.drewnianamagia.pl\/#website","url":"https:\/\/www.drewnianamagia.pl\/","name":"Drewniana Magia","description":"Personalizowane prezenty i dekoracje z drewna i druku 3D, na ka\u017cd\u0105 okazj\u0119 i okoliczno\u015b\u0107. Urodziny, Chrzest, Przyj\u0119cie, \u015awi\u0119ta, \u015alub","publisher":{"@id":"https:\/\/www.drewnianamagia.pl\/#organization"},"potentialAction":[{"@type":"SearchAction","target":{"@type":"EntryPoint","urlTemplate":"https:\/\/www.drewnianamagia.pl\/?s={search_term_string}"},"query-input":{"@type":"PropertyValueSpecification","valueRequired":true,"valueName":"search_term_string"}}],"inLanguage":"pl-PL"},{"@type":"Organization","@id":"https:\/\/www.drewnianamagia.pl\/#organization","name":"Drewniana Magia","url":"https:\/\/www.drewnianamagia.pl\/","logo":{"@type":"ImageObject","inLanguage":"pl-PL","@id":"https:\/\/www.drewnianamagia.pl\/#\/schema\/logo\/image\/","url":"https:\/\/www.drewnianamagia.pl\/wp-content\/uploads\/2024\/02\/cropped-LOGO-DrewnianaMagia-375x188-1.png","contentUrl":"https:\/\/www.drewnianamagia.pl\/wp-content\/uploads\/2024\/02\/cropped-LOGO-DrewnianaMagia-375x188-1.png","width":374,"height":188,"caption":"Drewniana Magia"},"image":{"@id":"https:\/\/www.drewnianamagia.pl\/#\/schema\/logo\/image\/"},"sameAs":["https:\/\/facebook.com\/BelasDrewnianaMagia"]}]}},"_links":{"self":[{"href":"https:\/\/www.drewnianamagia.pl\/index.php\/wp-json\/wp\/v2\/product\/2330","targetHints":{"allow":["GET"]}}],"collection":[{"href":"https:\/\/www.drewnianamagia.pl\/index.php\/wp-json\/wp\/v2\/product"}],"about":[{"href":"https:\/\/www.drewnianamagia.pl\/index.php\/wp-json\/wp\/v2\/types\/product"}],"replies":[{"embeddable":true,"href":"https:\/\/www.drewnianamagia.pl\/index.php\/wp-json\/wp\/v2\/comments?post=2330"}],"wp:featuredmedia":[{"embeddable":true,"href":"https:\/\/www.drewnianamagia.pl\/index.php\/wp-json\/wp\/v2\/media\/2323"}],"wp:attachment":[{"href":"https:\/\/www.drewnianamagia.pl\/index.php\/wp-json\/wp\/v2\/media?parent=2330"}],"wp:term":[{"taxonomy":"product_brand","embeddable":true,"href":"https:\/\/www.drewnianamagia.pl\/index.php\/wp-json\/wp\/v2\/product_brand?post=2330"},{"taxonomy":"product_cat","embeddable":true,"href":"https:\/\/www.drewnianamagia.pl\/index.php\/wp-json\/wp\/v2\/product_cat?post=2330"},{"taxonomy":"product_tag","embeddable":true,"href":"https:\/\/www.drewnianamagia.pl\/index.php\/wp-json\/wp\/v2\/product_tag?post=2330"}],"curies":[{"name":"wp","href":"https:\/\/api.w.org\/{rel}","templated":true}]}}