{"id":1884,"date":"2024-02-05T15:30:45","date_gmt":"2024-02-05T14:30:45","guid":{"rendered":"https:\/\/www.drewnianamagia.pl\/?post_type=product&#038;p=1884"},"modified":"2026-04-01T18:34:10","modified_gmt":"2026-04-01T16:34:10","slug":"zawieszka-do-auta-stopka-personalizacja","status":"publish","type":"product","link":"https:\/\/www.drewnianamagia.pl\/index.php\/produkt\/zawieszka-do-auta-stopka-personalizacja\/","title":{"rendered":"Zawieszka do auta &#8211; st\u00f3pka &#8211; personalizacja"},"content":{"rendered":"<p style=\"text-align: center;\"><strong>Personalizowana zawieszka do auta w kszta\u0142cie dzieci\u0119cej st\u00f3pki<\/strong><\/p>\n<p>&nbsp;<\/p>\n<p>Zawieszka do auta w kszta\u0142cie dzieci\u0119cej st\u00f3pki to wyj\u0105tkowa forma wyra\u017cenia troski i mi\u0142o\u015bci dla bliskiej osoby.<\/p>\n<p>Produkt wykonujemy z wysokiej jako\u015bci sklejki o grubo\u015bci ok. 3mm. Ma wymiary 9,5cm x 5,5cm. Do zawieszki do\u0142\u0105czamy sznurek jutowy w celu jej zawieszenia w dowolnym miejscu.<\/p>\n<p>Ca\u0142o\u015b\u0107 po wykonaniu graweru r\u0119cznie szlifujemy.<\/p>\n<p>Ustal sw\u00f3j w\u0142asny tekst jaki ma znale\u017a\u0107 si\u0119 na zawieszce. W polu personalizacji napisz co mamy wygrawerowa\u0107. Mo\u017cesz zainspirowa\u0107 si\u0119 jedn\u0105 z naszych propozycji:<\/p>\n<ol>\n<li><strong><span style=\"color: #008000;\">jed\u017a ostro\u017cnie bo masz do kogo wraca\u0107!<\/span><\/strong><\/li>\n<li><strong><span style=\"color: #008000;\">jed\u017a ostro\u017cnie, czekam na Ciebie<\/span><\/strong><\/li>\n<li><strong><span style=\"color: #008000;\">NIE p\u0119d\u017a PROSZ\u0118!<\/span><\/strong><\/li>\n<\/ol>\n<p>Sk\u0142adaj\u0105c zam\u00f3wienie podaj <strong>ca\u0142\u0105 tre\u015b\u0107 graweru<\/strong> wraz z <span style=\"color: #ff0000;\">adresatem<\/span> wiadomo\u015bci oraz <span style=\"color: #ff0000;\">podpisem<\/span> na przyk\u0142ad: <em>&#8222;<span style=\"color: #ff0000;\">Mamusiu<\/span>, <strong><span style=\"color: #008000;\">jed\u017a ostro\u017cnie, bo masz do kogo wraca\u0107<\/span><\/strong>, <span style=\"color: #ff0000;\">Kocham Ci\u0119, Antek<\/span>&#8222;.\u00a0<\/em>Podan\u0105 przez Ciebie tre\u015b\u0107 umie\u015bcimy na zawieszce w taki spos\u00f3b aby idealnie komponowa\u0142a si\u0119 na tej uroczej st\u00f3pce.<\/p>\n<p>Grawer jednostronny.<\/p>\n","protected":false},"excerpt":{"rendered":"<p>Personalizowana zawieszka do auta w kszta\u0142cie dzieci\u0119cej st\u00f3pki &nbsp; Zawieszka do auta w kszta\u0142cie dzieci\u0119cej st\u00f3pki to wyj\u0105tkowa forma wyra\u017cenia troski i mi\u0142o\u015bci dla bliskiej osoby. Produkt wykonujemy z wysokiej jako\u015bci sklejki o grubo\u015bci ok. 3mm. Ma wymiary 9,5cm x 5,5cm. Do zawieszki do\u0142\u0105czamy sznurek jutowy w celu jej zawieszenia w dowolnym miejscu. Ca\u0142o\u015b\u0107 po [&hellip;]<\/p>\n","protected":false},"featured_media":1846,"comment_status":"open","ping_status":"closed","template":"","meta":{"_acf_changed":false},"product_brand":[],"product_cat":[49,100,92,106,96,144],"product_tag":[54,203,55],"class_list":{"0":"post-1884","1":"product","2":"type-product","3":"status-publish","4":"has-post-thumbnail","6":"product_cat-dekoracje","7":"product_cat-dzien-matki-dzien-ojca","8":"product_cat-gadzety","9":"product_cat-narodziny-dziecka","10":"product_cat-urodziny-imieniny","11":"product_cat-zawieszki","12":"product_tag-personalizacja","13":"product_tag-pnp","14":"product_tag-prezent","16":"first","17":"instock","18":"sale","19":"featured","20":"taxable","21":"shipping-taxable","22":"purchasable","23":"product-type-simple"},"acf":[],"yoast_head":"<!-- This site is optimized with the Yoast SEO plugin v27.5 - https:\/\/yoast.com\/product\/yoast-seo-wordpress\/ -->\n<title>Zawieszka do auta - st\u00f3pka - personalizacja - Drewniana Magia<\/title>\n<meta name=\"description\" content=\"Personalizowana zawieszka do auta w kszta\u0142cie dzieci\u0119cej st\u00f3pki. Wyra\u017a swoj\u0105 trosk\u0119 i mi\u0142o\u015b\u0107 dowolnie personalizuj\u0105c ten produkt.\" \/>\n<meta name=\"robots\" content=\"index, follow, max-snippet:-1, max-image-preview:large, max-video-preview:-1\" \/>\n<link rel=\"canonical\" href=\"https:\/\/www.drewnianamagia.pl\/index.php\/produkt\/zawieszka-do-auta-stopka-personalizacja\/\" \/>\n<meta property=\"og:locale\" content=\"pl_PL\" \/>\n<meta property=\"og:type\" content=\"article\" \/>\n<meta property=\"og:title\" content=\"Zawieszka do auta - st\u00f3pka - personalizacja - Drewniana Magia\" \/>\n<meta property=\"og:description\" content=\"Personalizowana zawieszka do auta w kszta\u0142cie dzieci\u0119cej st\u00f3pki. Wyra\u017a swoj\u0105 trosk\u0119 i mi\u0142o\u015b\u0107 dowolnie personalizuj\u0105c ten produkt.\" \/>\n<meta property=\"og:url\" content=\"https:\/\/www.drewnianamagia.pl\/index.php\/produkt\/zawieszka-do-auta-stopka-personalizacja\/\" \/>\n<meta property=\"og:site_name\" content=\"Drewniana Magia\" \/>\n<meta property=\"article:publisher\" content=\"https:\/\/facebook.com\/BelasDrewnianaMagia\" \/>\n<meta property=\"article:modified_time\" content=\"2026-04-01T16:34:10+00:00\" \/>\n<meta property=\"og:image\" content=\"https:\/\/www.drewnianamagia.pl\/wp-content\/uploads\/2024\/02\/zawieszka-stopka-projekt.png\" \/>\n\t<meta property=\"og:image:width\" content=\"1500\" \/>\n\t<meta property=\"og:image:height\" content=\"1500\" \/>\n\t<meta property=\"og:image:type\" content=\"image\/png\" \/>\n<meta name=\"twitter:card\" content=\"summary_large_image\" \/>\n<meta name=\"twitter:label1\" content=\"Szacowany czas czytania\" \/>\n\t<meta name=\"twitter:data1\" content=\"2 minuty\" \/>\n<script type=\"application\/ld+json\" class=\"yoast-schema-graph\">{\"@context\":\"https:\\\/\\\/schema.org\",\"@graph\":[{\"@type\":\"WebPage\",\"@id\":\"https:\\\/\\\/www.drewnianamagia.pl\\\/index.php\\\/produkt\\\/zawieszka-do-auta-stopka-personalizacja\\\/\",\"url\":\"https:\\\/\\\/www.drewnianamagia.pl\\\/index.php\\\/produkt\\\/zawieszka-do-auta-stopka-personalizacja\\\/\",\"name\":\"Zawieszka do auta - st\u00f3pka - personalizacja - Drewniana Magia\",\"isPartOf\":{\"@id\":\"https:\\\/\\\/www.drewnianamagia.pl\\\/#website\"},\"primaryImageOfPage\":{\"@id\":\"https:\\\/\\\/www.drewnianamagia.pl\\\/index.php\\\/produkt\\\/zawieszka-do-auta-stopka-personalizacja\\\/#primaryimage\"},\"image\":{\"@id\":\"https:\\\/\\\/www.drewnianamagia.pl\\\/index.php\\\/produkt\\\/zawieszka-do-auta-stopka-personalizacja\\\/#primaryimage\"},\"thumbnailUrl\":\"https:\\\/\\\/www.drewnianamagia.pl\\\/wp-content\\\/uploads\\\/2024\\\/02\\\/zawieszka-stopka-projekt.png\",\"datePublished\":\"2024-02-05T14:30:45+00:00\",\"dateModified\":\"2026-04-01T16:34:10+00:00\",\"description\":\"Personalizowana zawieszka do auta w kszta\u0142cie dzieci\u0119cej st\u00f3pki. Wyra\u017a swoj\u0105 trosk\u0119 i mi\u0142o\u015b\u0107 dowolnie personalizuj\u0105c ten produkt.\",\"breadcrumb\":{\"@id\":\"https:\\\/\\\/www.drewnianamagia.pl\\\/index.php\\\/produkt\\\/zawieszka-do-auta-stopka-personalizacja\\\/#breadcrumb\"},\"inLanguage\":\"pl-PL\",\"potentialAction\":[{\"@type\":\"ReadAction\",\"target\":[\"https:\\\/\\\/www.drewnianamagia.pl\\\/index.php\\\/produkt\\\/zawieszka-do-auta-stopka-personalizacja\\\/\"]}]},{\"@type\":\"ImageObject\",\"inLanguage\":\"pl-PL\",\"@id\":\"https:\\\/\\\/www.drewnianamagia.pl\\\/index.php\\\/produkt\\\/zawieszka-do-auta-stopka-personalizacja\\\/#primaryimage\",\"url\":\"https:\\\/\\\/www.drewnianamagia.pl\\\/wp-content\\\/uploads\\\/2024\\\/02\\\/zawieszka-stopka-projekt.png\",\"contentUrl\":\"https:\\\/\\\/www.drewnianamagia.pl\\\/wp-content\\\/uploads\\\/2024\\\/02\\\/zawieszka-stopka-projekt.png\",\"width\":1500,\"height\":1500,\"caption\":\"Zawieszki do auta\"},{\"@type\":\"BreadcrumbList\",\"@id\":\"https:\\\/\\\/www.drewnianamagia.pl\\\/index.php\\\/produkt\\\/zawieszka-do-auta-stopka-personalizacja\\\/#breadcrumb\",\"itemListElement\":[{\"@type\":\"ListItem\",\"position\":1,\"name\":\"Strona g\u0142\u00f3wna\",\"item\":\"https:\\\/\\\/www.drewnianamagia.pl\\\/\"},{\"@type\":\"ListItem\",\"position\":2,\"name\":\"Sklep\",\"item\":\"https:\\\/\\\/www.drewnianamagia.pl\\\/index.php\\\/sklep-internetowy-drewnianamagia\\\/\"},{\"@type\":\"ListItem\",\"position\":3,\"name\":\"Zawieszka do auta &#8211; st\u00f3pka &#8211; personalizacja\"}]},{\"@type\":\"WebSite\",\"@id\":\"https:\\\/\\\/www.drewnianamagia.pl\\\/#website\",\"url\":\"https:\\\/\\\/www.drewnianamagia.pl\\\/\",\"name\":\"Drewniana Magia\",\"description\":\"Personalizowane prezenty i dekoracje z drewna i druku 3D, na ka\u017cd\u0105 okazj\u0119 i okoliczno\u015b\u0107. Urodziny, Chrzest, Przyj\u0119cie, \u015awi\u0119ta, \u015alub\",\"publisher\":{\"@id\":\"https:\\\/\\\/www.drewnianamagia.pl\\\/#organization\"},\"potentialAction\":[{\"@type\":\"SearchAction\",\"target\":{\"@type\":\"EntryPoint\",\"urlTemplate\":\"https:\\\/\\\/www.drewnianamagia.pl\\\/?s={search_term_string}\"},\"query-input\":{\"@type\":\"PropertyValueSpecification\",\"valueRequired\":true,\"valueName\":\"search_term_string\"}}],\"inLanguage\":\"pl-PL\"},{\"@type\":\"Organization\",\"@id\":\"https:\\\/\\\/www.drewnianamagia.pl\\\/#organization\",\"name\":\"Drewniana Magia\",\"url\":\"https:\\\/\\\/www.drewnianamagia.pl\\\/\",\"logo\":{\"@type\":\"ImageObject\",\"inLanguage\":\"pl-PL\",\"@id\":\"https:\\\/\\\/www.drewnianamagia.pl\\\/#\\\/schema\\\/logo\\\/image\\\/\",\"url\":\"https:\\\/\\\/www.drewnianamagia.pl\\\/wp-content\\\/uploads\\\/2024\\\/02\\\/cropped-LOGO-DrewnianaMagia-375x188-1.png\",\"contentUrl\":\"https:\\\/\\\/www.drewnianamagia.pl\\\/wp-content\\\/uploads\\\/2024\\\/02\\\/cropped-LOGO-DrewnianaMagia-375x188-1.png\",\"width\":374,\"height\":188,\"caption\":\"Drewniana Magia\"},\"image\":{\"@id\":\"https:\\\/\\\/www.drewnianamagia.pl\\\/#\\\/schema\\\/logo\\\/image\\\/\"},\"sameAs\":[\"https:\\\/\\\/facebook.com\\\/BelasDrewnianaMagia\"]}]}<\/script>\n<!-- \/ Yoast SEO plugin. -->","yoast_head_json":{"title":"Zawieszka do auta - st\u00f3pka - personalizacja - Drewniana Magia","description":"Personalizowana zawieszka do auta w kszta\u0142cie dzieci\u0119cej st\u00f3pki. Wyra\u017a swoj\u0105 trosk\u0119 i mi\u0142o\u015b\u0107 dowolnie personalizuj\u0105c ten produkt.","robots":{"index":"index","follow":"follow","max-snippet":"max-snippet:-1","max-image-preview":"max-image-preview:large","max-video-preview":"max-video-preview:-1"},"canonical":"https:\/\/www.drewnianamagia.pl\/index.php\/produkt\/zawieszka-do-auta-stopka-personalizacja\/","og_locale":"pl_PL","og_type":"article","og_title":"Zawieszka do auta - st\u00f3pka - personalizacja - Drewniana Magia","og_description":"Personalizowana zawieszka do auta w kszta\u0142cie dzieci\u0119cej st\u00f3pki. Wyra\u017a swoj\u0105 trosk\u0119 i mi\u0142o\u015b\u0107 dowolnie personalizuj\u0105c ten produkt.","og_url":"https:\/\/www.drewnianamagia.pl\/index.php\/produkt\/zawieszka-do-auta-stopka-personalizacja\/","og_site_name":"Drewniana Magia","article_publisher":"https:\/\/facebook.com\/BelasDrewnianaMagia","article_modified_time":"2026-04-01T16:34:10+00:00","og_image":[{"width":1500,"height":1500,"url":"https:\/\/www.drewnianamagia.pl\/wp-content\/uploads\/2024\/02\/zawieszka-stopka-projekt.png","type":"image\/png"}],"twitter_card":"summary_large_image","twitter_misc":{"Szacowany czas czytania":"2 minuty"},"schema":{"@context":"https:\/\/schema.org","@graph":[{"@type":"WebPage","@id":"https:\/\/www.drewnianamagia.pl\/index.php\/produkt\/zawieszka-do-auta-stopka-personalizacja\/","url":"https:\/\/www.drewnianamagia.pl\/index.php\/produkt\/zawieszka-do-auta-stopka-personalizacja\/","name":"Zawieszka do auta - st\u00f3pka - personalizacja - Drewniana Magia","isPartOf":{"@id":"https:\/\/www.drewnianamagia.pl\/#website"},"primaryImageOfPage":{"@id":"https:\/\/www.drewnianamagia.pl\/index.php\/produkt\/zawieszka-do-auta-stopka-personalizacja\/#primaryimage"},"image":{"@id":"https:\/\/www.drewnianamagia.pl\/index.php\/produkt\/zawieszka-do-auta-stopka-personalizacja\/#primaryimage"},"thumbnailUrl":"https:\/\/www.drewnianamagia.pl\/wp-content\/uploads\/2024\/02\/zawieszka-stopka-projekt.png","datePublished":"2024-02-05T14:30:45+00:00","dateModified":"2026-04-01T16:34:10+00:00","description":"Personalizowana zawieszka do auta w kszta\u0142cie dzieci\u0119cej st\u00f3pki. Wyra\u017a swoj\u0105 trosk\u0119 i mi\u0142o\u015b\u0107 dowolnie personalizuj\u0105c ten produkt.","breadcrumb":{"@id":"https:\/\/www.drewnianamagia.pl\/index.php\/produkt\/zawieszka-do-auta-stopka-personalizacja\/#breadcrumb"},"inLanguage":"pl-PL","potentialAction":[{"@type":"ReadAction","target":["https:\/\/www.drewnianamagia.pl\/index.php\/produkt\/zawieszka-do-auta-stopka-personalizacja\/"]}]},{"@type":"ImageObject","inLanguage":"pl-PL","@id":"https:\/\/www.drewnianamagia.pl\/index.php\/produkt\/zawieszka-do-auta-stopka-personalizacja\/#primaryimage","url":"https:\/\/www.drewnianamagia.pl\/wp-content\/uploads\/2024\/02\/zawieszka-stopka-projekt.png","contentUrl":"https:\/\/www.drewnianamagia.pl\/wp-content\/uploads\/2024\/02\/zawieszka-stopka-projekt.png","width":1500,"height":1500,"caption":"Zawieszki do auta"},{"@type":"BreadcrumbList","@id":"https:\/\/www.drewnianamagia.pl\/index.php\/produkt\/zawieszka-do-auta-stopka-personalizacja\/#breadcrumb","itemListElement":[{"@type":"ListItem","position":1,"name":"Strona g\u0142\u00f3wna","item":"https:\/\/www.drewnianamagia.pl\/"},{"@type":"ListItem","position":2,"name":"Sklep","item":"https:\/\/www.drewnianamagia.pl\/index.php\/sklep-internetowy-drewnianamagia\/"},{"@type":"ListItem","position":3,"name":"Zawieszka do auta &#8211; st\u00f3pka &#8211; personalizacja"}]},{"@type":"WebSite","@id":"https:\/\/www.drewnianamagia.pl\/#website","url":"https:\/\/www.drewnianamagia.pl\/","name":"Drewniana Magia","description":"Personalizowane prezenty i dekoracje z drewna i druku 3D, na ka\u017cd\u0105 okazj\u0119 i okoliczno\u015b\u0107. Urodziny, Chrzest, Przyj\u0119cie, \u015awi\u0119ta, \u015alub","publisher":{"@id":"https:\/\/www.drewnianamagia.pl\/#organization"},"potentialAction":[{"@type":"SearchAction","target":{"@type":"EntryPoint","urlTemplate":"https:\/\/www.drewnianamagia.pl\/?s={search_term_string}"},"query-input":{"@type":"PropertyValueSpecification","valueRequired":true,"valueName":"search_term_string"}}],"inLanguage":"pl-PL"},{"@type":"Organization","@id":"https:\/\/www.drewnianamagia.pl\/#organization","name":"Drewniana Magia","url":"https:\/\/www.drewnianamagia.pl\/","logo":{"@type":"ImageObject","inLanguage":"pl-PL","@id":"https:\/\/www.drewnianamagia.pl\/#\/schema\/logo\/image\/","url":"https:\/\/www.drewnianamagia.pl\/wp-content\/uploads\/2024\/02\/cropped-LOGO-DrewnianaMagia-375x188-1.png","contentUrl":"https:\/\/www.drewnianamagia.pl\/wp-content\/uploads\/2024\/02\/cropped-LOGO-DrewnianaMagia-375x188-1.png","width":374,"height":188,"caption":"Drewniana Magia"},"image":{"@id":"https:\/\/www.drewnianamagia.pl\/#\/schema\/logo\/image\/"},"sameAs":["https:\/\/facebook.com\/BelasDrewnianaMagia"]}]}},"_links":{"self":[{"href":"https:\/\/www.drewnianamagia.pl\/index.php\/wp-json\/wp\/v2\/product\/1884","targetHints":{"allow":["GET"]}}],"collection":[{"href":"https:\/\/www.drewnianamagia.pl\/index.php\/wp-json\/wp\/v2\/product"}],"about":[{"href":"https:\/\/www.drewnianamagia.pl\/index.php\/wp-json\/wp\/v2\/types\/product"}],"replies":[{"embeddable":true,"href":"https:\/\/www.drewnianamagia.pl\/index.php\/wp-json\/wp\/v2\/comments?post=1884"}],"wp:featuredmedia":[{"embeddable":true,"href":"https:\/\/www.drewnianamagia.pl\/index.php\/wp-json\/wp\/v2\/media\/1846"}],"wp:attachment":[{"href":"https:\/\/www.drewnianamagia.pl\/index.php\/wp-json\/wp\/v2\/media?parent=1884"}],"wp:term":[{"taxonomy":"product_brand","embeddable":true,"href":"https:\/\/www.drewnianamagia.pl\/index.php\/wp-json\/wp\/v2\/product_brand?post=1884"},{"taxonomy":"product_cat","embeddable":true,"href":"https:\/\/www.drewnianamagia.pl\/index.php\/wp-json\/wp\/v2\/product_cat?post=1884"},{"taxonomy":"product_tag","embeddable":true,"href":"https:\/\/www.drewnianamagia.pl\/index.php\/wp-json\/wp\/v2\/product_tag?post=1884"}],"curies":[{"name":"wp","href":"https:\/\/api.w.org\/{rel}","templated":true}]}}