{"id":1065,"date":"2023-10-18T15:12:54","date_gmt":"2023-10-18T13:12:54","guid":{"rendered":"https:\/\/www.drewnianamagia.pl\/?post_type=product&#038;p=1065"},"modified":"2024-12-13T12:27:38","modified_gmt":"2024-12-13T11:27:38","slug":"bombka-drewniana-choinka-i-snieznynki-b001","status":"publish","type":"product","link":"https:\/\/www.drewnianamagia.pl\/index.php\/produkt\/bombka-drewniana-choinka-i-snieznynki-b001\/","title":{"rendered":"Bombka drewniana choinka i \u015bnie\u017cnynki B001"},"content":{"rendered":"<h6><strong>Bombka drewniana okr\u0105g\u0142a &#8211; choinka i \u015bnie\u017cynki<\/strong><\/h6>\n<p>Prezentujemy wyj\u0105tkow\u0105 drewnian\u0105 bombk\u0119 choinkow\u0105 &#8211; idealn\u0105 ozdob\u0119 \u015bwi\u0105teczn\u0105. T\u0105 urocz\u0105 bombk\u0119 wykonujemy z najwy\u017cszej jako\u015bci sklejki topolowo-lipowej, gwarantuj\u0105c trwa\u0142o\u015b\u0107 i elegancj\u0119.<\/p>\n<p>Bombka ma niesamowicie cienk\u0105 grubo\u015b\u0107, wynosz\u0105c\u0105 jedynie 3mm, co sprawia, \u017ce jest ona niezwykle lekka i delikatna. Jej okr\u0105g\u0142a forma o \u015brednicy oko\u0142o 8cm nadaje choince wyj\u0105tkowego uroku, przyci\u0105gaj\u0105c wzrok swoim naturalnym urokiem.<\/p>\n<p>Co sprawia, \u017ce nasza bombka jest jeszcze bardziej wyj\u0105tkowa? To r\u0119czny szlif, kt\u00f3ry nadaje jej g\u0142adk\u0105, estetyczn\u0105 powierzchni\u0119, dzi\u0119ki czemu ka\u017cdy egzemplarz jest unikalny i doskonale wyko\u0144czony.<\/p>\n<p>W ramach naszej oferty do ka\u017cdej sprzedanej bombki do\u0142\u0105czamy 15cm sznurka jutowego, kt\u00f3ry umo\u017cliwia \u0142atwe zawieszenie bombki na choince. Dzi\u0119ki temu nasza ozdoba stanie si\u0119 nie tylko pi\u0119knym elementem dekoracji \u015bwi\u0105tecznej, ale tak\u017ce osobistym akcentem w Twoim wn\u0119trzu.<\/p>\n<p>Nie czekaj d\u0142u\u017cej &#8211; ta drewniana bombka to doskona\u0142y wyb\u00f3r, aby wprowadzi\u0107 ciep\u0142o i naturalny urok do Twojego domu na czas \u015bwi\u0105t Bo\u017cego Narodzenia. Zam\u00f3w j\u0105 ju\u017c teraz i ciesz si\u0119 niezwyk\u0142\u0105 atmosfer\u0105 \u015bwi\u0105t razem z naszym produktem.<\/p>\n","protected":false},"excerpt":{"rendered":"<p>Bombka drewniana okr\u0105g\u0142a &#8211; choinka i \u015bnie\u017cynki Prezentujemy wyj\u0105tkow\u0105 drewnian\u0105 bombk\u0119 choinkow\u0105 &#8211; idealn\u0105 ozdob\u0119 \u015bwi\u0105teczn\u0105. T\u0105 urocz\u0105 bombk\u0119 wykonujemy z najwy\u017cszej jako\u015bci sklejki topolowo-lipowej, gwarantuj\u0105c trwa\u0142o\u015b\u0107 i elegancj\u0119. Bombka ma niesamowicie cienk\u0105 grubo\u015b\u0107, wynosz\u0105c\u0105 jedynie 3mm, co sprawia, \u017ce jest ona niezwykle lekka i delikatna. Jej okr\u0105g\u0142a forma o \u015brednicy oko\u0142o 8cm nadaje choince [&hellip;]<\/p>\n","protected":false},"featured_media":1062,"comment_status":"open","ping_status":"closed","template":"","meta":{"_acf_changed":false},"product_brand":[],"product_cat":[151,95,49],"product_tag":[86,55,77],"class_list":{"0":"post-1065","1":"product","2":"type-product","3":"status-publish","4":"has-post-thumbnail","6":"product_cat-bombki","7":"product_cat-boze-narodzenie","8":"product_cat-dekoracje","9":"product_tag-ozdoby-choinkowe","10":"product_tag-prezent","11":"product_tag-swieta","13":"first","14":"instock","15":"taxable","16":"shipping-taxable","17":"purchasable","18":"product-type-simple"},"acf":[],"yoast_head":"<!-- This site is optimized with the Yoast SEO plugin v27.5 - https:\/\/yoast.com\/product\/yoast-seo-wordpress\/ -->\n<title>Bombka drewniana choinka i \u015bnie\u017cnynki B001 - Drewniana Magia<\/title>\n<meta name=\"description\" content=\"Bombka drewniana wykonana z wysokiej jako\u015bci sklejki topolowo-lipowej. Lekka i delikatna a zarazem wytrzyma\u0142a. Wspania\u0142a ozdoba \u015bwi\u0105t.\" \/>\n<meta name=\"robots\" content=\"index, follow, max-snippet:-1, max-image-preview:large, max-video-preview:-1\" \/>\n<link rel=\"canonical\" href=\"https:\/\/www.drewnianamagia.pl\/index.php\/produkt\/bombka-drewniana-choinka-i-snieznynki-b001\/\" \/>\n<meta property=\"og:locale\" content=\"pl_PL\" \/>\n<meta property=\"og:type\" content=\"article\" \/>\n<meta property=\"og:title\" content=\"Bombka drewniana choinka i \u015bnie\u017cnynki B001 - Drewniana Magia\" \/>\n<meta property=\"og:description\" content=\"Bombka drewniana wykonana z wysokiej jako\u015bci sklejki topolowo-lipowej. Lekka i delikatna a zarazem wytrzyma\u0142a. Wspania\u0142a ozdoba \u015bwi\u0105t.\" \/>\n<meta property=\"og:url\" content=\"https:\/\/www.drewnianamagia.pl\/index.php\/produkt\/bombka-drewniana-choinka-i-snieznynki-b001\/\" \/>\n<meta property=\"og:site_name\" content=\"Drewniana Magia\" \/>\n<meta property=\"article:publisher\" content=\"https:\/\/facebook.com\/BelasDrewnianaMagia\" \/>\n<meta property=\"article:modified_time\" content=\"2024-12-13T11:27:38+00:00\" \/>\n<meta property=\"og:image\" content=\"https:\/\/www.drewnianamagia.pl\/wp-content\/uploads\/2023\/10\/bombka-drewniana-8cm-01.png\" \/>\n\t<meta property=\"og:image:width\" content=\"500\" \/>\n\t<meta property=\"og:image:height\" content=\"500\" \/>\n\t<meta property=\"og:image:type\" content=\"image\/png\" \/>\n<meta name=\"twitter:card\" content=\"summary_large_image\" \/>\n<meta name=\"twitter:label1\" content=\"Szacowany czas czytania\" \/>\n\t<meta name=\"twitter:data1\" content=\"1 minuta\" \/>\n<script type=\"application\/ld+json\" class=\"yoast-schema-graph\">{\"@context\":\"https:\\\/\\\/schema.org\",\"@graph\":[{\"@type\":\"WebPage\",\"@id\":\"https:\\\/\\\/www.drewnianamagia.pl\\\/index.php\\\/produkt\\\/bombka-drewniana-choinka-i-snieznynki-b001\\\/\",\"url\":\"https:\\\/\\\/www.drewnianamagia.pl\\\/index.php\\\/produkt\\\/bombka-drewniana-choinka-i-snieznynki-b001\\\/\",\"name\":\"Bombka drewniana choinka i \u015bnie\u017cnynki B001 - Drewniana Magia\",\"isPartOf\":{\"@id\":\"https:\\\/\\\/www.drewnianamagia.pl\\\/#website\"},\"primaryImageOfPage\":{\"@id\":\"https:\\\/\\\/www.drewnianamagia.pl\\\/index.php\\\/produkt\\\/bombka-drewniana-choinka-i-snieznynki-b001\\\/#primaryimage\"},\"image\":{\"@id\":\"https:\\\/\\\/www.drewnianamagia.pl\\\/index.php\\\/produkt\\\/bombka-drewniana-choinka-i-snieznynki-b001\\\/#primaryimage\"},\"thumbnailUrl\":\"https:\\\/\\\/www.drewnianamagia.pl\\\/wp-content\\\/uploads\\\/2023\\\/10\\\/bombka-drewniana-8cm-01.png\",\"datePublished\":\"2023-10-18T13:12:54+00:00\",\"dateModified\":\"2024-12-13T11:27:38+00:00\",\"description\":\"Bombka drewniana wykonana z wysokiej jako\u015bci sklejki topolowo-lipowej. Lekka i delikatna a zarazem wytrzyma\u0142a. Wspania\u0142a ozdoba \u015bwi\u0105t.\",\"breadcrumb\":{\"@id\":\"https:\\\/\\\/www.drewnianamagia.pl\\\/index.php\\\/produkt\\\/bombka-drewniana-choinka-i-snieznynki-b001\\\/#breadcrumb\"},\"inLanguage\":\"pl-PL\",\"potentialAction\":[{\"@type\":\"ReadAction\",\"target\":[\"https:\\\/\\\/www.drewnianamagia.pl\\\/index.php\\\/produkt\\\/bombka-drewniana-choinka-i-snieznynki-b001\\\/\"]}]},{\"@type\":\"ImageObject\",\"inLanguage\":\"pl-PL\",\"@id\":\"https:\\\/\\\/www.drewnianamagia.pl\\\/index.php\\\/produkt\\\/bombka-drewniana-choinka-i-snieznynki-b001\\\/#primaryimage\",\"url\":\"https:\\\/\\\/www.drewnianamagia.pl\\\/wp-content\\\/uploads\\\/2023\\\/10\\\/bombka-drewniana-8cm-01.png\",\"contentUrl\":\"https:\\\/\\\/www.drewnianamagia.pl\\\/wp-content\\\/uploads\\\/2023\\\/10\\\/bombka-drewniana-8cm-01.png\",\"width\":500,\"height\":500,\"caption\":\"bombka drewniana - choinka i \u015bnie\u017cynki\"},{\"@type\":\"BreadcrumbList\",\"@id\":\"https:\\\/\\\/www.drewnianamagia.pl\\\/index.php\\\/produkt\\\/bombka-drewniana-choinka-i-snieznynki-b001\\\/#breadcrumb\",\"itemListElement\":[{\"@type\":\"ListItem\",\"position\":1,\"name\":\"Strona g\u0142\u00f3wna\",\"item\":\"https:\\\/\\\/www.drewnianamagia.pl\\\/\"},{\"@type\":\"ListItem\",\"position\":2,\"name\":\"Sklep\",\"item\":\"https:\\\/\\\/www.drewnianamagia.pl\\\/index.php\\\/sklep-internetowy-drewnianamagia\\\/\"},{\"@type\":\"ListItem\",\"position\":3,\"name\":\"Bombka drewniana choinka i \u015bnie\u017cnynki B001\"}]},{\"@type\":\"WebSite\",\"@id\":\"https:\\\/\\\/www.drewnianamagia.pl\\\/#website\",\"url\":\"https:\\\/\\\/www.drewnianamagia.pl\\\/\",\"name\":\"Drewniana Magia\",\"description\":\"Personalizowane prezenty i dekoracje z drewna i druku 3D, na ka\u017cd\u0105 okazj\u0119 i okoliczno\u015b\u0107. Urodziny, Chrzest, Przyj\u0119cie, \u015awi\u0119ta, \u015alub\",\"publisher\":{\"@id\":\"https:\\\/\\\/www.drewnianamagia.pl\\\/#organization\"},\"potentialAction\":[{\"@type\":\"SearchAction\",\"target\":{\"@type\":\"EntryPoint\",\"urlTemplate\":\"https:\\\/\\\/www.drewnianamagia.pl\\\/?s={search_term_string}\"},\"query-input\":{\"@type\":\"PropertyValueSpecification\",\"valueRequired\":true,\"valueName\":\"search_term_string\"}}],\"inLanguage\":\"pl-PL\"},{\"@type\":\"Organization\",\"@id\":\"https:\\\/\\\/www.drewnianamagia.pl\\\/#organization\",\"name\":\"Drewniana Magia\",\"url\":\"https:\\\/\\\/www.drewnianamagia.pl\\\/\",\"logo\":{\"@type\":\"ImageObject\",\"inLanguage\":\"pl-PL\",\"@id\":\"https:\\\/\\\/www.drewnianamagia.pl\\\/#\\\/schema\\\/logo\\\/image\\\/\",\"url\":\"https:\\\/\\\/www.drewnianamagia.pl\\\/wp-content\\\/uploads\\\/2024\\\/02\\\/cropped-LOGO-DrewnianaMagia-375x188-1.png\",\"contentUrl\":\"https:\\\/\\\/www.drewnianamagia.pl\\\/wp-content\\\/uploads\\\/2024\\\/02\\\/cropped-LOGO-DrewnianaMagia-375x188-1.png\",\"width\":374,\"height\":188,\"caption\":\"Drewniana Magia\"},\"image\":{\"@id\":\"https:\\\/\\\/www.drewnianamagia.pl\\\/#\\\/schema\\\/logo\\\/image\\\/\"},\"sameAs\":[\"https:\\\/\\\/facebook.com\\\/BelasDrewnianaMagia\"]}]}<\/script>\n<!-- \/ Yoast SEO plugin. -->","yoast_head_json":{"title":"Bombka drewniana choinka i \u015bnie\u017cnynki B001 - Drewniana Magia","description":"Bombka drewniana wykonana z wysokiej jako\u015bci sklejki topolowo-lipowej. Lekka i delikatna a zarazem wytrzyma\u0142a. Wspania\u0142a ozdoba \u015bwi\u0105t.","robots":{"index":"index","follow":"follow","max-snippet":"max-snippet:-1","max-image-preview":"max-image-preview:large","max-video-preview":"max-video-preview:-1"},"canonical":"https:\/\/www.drewnianamagia.pl\/index.php\/produkt\/bombka-drewniana-choinka-i-snieznynki-b001\/","og_locale":"pl_PL","og_type":"article","og_title":"Bombka drewniana choinka i \u015bnie\u017cnynki B001 - Drewniana Magia","og_description":"Bombka drewniana wykonana z wysokiej jako\u015bci sklejki topolowo-lipowej. Lekka i delikatna a zarazem wytrzyma\u0142a. Wspania\u0142a ozdoba \u015bwi\u0105t.","og_url":"https:\/\/www.drewnianamagia.pl\/index.php\/produkt\/bombka-drewniana-choinka-i-snieznynki-b001\/","og_site_name":"Drewniana Magia","article_publisher":"https:\/\/facebook.com\/BelasDrewnianaMagia","article_modified_time":"2024-12-13T11:27:38+00:00","og_image":[{"width":500,"height":500,"url":"https:\/\/www.drewnianamagia.pl\/wp-content\/uploads\/2023\/10\/bombka-drewniana-8cm-01.png","type":"image\/png"}],"twitter_card":"summary_large_image","twitter_misc":{"Szacowany czas czytania":"1 minuta"},"schema":{"@context":"https:\/\/schema.org","@graph":[{"@type":"WebPage","@id":"https:\/\/www.drewnianamagia.pl\/index.php\/produkt\/bombka-drewniana-choinka-i-snieznynki-b001\/","url":"https:\/\/www.drewnianamagia.pl\/index.php\/produkt\/bombka-drewniana-choinka-i-snieznynki-b001\/","name":"Bombka drewniana choinka i \u015bnie\u017cnynki B001 - Drewniana Magia","isPartOf":{"@id":"https:\/\/www.drewnianamagia.pl\/#website"},"primaryImageOfPage":{"@id":"https:\/\/www.drewnianamagia.pl\/index.php\/produkt\/bombka-drewniana-choinka-i-snieznynki-b001\/#primaryimage"},"image":{"@id":"https:\/\/www.drewnianamagia.pl\/index.php\/produkt\/bombka-drewniana-choinka-i-snieznynki-b001\/#primaryimage"},"thumbnailUrl":"https:\/\/www.drewnianamagia.pl\/wp-content\/uploads\/2023\/10\/bombka-drewniana-8cm-01.png","datePublished":"2023-10-18T13:12:54+00:00","dateModified":"2024-12-13T11:27:38+00:00","description":"Bombka drewniana wykonana z wysokiej jako\u015bci sklejki topolowo-lipowej. Lekka i delikatna a zarazem wytrzyma\u0142a. Wspania\u0142a ozdoba \u015bwi\u0105t.","breadcrumb":{"@id":"https:\/\/www.drewnianamagia.pl\/index.php\/produkt\/bombka-drewniana-choinka-i-snieznynki-b001\/#breadcrumb"},"inLanguage":"pl-PL","potentialAction":[{"@type":"ReadAction","target":["https:\/\/www.drewnianamagia.pl\/index.php\/produkt\/bombka-drewniana-choinka-i-snieznynki-b001\/"]}]},{"@type":"ImageObject","inLanguage":"pl-PL","@id":"https:\/\/www.drewnianamagia.pl\/index.php\/produkt\/bombka-drewniana-choinka-i-snieznynki-b001\/#primaryimage","url":"https:\/\/www.drewnianamagia.pl\/wp-content\/uploads\/2023\/10\/bombka-drewniana-8cm-01.png","contentUrl":"https:\/\/www.drewnianamagia.pl\/wp-content\/uploads\/2023\/10\/bombka-drewniana-8cm-01.png","width":500,"height":500,"caption":"bombka drewniana - choinka i \u015bnie\u017cynki"},{"@type":"BreadcrumbList","@id":"https:\/\/www.drewnianamagia.pl\/index.php\/produkt\/bombka-drewniana-choinka-i-snieznynki-b001\/#breadcrumb","itemListElement":[{"@type":"ListItem","position":1,"name":"Strona g\u0142\u00f3wna","item":"https:\/\/www.drewnianamagia.pl\/"},{"@type":"ListItem","position":2,"name":"Sklep","item":"https:\/\/www.drewnianamagia.pl\/index.php\/sklep-internetowy-drewnianamagia\/"},{"@type":"ListItem","position":3,"name":"Bombka drewniana choinka i \u015bnie\u017cnynki B001"}]},{"@type":"WebSite","@id":"https:\/\/www.drewnianamagia.pl\/#website","url":"https:\/\/www.drewnianamagia.pl\/","name":"Drewniana Magia","description":"Personalizowane prezenty i dekoracje z drewna i druku 3D, na ka\u017cd\u0105 okazj\u0119 i okoliczno\u015b\u0107. Urodziny, Chrzest, Przyj\u0119cie, \u015awi\u0119ta, \u015alub","publisher":{"@id":"https:\/\/www.drewnianamagia.pl\/#organization"},"potentialAction":[{"@type":"SearchAction","target":{"@type":"EntryPoint","urlTemplate":"https:\/\/www.drewnianamagia.pl\/?s={search_term_string}"},"query-input":{"@type":"PropertyValueSpecification","valueRequired":true,"valueName":"search_term_string"}}],"inLanguage":"pl-PL"},{"@type":"Organization","@id":"https:\/\/www.drewnianamagia.pl\/#organization","name":"Drewniana Magia","url":"https:\/\/www.drewnianamagia.pl\/","logo":{"@type":"ImageObject","inLanguage":"pl-PL","@id":"https:\/\/www.drewnianamagia.pl\/#\/schema\/logo\/image\/","url":"https:\/\/www.drewnianamagia.pl\/wp-content\/uploads\/2024\/02\/cropped-LOGO-DrewnianaMagia-375x188-1.png","contentUrl":"https:\/\/www.drewnianamagia.pl\/wp-content\/uploads\/2024\/02\/cropped-LOGO-DrewnianaMagia-375x188-1.png","width":374,"height":188,"caption":"Drewniana Magia"},"image":{"@id":"https:\/\/www.drewnianamagia.pl\/#\/schema\/logo\/image\/"},"sameAs":["https:\/\/facebook.com\/BelasDrewnianaMagia"]}]}},"_links":{"self":[{"href":"https:\/\/www.drewnianamagia.pl\/index.php\/wp-json\/wp\/v2\/product\/1065","targetHints":{"allow":["GET"]}}],"collection":[{"href":"https:\/\/www.drewnianamagia.pl\/index.php\/wp-json\/wp\/v2\/product"}],"about":[{"href":"https:\/\/www.drewnianamagia.pl\/index.php\/wp-json\/wp\/v2\/types\/product"}],"replies":[{"embeddable":true,"href":"https:\/\/www.drewnianamagia.pl\/index.php\/wp-json\/wp\/v2\/comments?post=1065"}],"wp:featuredmedia":[{"embeddable":true,"href":"https:\/\/www.drewnianamagia.pl\/index.php\/wp-json\/wp\/v2\/media\/1062"}],"wp:attachment":[{"href":"https:\/\/www.drewnianamagia.pl\/index.php\/wp-json\/wp\/v2\/media?parent=1065"}],"wp:term":[{"taxonomy":"product_brand","embeddable":true,"href":"https:\/\/www.drewnianamagia.pl\/index.php\/wp-json\/wp\/v2\/product_brand?post=1065"},{"taxonomy":"product_cat","embeddable":true,"href":"https:\/\/www.drewnianamagia.pl\/index.php\/wp-json\/wp\/v2\/product_cat?post=1065"},{"taxonomy":"product_tag","embeddable":true,"href":"https:\/\/www.drewnianamagia.pl\/index.php\/wp-json\/wp\/v2\/product_tag?post=1065"}],"curies":[{"name":"wp","href":"https:\/\/api.w.org\/{rel}","templated":true}]}}